-- https://www.phpmyadmin.net/
--
-- Anamakine: localhost:3306
-- Üretim Zamanı: 17 Nis 2024, 16:13:31
-- Sunucu sürümü: 10.3.39-MariaDB-cll-lve
-- PHP Sürümü: 8.1.16

START TRANSACTION;



--
-- Veritabanı: `pedantecom_eticv7`
--

-- --------------------------------------------------------

--
-- Tablo için tablo yapısı `activations`
--

CREATE TABLE `activations` (
  `id` bigint(20) UNSIGNED NOT NULL,
  `user_id` int(10) UNSIGNED NOT NULL,
  `code` varchar(120) NOT NULL,
  `completed` tinyint(1) NOT NULL DEFAULT 0,
  `completed_at` timestamp NULL DEFAULT NULL,
  `created_at` timestamp NULL DEFAULT NULL,
  `updated_at` timestamp NULL DEFAULT NULL
) ENGINE=InnoDB DEFAULT CHARSET=utf8mb4 COLLATE=utf8mb4_unicode_ci;

--
-- Tablo döküm verisi `activations`
--

INSERT INTO `activations` (`id`, `user_id`, `code`, `completed`, `completed_at`, `created_at`, `updated_at`) VALUES
(1, 1, 'ImFrOoHWuiTLUf03hrhakPXvKFji0mC7', 1, '2021-08-24 08:00:27', '2021-08-24 08:00:27', '2021-08-24 08:00:27');

-- --------------------------------------------------------

--
-- Tablo için tablo yapısı `ads`
--

CREATE TABLE `ads` (
  `id` bigint(20) UNSIGNED NOT NULL,
  `name` varchar(255) NOT NULL,
  `expired_at` datetime DEFAULT NULL,
  `location` varchar(120) DEFAULT NULL,
  `key` varchar(120) NOT NULL,
  `image` varchar(255) DEFAULT NULL,
  `url` varchar(255) DEFAULT NULL,
  `clicked` bigint(20) NOT NULL DEFAULT 0,
  `order` int(11) DEFAULT 0,
  `status` varchar(60) NOT NULL DEFAULT 'published',
  `created_at` timestamp NULL DEFAULT NULL,
  `updated_at` timestamp NULL DEFAULT NULL
) ENGINE=InnoDB DEFAULT CHARSET=utf8mb4 COLLATE=utf8mb4_unicode_ci;

--
-- Tablo döküm verisi `ads`
--

INSERT INTO `ads` (`id`, `name`, `expired_at`, `location`, `key`, `image`, `url`, `clicked`, `order`, `status`, `created_at`, `updated_at`) VALUES
(1, 'Apple', '2026-08-24 00:00:00', 'not_set', 'IZ6WU8KUALYD', 'promotion/1.png', '/urun-kategorileri/telefon-aksesuarlari', 97, 1, 'published', '2021-08-24 08:00:33', '2022-04-10 21:31:27'),
(2, 'Fotoğraf & Kamera', '2026-08-24 00:00:00', 'not_set', 'ILSFJVYFGCPZ', 'promotion/2.png', '/urun-kategorileri/fotograf-kamera', 72, 0, 'published', '2021-08-24 08:00:33', '2022-04-10 21:30:09'),
(3, 'Bilgisayar & Tablet', '2026-08-24 00:00:00', 'not_set', 'ILSDKVYFGXPH', 'promotion/3.png', '/urun-kategorileri/bilgisayar', 76, 3, 'published', '2021-08-24 08:00:33', '2022-04-12 21:41:38'),
(7, 'İpad Mini', '2026-11-19 00:00:00', 'not_set', 'MERISTDNVE83', 'general/ipad-reklam.jpg', NULL, 0, 0, 'published', '2021-10-26 20:06:56', '2021-10-28 10:41:08');

-- --------------------------------------------------------

--
-- Tablo için tablo yapısı `ads_translations`
--

CREATE TABLE `ads_translations` (
  `lang_code` varchar(191) NOT NULL,
  `ads_id` int(11) NOT NULL,
  `name` varchar(255) DEFAULT NULL,
  `image` varchar(255) DEFAULT NULL,
  `url` varchar(255) DEFAULT NULL
) ENGINE=InnoDB DEFAULT CHARSET=utf8mb4 COLLATE=utf8mb4_unicode_ci;

-- --------------------------------------------------------

--
-- Tablo için tablo yapısı `audit_histories`
--

CREATE TABLE `audit_histories` (
  `id` bigint(20) UNSIGNED NOT NULL,
  `user_id` int(10) UNSIGNED NOT NULL,
  `module` varchar(60) NOT NULL,
  `request` text DEFAULT NULL,
  `action` varchar(120) NOT NULL,
  `user_agent` text DEFAULT NULL,
  `ip_address` varchar(39) DEFAULT NULL,
  `reference_user` int(10) UNSIGNED NOT NULL,
  `reference_id` int(10) UNSIGNED NOT NULL,
  `reference_name` varchar(255) NOT NULL,
  `type` varchar(20) NOT NULL,
  `created_at` timestamp NULL DEFAULT NULL,
  `updated_at` timestamp NULL DEFAULT NULL
) ENGINE=InnoDB DEFAULT CHARSET=utf8mb4 COLLATE=utf8mb4_unicode_ci;

--
-- Tablo döküm verisi `audit_histories`
--

INSERT INTO `audit_histories` (`id`, `user_id`, `module`, `request`, `action`, `user_agent`, `ip_address`, `reference_user`, `reference_id`, `reference_name`, `type`, `created_at`, `updated_at`) VALUES
(1, 1, 'user', '{\"first_name\":\"Sistem Y\\u00f6netici\",\"last_name\":\"Admin\",\"email\":\"admin@admin.com\",\"submit\":\"submit\"}', 'updated', 'Mozilla/5.0 (Windows NT 10.0; Win64; x64) AppleWebKit/537.36 (KHTML, like Gecko) Chrome/100.0.4896.75 Safari/537.36', '88.227.88.104', 1, 1, 'Sistem Yönetici Admin', 'primary', '2022-04-12 13:46:11', '2022-04-12 13:46:11'),
(2, 1, 'user', '{\"first_name\":\"Sistem Y\\u00f6neticisi\",\"last_name\":\"Admin\",\"email\":\"admin@admin.com\",\"submit\":\"submit\"}', 'updated', 'Mozilla/5.0 (Windows NT 10.0; Win64; x64) AppleWebKit/537.36 (KHTML, like Gecko) Chrome/100.0.4896.75 Safari/537.36', '88.227.88.104', 1, 1, 'Sistem Yöneticisi Admin', 'primary', '2022-04-12 13:46:15', '2022-04-12 13:46:15'),
(3, 1, 'user', '{\"first_name\":\"Sistem\",\"last_name\":\"Y\\u00f6neticisi\",\"email\":\"admin@admin.com\",\"submit\":\"submit\"}', 'updated', 'Mozilla/5.0 (Windows NT 10.0; Win64; x64) AppleWebKit/537.36 (KHTML, like Gecko) Chrome/100.0.4896.75 Safari/537.36', '88.227.88.104', 1, 1, 'Sistem Yöneticisi', 'primary', '2022-04-12 13:46:28', '2022-04-12 13:46:28'),
(4, 1, 'to the system', NULL, 'logged in', 'Mozilla/5.0 (X11; Linux x86_64) AppleWebKit/537.36 (KHTML, like Gecko) Chrome/100.0.4896.60 Safari/537.36', '159.146.42.79', 0, 1, 'Sistem Yöneticisi', 'info', '2022-04-13 08:02:22', '2022-04-13 08:02:22'),
(5, 1, 'to the system', NULL, 'logged in', 'Mozilla/5.0 (Windows NT 10.0; Win64; x64) AppleWebKit/537.36 (KHTML, like Gecko) Chrome/100.0.4896.75 Safari/537.36', '88.227.88.104', 0, 1, 'Sistem Yöneticisi', 'info', '2022-04-13 08:02:33', '2022-04-13 08:02:33'),
(6, 1, 'to the system', NULL, 'logged in', 'Mozilla/5.0 (Windows NT 10.0; Win64; x64) AppleWebKit/537.36 (KHTML, like Gecko) Chrome/100.0.4896.75 Safari/537.36', '151.250.161.31', 0, 1, 'Sistem Yöneticisi', 'info', '2022-04-13 08:02:33', '2022-04-13 08:02:33'),
(7, 1, 'of the system', '[]', 'logged out', 'Mozilla/5.0 (Windows NT 10.0; Win64; x64) AppleWebKit/537.36 (KHTML, like Gecko) Chrome/100.0.4896.75 Safari/537.36', '88.227.88.104', 1, 1, 'Sistem Yöneticisi', 'info', '2022-04-13 09:27:27', '2022-04-13 09:27:27'),
(8, 1, 'to the system', NULL, 'logged in', 'Mozilla/5.0 (Windows NT 10.0; Win64; x64) AppleWebKit/537.36 (KHTML, like Gecko) Chrome/100.0.4896.75 Safari/537.36', '88.227.88.104', 0, 1, 'Sistem Yöneticisi', 'info', '2022-04-13 09:28:04', '2022-04-13 09:28:04'),
(9, 1, 'to the system', NULL, 'logged in', 'Mozilla/5.0 (X11; Linux x86_64) AppleWebKit/537.36 (KHTML, like Gecko) Chrome/121.0.0.0 Safari/537.36', '95.70.181.62', 0, 1, 'Sistem Yöneticisi', 'info', '2024-04-05 13:55:45', '2024-04-05 13:55:45'),
(10, 1, 'to the system', NULL, 'logged in', 'Mozilla/5.0 (X11; Linux x86_64) AppleWebKit/537.36 (KHTML, like Gecko) Chrome/121.0.0.0 Safari/537.36', '95.70.181.62', 0, 1, 'Sistem Yöneticisi', 'info', '2024-04-05 18:59:31', '2024-04-05 18:59:31'),
(11, 1, 'to the system', NULL, 'logged in', 'Mozilla/5.0 (X11; Linux x86_64) AppleWebKit/537.36 (KHTML, like Gecko) Chrome/121.0.0.0 Safari/537.36', '95.70.181.62', 0, 1, 'Sistem Yöneticisi', 'info', '2024-04-17 12:12:52', '2024-04-17 12:12:52'),
(12, 1, 'to the system', NULL, 'logged in', 'Mozilla/5.0 (X11; Linux x86_64) AppleWebKit/537.36 (KHTML, like Gecko) Chrome/121.0.0.0 Safari/537.36', '95.70.181.62', 0, 1, 'Sistem Yöneticisi', 'info', '2024-04-17 12:12:52', '2024-04-17 12:12:52');

-- --------------------------------------------------------

--
-- Tablo için tablo yapısı `categories`
--

CREATE TABLE `categories` (
  `id` bigint(20) UNSIGNED NOT NULL,
  `name` varchar(120) NOT NULL,
  `parent_id` int(10) UNSIGNED NOT NULL DEFAULT 0,
  `description` varchar(400) DEFAULT NULL,
  `status` varchar(60) NOT NULL DEFAULT 'published',
  `author_id` int(11) NOT NULL,
  `author_type` varchar(255) NOT NULL DEFAULT 'Botble\\ACL\\Models\\User',
  `icon` varchar(60) DEFAULT NULL,
  `order` tinyint(4) NOT NULL DEFAULT 0,
  `is_featured` tinyint(4) NOT NULL DEFAULT 0,
  `is_default` tinyint(3) UNSIGNED NOT NULL DEFAULT 0,
  `created_at` timestamp NULL DEFAULT NULL,
  `updated_at` timestamp NULL DEFAULT NULL
) ENGINE=InnoDB DEFAULT CHARSET=utf8mb4 COLLATE=utf8mb4_unicode_ci;

--
-- Tablo döküm verisi `categories`
--

INSERT INTO `categories` (`id`, `name`, `parent_id`, `description`, `status`, `author_id`, `author_type`, `icon`, `order`, `is_featured`, `is_default`, `created_at`, `updated_at`) VALUES
(11, 'Genel', 0, NULL, 'published', 1, 'Botble\\ACL\\Models\\User', 'fa fa-home', 0, 0, 1, '2022-04-11 07:36:21', '2022-04-11 07:36:21');

-- --------------------------------------------------------

--
-- Tablo için tablo yapısı `categories_translations`
--

CREATE TABLE `categories_translations` (
  `lang_code` varchar(191) NOT NULL,
  `categories_id` int(11) NOT NULL,
  `name` varchar(255) DEFAULT NULL,
  `description` varchar(400) DEFAULT NULL
) ENGINE=InnoDB DEFAULT CHARSET=utf8mb4 COLLATE=utf8mb4_unicode_ci;

--
-- Tablo döküm verisi `categories_translations`
--

INSERT INTO `categories_translations` (`lang_code`, `categories_id`, `name`, `description`) VALUES
('en_US', 11, 'Genel', NULL);

-- --------------------------------------------------------

--
-- Tablo için tablo yapısı `cities`
--

CREATE TABLE `cities` (
  `id` bigint(20) UNSIGNED NOT NULL,
  `name` varchar(120) NOT NULL,
  `state_id` int(10) UNSIGNED NOT NULL,
  `country_id` int(10) UNSIGNED DEFAULT NULL,
  `record_id` varchar(40) DEFAULT NULL,
  `order` tinyint(4) NOT NULL DEFAULT 0,
  `is_default` tinyint(3) UNSIGNED NOT NULL DEFAULT 0,
  `status` varchar(60) NOT NULL DEFAULT 'published',
  `created_at` timestamp NULL DEFAULT NULL,
  `updated_at` timestamp NULL DEFAULT NULL
) ENGINE=InnoDB DEFAULT CHARSET=utf8mb4 COLLATE=utf8mb4_unicode_ci;

-- --------------------------------------------------------

--
-- Tablo için tablo yapısı `cities_backup`
--

CREATE TABLE `cities_backup` (
  `id` bigint(20) UNSIGNED NOT NULL,
  `name` varchar(120) NOT NULL,
  `state_id` int(10) UNSIGNED NOT NULL,
  `country_id` int(10) UNSIGNED DEFAULT NULL,
  `record_id` varchar(40) DEFAULT NULL,
  `order` tinyint(4) NOT NULL DEFAULT 0,
  `is_default` tinyint(3) UNSIGNED NOT NULL DEFAULT 0,
  `status` varchar(60) NOT NULL DEFAULT 'published',
  `created_at` timestamp NULL DEFAULT NULL,
  `updated_at` timestamp NULL DEFAULT NULL
) ENGINE=InnoDB DEFAULT CHARSET=utf8mb4 COLLATE=utf8mb4_unicode_ci;

-- --------------------------------------------------------

--
-- Tablo için tablo yapısı `cities_translations`
--

CREATE TABLE `cities_translations` (
  `lang_code` varchar(191) NOT NULL,
  `cities_id` int(11) NOT NULL,
  `name` varchar(120) DEFAULT NULL
) ENGINE=InnoDB DEFAULT CHARSET=utf8mb4 COLLATE=utf8mb4_unicode_ci;

-- --------------------------------------------------------

--
-- Tablo için tablo yapısı `contacts`
--

CREATE TABLE `contacts` (
  `id` bigint(20) UNSIGNED NOT NULL,
  `name` varchar(60) NOT NULL,
  `email` varchar(60) NOT NULL,
  `phone` varchar(60) DEFAULT NULL,
  `address` varchar(120) DEFAULT NULL,
  `subject` varchar(120) DEFAULT NULL,
  `content` longtext NOT NULL,
  `status` varchar(60) NOT NULL DEFAULT 'unread',
  `created_at` timestamp NULL DEFAULT NULL,
  `updated_at` timestamp NULL DEFAULT NULL
) ENGINE=InnoDB DEFAULT CHARSET=utf8mb4 COLLATE=utf8mb4_unicode_ci;

--
-- Tablo döküm verisi `contacts`
--

INSERT INTO `contacts` (`id`, `name`, `email`, `phone`, `address`, `subject`, `content`, `status`, `created_at`, `updated_at`) VALUES
(25, 'Demo Müşteri', 'demo@musteri.com', '0533333333', 'Hamidiye Mahallesi Yıldız Sokak İstanbul', 'Test Konu', 'Test mesaj.', 'unread', '2022-04-08 11:47:07', '2022-04-08 11:47:07'),
(26, 'Demo Müşteri', 'demo@musteri.com', '0533333333', 'İstanbul Çekmeköy', 'Örnek Konu', 'Mesaj içeriği', 'unread', '2022-04-08 11:47:41', '2022-04-08 11:47:41');

-- --------------------------------------------------------

--
-- Tablo için tablo yapısı `contact_replies`
--

CREATE TABLE `contact_replies` (
  `id` bigint(20) UNSIGNED NOT NULL,
  `message` longtext NOT NULL,
  `contact_id` int(11) NOT NULL,
  `created_at` timestamp NULL DEFAULT NULL,
  `updated_at` timestamp NULL DEFAULT NULL
) ENGINE=InnoDB DEFAULT CHARSET=utf8mb4 COLLATE=utf8mb4_unicode_ci;

-- --------------------------------------------------------

--
-- Tablo için tablo yapısı `countries`
--

CREATE TABLE `countries` (
  `id` bigint(20) UNSIGNED NOT NULL,
  `name` varchar(120) NOT NULL,
  `nationality` varchar(120) DEFAULT NULL,
  `order` tinyint(4) NOT NULL DEFAULT 0,
  `is_default` tinyint(3) UNSIGNED NOT NULL DEFAULT 0,
  `status` varchar(60) NOT NULL DEFAULT 'published',
  `created_at` timestamp NULL DEFAULT NULL,
  `updated_at` timestamp NULL DEFAULT NULL,
  `code` varchar(10) DEFAULT NULL
) ENGINE=InnoDB DEFAULT CHARSET=utf8mb4 COLLATE=utf8mb4_unicode_ci;

-- --------------------------------------------------------

--
-- Tablo için tablo yapısı `countries_backup`
--

CREATE TABLE `countries_backup` (
  `id` bigint(20) UNSIGNED NOT NULL,
  `name` varchar(120) NOT NULL,
  `nationality` varchar(120) DEFAULT NULL,
  `order` tinyint(4) NOT NULL DEFAULT 0,
  `is_default` tinyint(3) UNSIGNED NOT NULL DEFAULT 0,
  `status` varchar(60) NOT NULL DEFAULT 'published',
  `created_at` timestamp NULL DEFAULT NULL,
  `updated_at` timestamp NULL DEFAULT NULL,
  `code` varchar(10) DEFAULT NULL
) ENGINE=InnoDB DEFAULT CHARSET=utf8mb4 COLLATE=utf8mb4_unicode_ci;

-- --------------------------------------------------------

--
-- Tablo için tablo yapısı `countries_translations`
--

CREATE TABLE `countries_translations` (
  `lang_code` varchar(191) NOT NULL,
  `countries_id` int(11) NOT NULL,
  `name` varchar(120) DEFAULT NULL,
  `nationality` varchar(120) DEFAULT NULL
) ENGINE=InnoDB DEFAULT CHARSET=utf8mb4 COLLATE=utf8mb4_unicode_ci;

-- --------------------------------------------------------

--
-- Tablo için tablo yapısı `dashboard_widgets`
--

CREATE TABLE `dashboard_widgets` (
  `id` bigint(20) UNSIGNED NOT NULL,
  `name` varchar(120) NOT NULL,
  `created_at` timestamp NULL DEFAULT NULL,
  `updated_at` timestamp NULL DEFAULT NULL
) ENGINE=InnoDB DEFAULT CHARSET=utf8mb4 COLLATE=utf8mb4_unicode_ci;

--
-- Tablo döküm verisi `dashboard_widgets`
--

INSERT INTO `dashboard_widgets` (`id`, `name`, `created_at`, `updated_at`) VALUES
(1, 'widget_total_1', '2021-09-01 09:41:48', '2021-09-01 09:41:48'),
(2, 'widget_total_2', '2021-09-01 09:41:48', '2021-09-01 09:41:48'),
(3, 'widget_total_themes', '2021-09-01 09:41:48', '2021-09-01 09:41:48'),
(4, 'widget_total_3', '2021-09-01 09:41:48', '2021-09-01 09:41:48'),
(5, 'widget_total_4', '2021-09-01 09:41:48', '2021-09-01 09:41:48'),
(6, 'widget_total_users', '2021-09-01 09:41:48', '2021-09-01 09:41:48'),
(7, 'widget_total_pages', '2021-09-01 09:41:48', '2021-09-01 09:41:48'),
(8, 'widget_total_plugins', '2021-09-01 09:41:48', '2021-09-01 09:41:48'),
(9, 'widget_analytics_general', '2021-09-01 09:41:48', '2021-09-01 09:41:48'),
(10, 'widget_analytics_page', '2021-09-01 09:41:48', '2021-09-01 09:41:48'),
(11, 'widget_analytics_browser', '2021-09-01 09:41:48', '2021-09-01 09:41:48'),
(12, 'widget_posts_recent', '2021-09-01 09:41:48', '2021-09-01 09:41:48'),
(13, 'widget_analytics_referrer', '2021-09-01 09:41:48', '2021-09-01 09:41:48'),
(14, 'widget_audit_logs', '2021-09-01 09:41:48', '2021-09-01 09:41:48'),
(15, 'widget_ecommerce_report_general', '2021-09-01 09:41:48', '2021-09-01 09:41:48');

-- --------------------------------------------------------

--
-- Tablo için tablo yapısı `dashboard_widget_settings`
--

CREATE TABLE `dashboard_widget_settings` (
  `id` bigint(20) UNSIGNED NOT NULL,
  `settings` text DEFAULT NULL,
  `user_id` int(10) UNSIGNED NOT NULL,
  `widget_id` int(10) UNSIGNED NOT NULL,
  `order` tinyint(3) UNSIGNED NOT NULL DEFAULT 0,
  `status` tinyint(3) UNSIGNED NOT NULL DEFAULT 1,
  `created_at` timestamp NULL DEFAULT NULL,
  `updated_at` timestamp NULL DEFAULT NULL
) ENGINE=InnoDB DEFAULT CHARSET=utf8mb4 COLLATE=utf8mb4_unicode_ci;

-- --------------------------------------------------------

--
-- Tablo için tablo yapısı `ec_brands`
--

CREATE TABLE `ec_brands` (
  `id` bigint(20) UNSIGNED NOT NULL,
  `name` varchar(191) NOT NULL,
  `description` mediumtext DEFAULT NULL,
  `website` varchar(255) DEFAULT NULL,
  `logo` varchar(255) DEFAULT NULL,
  `status` varchar(60) NOT NULL DEFAULT 'published',
  `order` tinyint(3) UNSIGNED NOT NULL DEFAULT 0,
  `is_featured` tinyint(3) UNSIGNED NOT NULL DEFAULT 0,
  `created_at` timestamp NULL DEFAULT NULL,
  `updated_at` timestamp NULL DEFAULT NULL
) ENGINE=InnoDB DEFAULT CHARSET=utf8mb4 COLLATE=utf8mb4_unicode_ci;

--
-- Tablo döküm verisi `ec_brands`
--

INSERT INTO `ec_brands` (`id`, `name`, `description`, `website`, `logo`, `status`, `order`, `is_featured`, `created_at`, `updated_at`) VALUES
(1, 'Karaca', NULL, NULL, 'markalar/featurelist-68-20210107020943.jpg', 'published', 0, 1, '2021-08-24 07:58:09', '2021-10-25 14:11:43'),
(2, 'Philips', NULL, NULL, 'markalar/featurelist-68-20210928191706.jpg', 'published', 1, 1, '2021-08-24 07:58:09', '2021-10-25 14:12:14'),
(3, 'LG', NULL, NULL, 'markalar/featurelist-68-20210928192644.jpg', 'published', 2, 1, '2021-08-24 07:58:09', '2021-10-25 14:12:28'),
(4, 'Grundig', NULL, NULL, 'markalar/featurelist-68-20210929124242.jpg', 'published', 3, 1, '2021-08-24 07:58:09', '2021-10-25 14:12:43'),
(5, 'Dyson', NULL, NULL, 'markalar/featurelist-68-20210928192001.jpg', 'published', 4, 1, '2021-08-24 07:58:09', '2021-10-25 14:12:56'),
(6, 'Arzum', NULL, NULL, 'markalar/featurelist-68-20210928191859.jpg', 'published', 5, 1, '2021-08-24 07:58:09', '2021-10-25 14:13:09'),
(7, 'Adidas', NULL, NULL, 'markalar/featurelist-68-20210406182441.jpg', 'published', 6, 1, '2021-08-24 07:58:09', '2021-10-25 14:13:24'),
(8, 'Anker', NULL, NULL, 'markalar/featurelist-68-20210415151348.jpg', 'published', 0, 0, '2021-10-25 14:03:45', '2021-10-25 14:13:46'),
(9, 'Apple', NULL, NULL, 'markalar/featurelist-68-20210107021619.jpg', 'published', 0, 0, '2021-10-25 14:04:06', '2021-10-25 14:13:59'),
(10, 'Case 4U', NULL, NULL, 'markalar/featurelist-68-20210415151704.jpg', 'published', 0, 0, '2021-10-25 14:04:35', '2021-10-25 14:14:10'),
(11, 'Defacto', NULL, NULL, 'markalar/featurelist-68-20210406182558.jpg', 'published', 0, 0, '2021-10-25 14:04:55', '2021-10-25 14:14:22'),
(12, 'Hummel', NULL, NULL, 'markalar/featurelist-68-20210406182753.jpg', 'published', 0, 0, '2021-10-25 14:05:10', '2021-10-25 14:14:37'),
(13, 'Huawei', NULL, NULL, 'markalar/featurelist-68-20210909161204.jpg', 'published', 0, 0, '2021-10-25 14:05:27', '2021-10-25 14:15:05'),
(14, 'Lenovo', NULL, NULL, 'markalar/featurelist-68-20210625150249.jpg', 'published', 0, 0, '2021-10-25 14:05:51', '2021-10-25 14:15:16'),
(15, 'Koton', NULL, NULL, 'markalar/featurelist-68-20210406182924.jpg', 'published', 0, 0, '2021-10-25 14:06:14', '2021-10-25 14:15:32'),
(16, 'Samsung', NULL, NULL, 'markalar/featurelist-68-20210625150430.jpg', 'published', 0, 0, '2021-10-25 14:06:28', '2021-10-25 14:15:45');

-- --------------------------------------------------------

--
-- Tablo için tablo yapısı `ec_brands_translations`
--

CREATE TABLE `ec_brands_translations` (
  `lang_code` varchar(191) NOT NULL,
  `ec_brands_id` int(11) NOT NULL,
  `name` varchar(191) DEFAULT NULL,
  `description` varchar(191) DEFAULT NULL
) ENGINE=InnoDB DEFAULT CHARSET=utf8mb4 COLLATE=utf8mb4_unicode_ci;

--
-- Tablo döküm verisi `ec_brands_translations`
--

INSERT INTO `ec_brands_translations` (`lang_code`, `ec_brands_id`, `name`, `description`) VALUES
('vi', 1, 'Perxsion', NULL),
('vi', 2, 'Hiching', NULL),
('vi', 3, 'Kepslo', NULL),
('vi', 4, 'Groneba', NULL),
('vi', 5, 'Babian', NULL),
('vi', 6, 'Valorant', NULL),
('vi', 7, 'Pure', NULL);

-- --------------------------------------------------------

--
-- Tablo için tablo yapısı `ec_cart`
--

CREATE TABLE `ec_cart` (
  `identifier` varchar(191) NOT NULL,
  `instance` varchar(191) NOT NULL,
  `content` longtext NOT NULL,
  `created_at` timestamp NULL DEFAULT NULL,
  `updated_at` timestamp NULL DEFAULT NULL
) ENGINE=InnoDB DEFAULT CHARSET=utf8mb4 COLLATE=utf8mb4_unicode_ci;

-- --------------------------------------------------------

--
-- Tablo için tablo yapısı `ec_currencies`
--

CREATE TABLE `ec_currencies` (
  `id` bigint(20) UNSIGNED NOT NULL,
  `title` varchar(191) NOT NULL,
  `symbol` varchar(10) NOT NULL,
  `is_prefix_symbol` tinyint(3) UNSIGNED NOT NULL DEFAULT 0,
  `decimals` tinyint(3) UNSIGNED DEFAULT 0,
  `order` int(10) UNSIGNED DEFAULT 0,
  `is_default` tinyint(4) NOT NULL DEFAULT 0,
  `exchange_rate` double NOT NULL DEFAULT 1,
  `created_at` timestamp NULL DEFAULT NULL,
  `updated_at` timestamp NULL DEFAULT NULL
) ENGINE=InnoDB DEFAULT CHARSET=utf8mb4 COLLATE=utf8mb4_unicode_ci;

--
-- Tablo döküm verisi `ec_currencies`
--

INSERT INTO `ec_currencies` (`id`, `title`, `symbol`, `is_prefix_symbol`, `decimals`, `order`, `is_default`, `exchange_rate`, `created_at`, `updated_at`) VALUES
(1, 'USD', '$', 1, 2, 0, 0, 1, '2021-08-24 07:58:09', '2021-10-25 08:26:51'),
(2, 'EUR', '€', 0, 2, 1, 0, 0.84, '2021-08-24 07:58:09', '2021-08-24 07:58:09'),
(4, 'TL', ' TL', 0, 2, 2, 1, 9.74, '2021-09-08 19:29:08', '2021-10-26 14:07:57');

-- --------------------------------------------------------

--
-- Tablo için tablo yapısı `ec_customers`
--

CREATE TABLE `ec_customers` (
  `id` bigint(20) UNSIGNED NOT NULL,
  `name` varchar(191) NOT NULL,
  `email` varchar(191) NOT NULL,
  `password` varchar(191) NOT NULL,
  `avatar` varchar(255) DEFAULT NULL,
  `dob` date DEFAULT NULL,
  `phone` varchar(25) DEFAULT NULL,
  `remember_token` varchar(100) DEFAULT NULL,
  `created_at` timestamp NULL DEFAULT NULL,
  `updated_at` timestamp NULL DEFAULT NULL,
  `confirmed_at` datetime DEFAULT NULL,
  `email_verify_token` varchar(120) DEFAULT NULL,
  `status` varchar(60) NOT NULL DEFAULT 'activated',
  `tax_no` varchar(255) DEFAULT NULL
) ENGINE=InnoDB DEFAULT CHARSET=utf8mb4 COLLATE=utf8mb4_unicode_ci;

--
-- Tablo döküm verisi `ec_customers`
--

INSERT INTO `ec_customers` (`id`, `name`, `email`, `password`, `avatar`, `dob`, `phone`, `remember_token`, `created_at`, `updated_at`, `confirmed_at`, `email_verify_token`, `status`, `tax_no`) VALUES
(1, 'Örnek Müşteri 1', 'musteri1@siteadi.com', '$2y$10$o0/1PdYmgltrg.mipAjBRO7ZI4vxVzXf98p3Mic/aJP18TZjb10tS', 'customers/1.jpg', NULL, '0000 000 00 00', '3aAObKkUrABLB3OgWF2zUaN5MJKOomBn7LaujIgv37GKepgtlvXKKpTj4KUQ', '2021-08-24 07:59:30', '2021-10-26 08:03:11', '2021-08-24 14:59:30', NULL, 'activated', ''),
(2, 'Örnek Müşteri 2', 'musteri2@siteadi.com', '$2y$10$RrAhXzZj37JA.beMbygZFuZGz72KwYFtX.OVnYS5dDiie6DnD3yLC', 'customers/1.jpg', NULL, '+17024032875', NULL, '2021-08-24 07:59:30', '2021-10-21 13:02:54', '2021-08-24 14:59:31', NULL, 'activated', ''),
(3, 'Örnek Müşteri 3', 'musteri3@hotmail.com', '$2y$10$gU3hthpzALzFDsKIYAh8CuqG0SlGTJrLN23269RzBXmR9tevo8kUW', 'customers/2.jpg', NULL, '+19548192017', NULL, '2021-08-24 07:59:31', '2021-10-21 13:03:28', '2021-08-24 14:59:31', NULL, 'activated', ''),
(10, 'Test Müşteri', 'test@musteri.com', '$2a$12$3rYtuIiYOXlWt31SFA.kbuqF9jmVbKHmTi2XZJ7ru6g.vKzEy3Tf6', NULL, NULL, '54353453453', '5j2oPiDzTciBuRlgR2WyPZjauaGHerxMbeNiYJl9xIruRUuhczuYK4Sn1q06', '2022-01-24 20:51:53', '2022-04-06 09:57:15', NULL, NULL, 'activated', '{\"type\":\"person\",\"office\":\"MADENLER\",\"no\":\"111111111\"}');

-- --------------------------------------------------------

--
-- Tablo için tablo yapısı `ec_customer_addresses`
--

CREATE TABLE `ec_customer_addresses` (
  `id` bigint(20) UNSIGNED NOT NULL,
  `name` varchar(191) NOT NULL,
  `email` varchar(60) DEFAULT NULL,
  `phone` varchar(20) NOT NULL,
  `country` varchar(120) DEFAULT NULL,
  `state` varchar(120) DEFAULT NULL,
  `city` varchar(120) DEFAULT NULL,
  `address` varchar(191) NOT NULL,
  `customer_id` int(10) UNSIGNED NOT NULL,
  `is_default` tinyint(3) UNSIGNED NOT NULL DEFAULT 0,
  `created_at` timestamp NULL DEFAULT NULL,
  `updated_at` timestamp NULL DEFAULT NULL,
  `zip_code` varchar(20) DEFAULT NULL
) ENGINE=InnoDB DEFAULT CHARSET=utf8mb4 COLLATE=utf8mb4_unicode_ci;

--
-- Tablo döküm verisi `ec_customer_addresses`
--

INSERT INTO `ec_customer_addresses` (`id`, `name`, `email`, `phone`, `country`, `state`, `city`, `address`, `customer_id`, `is_default`, `created_at`, `updated_at`, `zip_code`) VALUES
(3, 'Marlon Prosacco', 'ohara.stephania@example.net', '+17650443031', 'BM', 'Rhode Island', 'North Frederikland', '85119 Wisozk Ramp Apt. 319', 2, 1, '2021-08-24 07:59:31', '2021-08-24 07:59:31', '90255'),
(4, 'Caleb Miller', 'deangelo.kuphal@example.com', '+15184376406', 'TV', 'Oklahoma', 'Port Anjali', '328 Hickle Meadow', 3, 1, '2021-08-24 07:59:31', '2021-08-24 07:59:31', '37349'),
(5, 'Dr. Emmett Schroeder', 'qhilpert@example.com', '+16606935375', 'DM', 'Washington', 'Westville', '345 Javon Port Suite 626', 4, 1, '2021-08-24 07:59:31', '2021-08-24 07:59:31', '60392'),
(6, 'Dr. Dominic Corkery Jr.', 'vhintz@example.org', '+15805494223', 'VG', 'Illinois', 'Lake Matteofurt', '4833 Turcotte Course', 5, 1, '2021-08-24 07:59:32', '2021-08-24 07:59:32', '41541-7514'),
(7, 'Priscilla Blick', 'kade.hettinger@example.com', '+16028465973', 'AU', 'North Dakota', 'Sengerstad', '9347 Jordyn Burg Apt. 057', 6, 1, '2021-08-24 07:59:32', '2021-08-24 07:59:32', '91800-7244'),
(8, 'Rosalinda Wilderman', 'jayce.bauch@example.org', '+17206542749', 'WS', 'Indiana', 'South Uriahstad', '603 Augusta Ferry', 7, 1, '2021-08-24 07:59:32', '2021-08-24 07:59:32', '06888'),
(9, 'Dr. Tyrell Mohr', 'wiegand.rosamond@example.org', '+14697160365', 'JO', 'North Carolina', 'Fayberg', '94564 O\'Conner Coves Apt. 758', 8, 1, '2021-08-24 07:59:33', '2021-08-24 07:59:33', '88259-8814'),
(10, 'Chadrick Kshlerin', 'aliya.schmidt@example.net', '+15643560571', 'ST', 'Virginia', 'Kingstad', '507 Lebsack Lake Suite 345', 9, 1, '2021-08-24 07:59:33', '2021-08-24 07:59:33', '89084-2393'),
(11, 'Örnek Müşteri 1', 'musteri1@siteadi.com', '00000000000', 'TR', 'Samsun', 'Atakum', 'Lorem ipsum dolor sit ametipsum dolor sit amet İstanbul/Türkiye', 1, 1, '2021-10-26 08:05:54', '2021-10-26 08:05:54', NULL),
(12, 'Test Müşteri', 'test@musteri.com', '111111111', 'TR', 'istanbul', 'çekmeköy', 'hamidiye mah', 10, 1, '2022-01-24 20:51:53', '2022-01-24 20:51:53', NULL);

-- --------------------------------------------------------

--
-- Tablo için tablo yapısı `ec_customer_password_resets`
--

CREATE TABLE `ec_customer_password_resets` (
  `email` varchar(191) NOT NULL,
  `token` varchar(191) NOT NULL,
  `created_at` timestamp NULL DEFAULT NULL
) ENGINE=InnoDB DEFAULT CHARSET=utf8mb4 COLLATE=utf8mb4_unicode_ci;

-- --------------------------------------------------------

--
-- Tablo için tablo yapısı `ec_discounts`
--

CREATE TABLE `ec_discounts` (
  `id` bigint(20) UNSIGNED NOT NULL,
  `title` varchar(120) DEFAULT NULL,
  `code` varchar(20) DEFAULT NULL,
  `start_date` datetime DEFAULT NULL,
  `end_date` datetime DEFAULT NULL,
  `quantity` int(11) DEFAULT NULL,
  `total_used` int(10) UNSIGNED NOT NULL DEFAULT 0,
  `value` double DEFAULT NULL,
  `type` varchar(60) DEFAULT 'coupon',
  `can_use_with_promotion` tinyint(1) NOT NULL DEFAULT 0,
  `discount_on` varchar(20) DEFAULT NULL,
  `product_quantity` int(10) UNSIGNED DEFAULT NULL,
  `type_option` varchar(100) NOT NULL DEFAULT 'amount',
  `target` varchar(100) NOT NULL DEFAULT 'all-orders',
  `min_order_price` decimal(15,2) DEFAULT NULL,
  `created_at` timestamp NULL DEFAULT NULL,
  `updated_at` timestamp NULL DEFAULT NULL
) ENGINE=InnoDB DEFAULT CHARSET=utf8mb4 COLLATE=utf8mb4_unicode_ci;

--
-- Tablo döküm verisi `ec_discounts`
--

INSERT INTO `ec_discounts` (`id`, `title`, `code`, `start_date`, `end_date`, `quantity`, `total_used`, `value`, `type`, `can_use_with_promotion`, `discount_on`, `product_quantity`, `type_option`, `target`, `min_order_price`, `created_at`, `updated_at`) VALUES
(2, NULL, '4WSOGNRRTWTG', '2022-04-08 00:00:00', '2022-04-22 23:59:00', NULL, 0, 15, 'coupon', 0, NULL, 1, 'percentage', 'all-orders', NULL, '2022-04-08 08:53:56', '2022-04-08 08:53:56'),
(3, NULL, '1FWKXSTWH9QR', '2022-04-08 00:00:00', '2022-04-09 23:59:00', NULL, 0, 10, 'coupon', 0, NULL, 1, 'amount', 'all-orders', NULL, '2022-04-08 08:54:36', '2022-04-08 08:54:36');

-- --------------------------------------------------------

--
-- Tablo için tablo yapısı `ec_discount_customers`
--

CREATE TABLE `ec_discount_customers` (
  `discount_id` int(10) UNSIGNED NOT NULL,
  `customer_id` int(10) UNSIGNED NOT NULL
) ENGINE=InnoDB DEFAULT CHARSET=utf8mb4 COLLATE=utf8mb4_unicode_ci;

-- --------------------------------------------------------

--
-- Tablo için tablo yapısı `ec_discount_products`
--

CREATE TABLE `ec_discount_products` (
  `discount_id` int(10) UNSIGNED NOT NULL,
  `product_id` int(10) UNSIGNED NOT NULL
) ENGINE=InnoDB DEFAULT CHARSET=utf8mb4 COLLATE=utf8mb4_unicode_ci;

-- --------------------------------------------------------

--
-- Tablo için tablo yapısı `ec_discount_product_collections`
--

CREATE TABLE `ec_discount_product_collections` (
  `discount_id` int(10) UNSIGNED NOT NULL,
  `product_collection_id` int(10) UNSIGNED NOT NULL
) ENGINE=InnoDB DEFAULT CHARSET=utf8mb4 COLLATE=utf8mb4_unicode_ci;

-- --------------------------------------------------------

--
-- Tablo için tablo yapısı `ec_flash_sales`
--

CREATE TABLE `ec_flash_sales` (
  `id` bigint(20) UNSIGNED NOT NULL,
  `name` varchar(255) NOT NULL,
  `end_date` datetime NOT NULL,
  `status` varchar(60) NOT NULL DEFAULT 'published',
  `created_at` timestamp NULL DEFAULT NULL,
  `updated_at` timestamp NULL DEFAULT NULL
) ENGINE=InnoDB DEFAULT CHARSET=utf8mb4 COLLATE=utf8mb4_unicode_ci;

--
-- Tablo döküm verisi `ec_flash_sales`
--

INSERT INTO `ec_flash_sales` (`id`, `name`, `end_date`, `status`, `created_at`, `updated_at`) VALUES
(1, 'Günün İndirimli Ürünü', '2022-09-24 00:00:00', 'published', '2021-08-24 07:59:34', '2022-04-08 21:00:13'),
(2, 'Teknoloji ve Aksesuarlar', '2022-09-29 00:00:00', 'published', '2021-08-24 07:59:34', '2022-04-08 20:59:53');

-- --------------------------------------------------------

--
-- Tablo için tablo yapısı `ec_flash_sales_translations`
--

CREATE TABLE `ec_flash_sales_translations` (
  `lang_code` varchar(191) NOT NULL,
  `ec_flash_sales_id` int(11) NOT NULL,
  `name` varchar(191) DEFAULT NULL
) ENGINE=InnoDB DEFAULT CHARSET=utf8mb4 COLLATE=utf8mb4_unicode_ci;

--
-- Tablo döküm verisi `ec_flash_sales_translations`
--

INSERT INTO `ec_flash_sales_translations` (`lang_code`, `ec_flash_sales_id`, `name`) VALUES
('vi', 1, 'Khuyến mãi trong ngày.'),
('vi', 2, 'Tiện ích & Phụ kiện');

-- --------------------------------------------------------

--
-- Tablo için tablo yapısı `ec_flash_sale_products`
--

CREATE TABLE `ec_flash_sale_products` (
  `flash_sale_id` int(10) UNSIGNED NOT NULL,
  `product_id` int(10) UNSIGNED NOT NULL,
  `price` double UNSIGNED DEFAULT NULL,
  `quantity` int(10) UNSIGNED DEFAULT NULL,
  `sold` int(10) UNSIGNED NOT NULL DEFAULT 0
) ENGINE=InnoDB DEFAULT CHARSET=utf8mb4 COLLATE=utf8mb4_unicode_ci;

--
-- Tablo döküm verisi `ec_flash_sale_products`
--

INSERT INTO `ec_flash_sale_products` (`flash_sale_id`, `product_id`, `price`, `quantity`, `sold`) VALUES
(2, 88, 199, 1, 0),
(1, 87, 59, 1, 0);

-- --------------------------------------------------------

--
-- Tablo için tablo yapısı `ec_grouped_products`
--

CREATE TABLE `ec_grouped_products` (
  `id` bigint(20) UNSIGNED NOT NULL,
  `parent_product_id` int(10) UNSIGNED NOT NULL,
  `product_id` int(10) UNSIGNED NOT NULL,
  `fixed_qty` int(11) NOT NULL DEFAULT 1
) ENGINE=InnoDB DEFAULT CHARSET=utf8mb4 COLLATE=utf8mb4_unicode_ci;

-- --------------------------------------------------------

--
-- Tablo için tablo yapısı `ec_orders`
--

CREATE TABLE `ec_orders` (
  `id` bigint(20) UNSIGNED NOT NULL,
  `user_id` int(10) UNSIGNED NOT NULL,
  `shipping_option` varchar(60) DEFAULT NULL,
  `shipping_method` varchar(60) NOT NULL DEFAULT 'default',
  `status` varchar(120) NOT NULL DEFAULT 'pending',
  `amount` decimal(15,2) NOT NULL,
  `tax_amount` decimal(15,2) DEFAULT NULL,
  `shipping_amount` decimal(15,2) DEFAULT NULL,
  `description` text DEFAULT NULL,
  `coupon_code` varchar(120) DEFAULT NULL,
  `discount_amount` decimal(15,2) DEFAULT NULL,
  `sub_total` decimal(15,2) NOT NULL,
  `is_confirmed` tinyint(1) NOT NULL DEFAULT 0,
  `discount_description` varchar(255) DEFAULT NULL,
  `is_finished` tinyint(1) DEFAULT 1,
  `token` varchar(120) DEFAULT NULL,
  `payment_id` int(10) UNSIGNED DEFAULT NULL,
  `created_at` timestamp NULL DEFAULT NULL,
  `updated_at` timestamp NULL DEFAULT NULL
) ENGINE=InnoDB DEFAULT CHARSET=utf8mb4 COLLATE=utf8mb4_unicode_ci;

--
-- Tablo döküm verisi `ec_orders`
--

INSERT INTO `ec_orders` (`id`, `user_id`, `shipping_option`, `shipping_method`, `status`, `amount`, `tax_amount`, `shipping_amount`, `description`, `coupon_code`, `discount_amount`, `sub_total`, `is_confirmed`, `discount_description`, `is_finished`, `token`, `payment_id`, `created_at`, `updated_at`) VALUES
(26, 1, '1', 'default', 'pending', 3928.22, 599.22, 0.00, NULL, NULL, 0.00, 3329.00, 0, NULL, 1, 'ea6c83eee2fef6eecc0f25548f341b8a', 22, '2021-10-28 10:16:39', '2021-10-28 10:17:09'),
(28, 10, '3', 'default', 'canceled', 463.00, 66.81, 25.00, NULL, NULL, 0.00, 371.19, 0, NULL, 1, '3038537af717357d65fd531410a94976', NULL, '2022-01-24 19:58:10', '2022-04-06 14:14:02'),
(30, 10, '3', 'default', 'pending', 463.00, 66.81, 25.00, NULL, NULL, 0.00, 371.19, 0, NULL, 1, '67253052a09ec65f7ac8576446d79f97', NULL, '2022-01-25 21:30:34', '2022-01-25 21:46:36'),
(37, 0, '1', 'default', 'pending', 719.26, 109.72, 0.00, NULL, NULL, 0.00, 609.54, 0, NULL, 1, 'babf555f31244f2388e09c8a0c05cf94', 23, '2022-03-17 09:48:40', '2022-03-17 09:48:52'),
(39, 0, '3', 'default', 'pending', 225.60, 30.60, 25.00, NULL, NULL, 0.00, 170.00, 0, NULL, 1, '592d2a9f0f1db70ed1ace7e736850133', NULL, '2022-03-21 08:12:12', '2022-04-08 07:39:05'),
(40, 10, NULL, 'default', 'pending', 438.00, 66.81, 0.00, NULL, NULL, 0.00, 371.19, 0, NULL, 0, '1b0a043f862cbcaa3274e58bc5933954', NULL, '2022-04-01 12:57:06', '2022-04-08 08:32:31'),
(41, 0, '1', 'default', 'pending', 200.60, 30.60, 0.00, 'test', NULL, 0.00, 170.00, 0, NULL, 1, '840b7c1a719d2692771bc15628a7bcea', 24, '2022-04-01 12:57:40', '2022-04-08 07:39:05'),
(44, 10, '3', 'default', 'pending', 2.18, 0.18, 1.00, NULL, NULL, 0.00, 1.00, 0, NULL, 1, 'd472b356f7b819bfc84013b5d286ac3c', 26, '2022-04-06 09:14:19', '2022-04-06 09:16:53'),
(45, 10, '3', 'default', 'processing', 2.18, 0.18, 1.00, NULL, NULL, 0.00, 1.00, 0, NULL, 1, 'ef3d5c548af9a354f2caa73098512f21', 27, '2022-04-06 09:54:26', '2022-04-07 12:44:11'),
(47, 10, '3', 'default', 'pending', 26.00, 0.00, 25.00, NULL, NULL, 0.00, 1.00, 0, NULL, 1, '988a79e52a3e71af8b216e5f016ffd09', 28, '2022-04-07 22:10:28', '2022-04-07 22:10:51'),
(48, 10, '3', 'default', 'pending', 26.00, 0.00, 25.00, NULL, NULL, 0.00, 1.00, 0, NULL, 1, '76b1a0d347e625550e61b46f46923522', 29, '2022-04-07 22:11:18', '2022-04-07 22:11:24'),
(49, 10, '3', 'default', 'pending', 26.00, 0.00, 25.00, NULL, NULL, 0.00, 1.00, 0, NULL, 1, '1c3309b57523b3b6c447cfd5b847a699', 30, '2022-04-07 22:22:06', '2022-04-07 22:22:11'),
(50, 10, '3', 'default', 'pending', 26.00, 0.00, 25.00, NULL, NULL, 0.00, 1.00, 0, NULL, 1, 'a7c3ca28c2f36e6324ff1821d3c9ae0b', 31, '2022-04-07 22:22:25', '2022-04-07 22:23:35'),
(51, 10, '3', 'default', 'processing', 26.00, 0.00, 25.00, NULL, NULL, 0.00, 1.00, 1, NULL, 1, 'bbc0a59cb1fbfe332a03ee849b6e75a5', 32, '2022-04-07 22:27:45', '2022-04-07 22:48:58'),
(52, 10, '3', 'default', 'pending', 27.00, 0.00, 25.00, NULL, NULL, 0.00, 2.00, 0, NULL, 1, '46e7719fc4d43f4acc9151f20fc64903', 33, '2022-04-07 22:31:52', '2022-04-07 22:32:00'),
(53, 10, '3', 'default', 'pending', 26.00, 0.00, 25.00, NULL, NULL, 0.00, 1.00, 0, NULL, 1, '2236b5413e8b8ec321cef8969bb5ff06', 34, '2022-04-07 22:32:31', '2022-04-07 22:32:35'),
(54, 10, '3', 'default', 'pending', 26.00, 0.00, 25.00, NULL, NULL, 0.00, 1.00, 0, NULL, 1, 'a1eee5068df9764e60d63c6fc69344b0', 35, '2022-04-07 22:32:57', '2022-04-07 23:24:10'),
(55, 10, '3', 'default', 'pending', 26.00, 0.00, 25.00, NULL, NULL, 0.00, 1.00, 0, NULL, 1, 'be6c8344ca700d2956a4289fac2ed3a6', 37, '2022-04-07 23:24:35', '2022-04-07 23:26:49'),
(56, 10, '3', 'default', 'pending', 26.00, 0.00, 25.00, NULL, NULL, 0.00, 1.00, 0, NULL, 1, 'c353659aa771030587cbf8b4b5974081', 39, '2022-04-07 23:27:53', '2022-04-07 23:28:58'),
(57, 10, '3', 'default', 'pending', 26.00, 0.00, 25.00, NULL, NULL, 0.00, 1.00, 0, NULL, 1, 'f0a49c1730134578cfc3e23c8cd12b7f', 41, '2022-04-07 23:29:42', '2022-04-07 23:31:46'),
(58, 10, '3', 'default', 'processing', 26.00, 0.00, 25.00, NULL, NULL, 0.00, 1.00, 0, NULL, 1, '8da24a7fb7fc4c199aebf21f9fabfb3e', 43, '2022-04-07 23:32:04', '2022-04-12 13:00:40'),
(61, 10, NULL, 'default', 'pending', 1.00, 0.00, 0.00, NULL, NULL, 0.00, 1.00, 0, NULL, 0, 'faab087be071dfcaae8ad2072c443a67', NULL, '2022-04-12 09:14:11', '2022-04-12 09:14:11'),
(62, 10, NULL, 'default', 'pending', 1.00, 0.00, 0.00, NULL, NULL, 0.00, 1.00, 0, NULL, 0, '7def9ec94365731fc9efc07415f4b9ca', NULL, '2022-04-12 09:41:16', '2022-04-12 09:41:16'),
(64, 0, NULL, 'default', 'pending', 3928.22, 599.22, 0.00, NULL, NULL, 0.00, 3329.00, 0, NULL, 0, '3cc5c599667437a9f003b3eaa41c0101', NULL, '2022-04-12 13:52:40', '2022-04-12 13:52:40'),
(65, 0, NULL, 'default', 'pending', 100.29, 15.30, 0.00, NULL, NULL, 0.00, 84.99, 0, NULL, 0, '9dfd4206c6a483f68a61646f79676430', NULL, '2022-04-13 08:01:12', '2022-04-13 08:01:12'),
(66, 0, NULL, 'default', 'pending', 1.00, 0.00, 0.00, NULL, NULL, 0.00, 1.00, 0, NULL, 0, 'e6988b24d14c7452b88a69db891383fc', NULL, '2022-04-13 08:06:30', '2022-04-13 08:06:30'),
(67, 0, '3', 'default', 'pending', 26.00, 0.00, 25.00, NULL, NULL, 0.00, 1.00, 0, NULL, 1, '129d8239a60ad5d62264422a8c8f0b74', NULL, '2024-04-17 12:19:44', '2024-04-17 13:11:32');

-- --------------------------------------------------------

--
-- Tablo için tablo yapısı `ec_order_addresses`
--

CREATE TABLE `ec_order_addresses` (
  `id` bigint(20) UNSIGNED NOT NULL,
  `name` varchar(191) NOT NULL,
  `phone` varchar(20) DEFAULT NULL,
  `email` varchar(191) DEFAULT NULL,
  `country` varchar(120) DEFAULT NULL,
  `state` varchar(120) DEFAULT NULL,
  `city` varchar(120) DEFAULT NULL,
  `address` varchar(255) DEFAULT NULL,
  `order_id` int(10) UNSIGNED NOT NULL,
  `zip_code` varchar(20) DEFAULT NULL,
  `tax_no` varchar(255) NOT NULL
) ENGINE=InnoDB DEFAULT CHARSET=utf8mb4 COLLATE=utf8mb4_unicode_ci;

--
-- Tablo döküm verisi `ec_order_addresses`
--

INSERT INTO `ec_order_addresses` (`id`, `name`, `phone`, `email`, `country`, `state`, `city`, `address`, `order_id`, `zip_code`, `tax_no`) VALUES
(23, 'Örnek Müşteri 1', '00000000000', 'musteri1@siteadi.com', 'TR', 'Samsun', 'Atakum', 'Lorem ipsum dolor sit ametipsum dolor sit amet İstanbul/Türkiye', 24, NULL, ''),
(24, 'Örnek Müşteri 1', '00000000000', 'musteri1@siteadi.com', 'TR', 'Samsun', 'Atakum', 'Lorem ipsum dolor sit ametipsum dolor sit amet İstanbul/Türkiye', 26, NULL, ''),
(25, 'Test Müşteri', '54353453453', 'test@musteri.com', 'TR', 'istanbul', 'çekmeköy', 'hamidiye mah', 28, NULL, ''),
(26, 'Test Müşteri', '54353453453', 'test@musteri.com', 'TR', 'istanbul', 'çekmeköy', 'hamidiye mah', 30, NULL, ''),
(28, 'Test Müşteri', '54352345234', 'test@musteri.com', 'AL', 'çekmeköy', 'istanbul', 'hamidiye mah', 37, NULL, ''),
(29, 'Test Müşteri', '55555555555', 'test@musteri.com', 'TR', 'istanbul', 'çekmeköy', 'mahalle adi', 39, NULL, ''),
(30, 'Test Müşteri', '111111111', 'test@musteri.com', 'TR', 'istanbul', 'çekmeköy', 'hamidiye mah', 40, NULL, ''),
(31, 'Test Müşteri', '34554534555', 'test@musteri.com', 'AD', 'İstanbul', 'ilçe semt', 'sokak adresi', 41, NULL, ''),
(34, 'Test Müşteri', '54353453453', 'test@musteri.com', 'TR', 'istanbul', 'çekmeköy', 'hamidiye mah', 44, NULL, ''),
(35, 'Test Müşteri', '54353453453', 'test@musteri.com', 'TR', 'istanbul', 'çekmeköy', 'hamidiye mah', 45, NULL, '{\"type\":\"person\",\"office\":\"MADENLER\",\"no\":\"11111111110\"}'),
(36, 'Test Müşteri', '54353453453', 'test@musteri.com', 'TR', 'istanbul', 'çekmeköy', 'hamidiye mah', 47, NULL, '{\"type\":\"person\",\"office\":\"MADENLER\",\"no\":\"11111111110\"}'),
(37, 'Test Müşteri', '54353453453', 'test@musteri.com', 'TR', 'istanbul', 'çekmeköy', 'hamidiye mah', 48, NULL, '{\"type\":\"person\",\"office\":\"MADENLER\",\"no\":\"11111111110\"}'),
(38, 'Test Müşteri', '54353453453', 'test@musteri.com', 'TR', 'istanbul', 'çekmeköy', 'hamidiye mah', 49, NULL, '{\"type\":\"person\",\"office\":\"MADENLER\",\"no\":\"11111111110\"}'),
(39, 'Test Müşteri', '54353453453', 'test@musteri.com', 'TR', 'istanbul', 'çekmeköy', 'hamidiye mah', 50, NULL, '{\"type\":\"person\",\"office\":\"MADENLER\",\"no\":\"11111111110\"}'),
(40, 'Test Müşteri', '54353453453', 'test@musteri.com', 'TR', 'istanbul', 'çekmeköy', 'hamidiye mah', 51, NULL, '{\"type\":\"person\",\"office\":\"MADENLER\",\"no\":\"11111111110\"}'),
(41, 'Test Müşteri', '54353453453', 'test@musteri.com', 'TR', 'istanbul', 'çekmeköy', 'hamidiye mah', 52, NULL, '{\"type\":\"person\",\"office\":\"MADENLER\",\"no\":\"11111111110\"}'),
(42, 'Test Müşteri', '54353453453', 'test@musteri.com', 'TR', 'istanbul', 'çekmeköy', 'hamidiye mah', 53, NULL, '{\"type\":\"person\",\"office\":\"MADENLER\",\"no\":\"11111111110\"}'),
(43, 'Test Müşteri', '54353453453', 'test@musteri.com', 'TR', 'istanbul', 'çekmeköy', 'hamidiye mah', 54, NULL, '{\"type\":\"person\",\"office\":\"MADENLER\",\"no\":\"11111111110\"}'),
(44, 'Test Müşteri', '54353453453', 'test@musteri.com', 'TR', 'istanbul', 'çekmeköy', 'hamidiye mah', 55, NULL, '{\"type\":\"person\",\"office\":\"MADENLER\",\"no\":\"11111111110\"}'),
(45, 'Test Müşteri', '54353453453', 'test@musteri.com', 'TR', 'istanbul', 'çekmeköy', 'hamidiye mah', 56, NULL, '{\"type\":\"person\",\"office\":\"MADENLER\",\"no\":\"11111111110\"}'),
(46, 'Test Müşteri', '54353453453', 'test@musteri.com', 'TR', 'istanbul', 'çekmeköy', 'hamidiye mah', 57, NULL, '{\"type\":\"person\",\"office\":\"MADENLER\",\"no\":\"11111111110\"}'),
(47, 'Test Müşteri', '54353453453', 'test@musteri.com', 'TR', 'istanbul', 'çekmeköy', 'hamidiye mah', 58, NULL, '{\"type\":\"person\",\"office\":\"MADENLER\",\"no\":\"11111111110\"}'),
(48, 'Test Müşteri', '111111111', 'test@musteri.com', 'TR', 'istanbul', 'çekmeköy', 'hamidiye mah', 40, NULL, ''),
(50, 'Test Müşteri', '111111111', 'test@musteri.com', 'TR', 'istanbul', 'çekmeköy', 'hamidiye mah', 61, NULL, ''),
(51, 'Test Müşteri', '111111111', 'test@musteri.com', 'TR', 'istanbul', 'çekmeköy', 'hamidiye mah', 62, NULL, ''),
(52, 'test test', '5555555555', 'test@test.test', 'TR', 'İstanbul', 'ilçe semt', 'sokak adresi', 67, NULL, '{\"type\":\"person\",\"office\":null,\"no\":null}');

-- --------------------------------------------------------

--
-- Tablo için tablo yapısı `ec_order_histories`
--

CREATE TABLE `ec_order_histories` (
  `id` bigint(20) UNSIGNED NOT NULL,
  `action` varchar(120) NOT NULL,
  `description` varchar(255) NOT NULL,
  `user_id` int(10) UNSIGNED DEFAULT NULL,
  `order_id` int(10) UNSIGNED NOT NULL,
  `extras` text DEFAULT NULL,
  `created_at` timestamp NULL DEFAULT NULL,
  `updated_at` timestamp NULL DEFAULT NULL
) ENGINE=InnoDB DEFAULT CHARSET=utf8mb4 COLLATE=utf8mb4_unicode_ci;

--
-- Tablo döküm verisi `ec_order_histories`
--

INSERT INTO `ec_order_histories` (`id`, `action`, `description`, `user_id`, `order_id`, `extras`, `created_at`, `updated_at`) VALUES
(99, 'create_order_from_payment_page', 'Ödeme sayfasından sipariş oluşturulur', NULL, 26, NULL, '2021-10-28 10:17:09', '2021-10-28 10:17:09'),
(100, 'create_order', 'Yeni sipariş #10000026 gelen Örnek Müşteri 1', NULL, 26, NULL, '2021-10-28 10:17:09', '2021-10-28 10:17:09'),
(101, 'create_order_from_payment_page', 'Ödeme sayfasından sipariş oluşturulur', NULL, 28, NULL, '2022-01-24 20:51:53', '2022-01-24 20:51:53'),
(102, 'create_order_from_payment_page', 'Ödeme sayfasından sipariş oluşturulur', NULL, 28, NULL, '2022-01-24 20:52:22', '2022-01-24 20:52:22'),
(103, 'create_order_from_payment_page', 'Ödeme sayfasından sipariş oluşturulur', NULL, 28, NULL, '2022-01-24 20:54:41', '2022-01-24 20:54:41'),
(104, 'create_order_from_payment_page', 'Ödeme sayfasından sipariş oluşturulur', NULL, 28, NULL, '2022-01-24 20:55:09', '2022-01-24 20:55:09'),
(105, 'create_order_from_payment_page', 'Ödeme sayfasından sipariş oluşturulur', NULL, 28, NULL, '2022-01-24 20:55:31', '2022-01-24 20:55:31'),
(106, 'create_order_from_payment_page', 'Ödeme sayfasından sipariş oluşturulur', NULL, 28, NULL, '2022-01-24 20:56:56', '2022-01-24 20:56:56'),
(107, 'create_order_from_payment_page', 'Ödeme sayfasından sipariş oluşturulur', NULL, 28, NULL, '2022-01-24 21:06:30', '2022-01-24 21:06:30'),
(108, 'create_order_from_payment_page', 'Ödeme sayfasından sipariş oluşturulur', NULL, 28, NULL, '2022-01-24 21:06:49', '2022-01-24 21:06:49'),
(109, 'create_order_from_payment_page', 'Ödeme sayfasından sipariş oluşturulur', NULL, 28, NULL, '2022-01-24 21:20:12', '2022-01-24 21:20:12'),
(110, 'create_order_from_payment_page', 'Ödeme sayfasından sipariş oluşturulur', NULL, 30, NULL, '2022-01-25 21:30:41', '2022-01-25 21:30:41'),
(111, 'create_order_from_payment_page', 'Ödeme sayfasından sipariş oluşturulur', NULL, 30, NULL, '2022-01-25 21:31:40', '2022-01-25 21:31:40'),
(112, 'create_order_from_payment_page', 'Ödeme sayfasından sipariş oluşturulur', NULL, 30, NULL, '2022-01-25 21:32:21', '2022-01-25 21:32:21'),
(113, 'create_order_from_payment_page', 'Ödeme sayfasından sipariş oluşturulur', NULL, 30, NULL, '2022-01-25 21:34:31', '2022-01-25 21:34:31'),
(114, 'create_order_from_payment_page', 'Ödeme sayfasından sipariş oluşturulur', NULL, 30, NULL, '2022-01-25 21:34:59', '2022-01-25 21:34:59'),
(115, 'create_order_from_payment_page', 'Ödeme sayfasından sipariş oluşturulur', NULL, 30, NULL, '2022-01-25 21:35:12', '2022-01-25 21:35:12'),
(116, 'create_order_from_payment_page', 'Ödeme sayfasından sipariş oluşturulur', NULL, 30, NULL, '2022-01-25 21:35:40', '2022-01-25 21:35:40'),
(117, 'create_order_from_payment_page', 'Ödeme sayfasından sipariş oluşturulur', NULL, 30, NULL, '2022-01-25 21:37:19', '2022-01-25 21:37:19'),
(118, 'create_order_from_payment_page', 'Ödeme sayfasından sipariş oluşturulur', NULL, 30, NULL, '2022-01-25 21:38:30', '2022-01-25 21:38:30'),
(119, 'create_order_from_payment_page', 'Ödeme sayfasından sipariş oluşturulur', NULL, 30, NULL, '2022-01-25 21:38:53', '2022-01-25 21:38:53'),
(120, 'create_order_from_payment_page', 'Ödeme sayfasından sipariş oluşturulur', NULL, 30, NULL, '2022-01-25 21:39:10', '2022-01-25 21:39:10'),
(121, 'create_order_from_payment_page', 'Ödeme sayfasından sipariş oluşturulur', NULL, 30, NULL, '2022-01-25 21:39:33', '2022-01-25 21:39:33'),
(122, 'create_order_from_payment_page', 'Ödeme sayfasından sipariş oluşturulur', NULL, 30, NULL, '2022-01-25 21:39:52', '2022-01-25 21:39:52'),
(123, 'create_order_from_payment_page', 'Ödeme sayfasından sipariş oluşturulur', NULL, 30, NULL, '2022-01-25 21:40:14', '2022-01-25 21:40:14'),
(124, 'create_order_from_payment_page', 'Ödeme sayfasından sipariş oluşturulur', NULL, 30, NULL, '2022-01-25 21:41:44', '2022-01-25 21:41:44'),
(125, 'create_order_from_payment_page', 'Ödeme sayfasından sipariş oluşturulur', NULL, 30, NULL, '2022-01-25 21:42:45', '2022-01-25 21:42:45'),
(126, 'create_order_from_payment_page', 'Ödeme sayfasından sipariş oluşturulur', NULL, 30, NULL, '2022-01-25 21:44:13', '2022-01-25 21:44:13'),
(127, 'create_order_from_payment_page', 'Ödeme sayfasından sipariş oluşturulur', NULL, 30, NULL, '2022-01-25 21:44:31', '2022-01-25 21:44:31'),
(128, 'create_order_from_payment_page', 'Ödeme sayfasından sipariş oluşturulur', NULL, 30, NULL, '2022-01-25 21:44:36', '2022-01-25 21:44:36'),
(129, 'create_order_from_payment_page', 'Ödeme sayfasından sipariş oluşturulur', NULL, 30, NULL, '2022-01-25 21:46:36', '2022-01-25 21:46:36'),
(131, 'create_order_from_payment_page', 'Ödeme sayfasından sipariş oluşturulur', NULL, 37, NULL, '2022-03-17 09:48:52', '2022-03-17 09:48:52'),
(132, 'create_order', 'Yeni sipariş #10000037 gelen fsdfds', NULL, 37, NULL, '2022-03-17 09:48:52', '2022-03-17 09:48:52'),
(133, 'create_order_from_payment_page', 'Ödeme sayfasından sipariş oluşturulur', NULL, 39, NULL, '2022-03-21 08:44:46', '2022-03-21 08:44:46'),
(134, 'create_order_from_payment_page', 'Ödeme sayfasından sipariş oluşturulur', NULL, 41, NULL, '2022-04-01 13:12:11', '2022-04-01 13:12:11'),
(135, 'create_order', 'Yeni sipariş #10000041 gelen test', NULL, 41, NULL, '2022-04-01 13:12:11', '2022-04-01 13:12:11'),
(142, 'create_order_from_payment_page', 'Ödeme sayfasından sipariş oluşturulur', NULL, 44, NULL, '2022-04-06 09:16:53', '2022-04-06 09:16:53'),
(143, 'create_order', 'Yeni sipariş #10000044 gelen Test Müşteri', NULL, 44, NULL, '2022-04-06 09:16:53', '2022-04-06 09:16:53'),
(144, 'create_order_from_payment_page', 'Ödeme sayfasından sipariş oluşturulur', NULL, 45, NULL, '2022-04-06 09:57:00', '2022-04-06 09:57:00'),
(145, 'create_order_from_payment_page', 'Ödeme sayfasından sipariş oluşturulur', NULL, 45, NULL, '2022-04-06 09:57:15', '2022-04-06 09:57:15'),
(146, 'create_order_from_payment_page', 'Ödeme sayfasından sipariş oluşturulur', NULL, 45, NULL, '2022-04-06 10:04:06', '2022-04-06 10:04:06'),
(147, 'create_order_from_payment_page', 'Ödeme sayfasından sipariş oluşturulur', NULL, 45, NULL, '2022-04-06 10:04:57', '2022-04-06 10:04:57'),
(148, 'create_order', 'Yeni sipariş #10000045 gelen Test Müşteri', NULL, 45, NULL, '2022-04-06 10:04:57', '2022-04-06 10:04:57'),
(149, 'cancel_order', 'Siparişiniz Test Müşteri tarafından iptal edildi.', NULL, 28, NULL, '2022-04-06 14:14:02', '2022-04-06 14:14:02'),
(150, 'create_shipment', 'Sipariş kargo ekibine gönderildi %user_name% tarafından', 1, 45, NULL, '2022-04-07 12:44:11', '2022-04-07 12:44:11'),
(151, 'create_order_from_payment_page', 'Ödeme sayfasından sipariş oluşturulur', NULL, 47, NULL, '2022-04-07 22:10:51', '2022-04-07 22:10:51'),
(152, 'create_order', 'Yeni sipariş #10000047 gelen Test Müşteri', NULL, 47, NULL, '2022-04-07 22:10:51', '2022-04-07 22:10:51'),
(153, 'create_order_from_payment_page', 'Ödeme sayfasından sipariş oluşturulur', NULL, 48, NULL, '2022-04-07 22:11:24', '2022-04-07 22:11:24'),
(154, 'create_order', 'Yeni sipariş #10000048 gelen Test Müşteri', NULL, 48, NULL, '2022-04-07 22:11:24', '2022-04-07 22:11:24'),
(155, 'create_order_from_payment_page', 'Ödeme sayfasından sipariş oluşturulur', NULL, 49, NULL, '2022-04-07 22:22:11', '2022-04-07 22:22:11'),
(156, 'create_order', 'Yeni sipariş #10000049 gelen Test Müşteri', NULL, 49, NULL, '2022-04-07 22:22:11', '2022-04-07 22:22:11'),
(157, 'create_order_from_payment_page', 'Ödeme sayfasından sipariş oluşturulur', NULL, 50, NULL, '2022-04-07 22:23:35', '2022-04-07 22:23:35'),
(158, 'create_order', 'Yeni sipariş #10000050 gelen Test Müşteri', NULL, 50, NULL, '2022-04-07 22:23:35', '2022-04-07 22:23:35'),
(159, 'create_order_from_payment_page', 'Ödeme sayfasından sipariş oluşturulur', NULL, 51, NULL, '2022-04-07 22:27:49', '2022-04-07 22:27:49'),
(160, 'create_order', 'Yeni sipariş #10000051 gelen Test Müşteri', NULL, 51, NULL, '2022-04-07 22:27:49', '2022-04-07 22:27:49'),
(161, 'create_order_from_payment_page', 'Ödeme sayfasından sipariş oluşturulur', NULL, 52, NULL, '2022-04-07 22:32:00', '2022-04-07 22:32:00'),
(162, 'create_order', 'Yeni sipariş #10000052 gelen Test Müşteri', NULL, 52, NULL, '2022-04-07 22:32:00', '2022-04-07 22:32:00'),
(163, 'create_order_from_payment_page', 'Ödeme sayfasından sipariş oluşturulur', NULL, 53, NULL, '2022-04-07 22:32:35', '2022-04-07 22:32:35'),
(164, 'create_order', 'Yeni sipariş #10000053 gelen Test Müşteri', NULL, 53, NULL, '2022-04-07 22:32:35', '2022-04-07 22:32:35'),
(165, 'create_order_from_payment_page', 'Ödeme sayfasından sipariş oluşturulur', NULL, 54, NULL, '2022-04-07 22:33:01', '2022-04-07 22:33:01'),
(166, 'create_order_from_payment_page', 'Ödeme sayfasından sipariş oluşturulur', NULL, 54, NULL, '2022-04-07 22:33:10', '2022-04-07 22:33:10'),
(167, 'create_order_from_payment_page', 'Ödeme sayfasından sipariş oluşturulur', NULL, 54, NULL, '2022-04-07 22:33:49', '2022-04-07 22:33:49'),
(168, 'confirm_order', 'Sipariş %user_name% tarafından doğrulandı', 1, 51, NULL, '2022-04-07 22:48:58', '2022-04-07 22:48:58'),
(169, 'create_order_from_payment_page', 'Ödeme sayfasından sipariş oluşturulur', NULL, 54, NULL, '2022-04-07 23:23:06', '2022-04-07 23:23:06'),
(170, 'create_order', 'Yeni sipariş #10000054 gelen Test Müşteri', NULL, 54, NULL, '2022-04-07 23:23:06', '2022-04-07 23:23:06'),
(171, 'create_order_from_payment_page', 'Ödeme sayfasından sipariş oluşturulur', NULL, 54, NULL, '2022-04-07 23:24:10', '2022-04-07 23:24:10'),
(172, 'create_order_from_payment_page', 'Ödeme sayfasından sipariş oluşturulur', NULL, 55, NULL, '2022-04-07 23:24:40', '2022-04-07 23:24:40'),
(173, 'create_order', 'Yeni sipariş #10000055 gelen Test Müşteri', NULL, 55, NULL, '2022-04-07 23:24:40', '2022-04-07 23:24:40'),
(174, 'create_order_from_payment_page', 'Ödeme sayfasından sipariş oluşturulur', NULL, 55, NULL, '2022-04-07 23:26:49', '2022-04-07 23:26:49'),
(175, 'create_order_from_payment_page', 'Ödeme sayfasından sipariş oluşturulur', NULL, 56, NULL, '2022-04-07 23:27:57', '2022-04-07 23:27:57'),
(176, 'create_order_from_payment_page', 'Ödeme sayfasından sipariş oluşturulur', NULL, 56, NULL, '2022-04-07 23:28:42', '2022-04-07 23:28:42'),
(177, 'create_order', 'Yeni sipariş #10000056 gelen Test Müşteri', NULL, 56, NULL, '2022-04-07 23:28:42', '2022-04-07 23:28:42'),
(178, 'create_order_from_payment_page', 'Ödeme sayfasından sipariş oluşturulur', NULL, 56, NULL, '2022-04-07 23:28:58', '2022-04-07 23:28:58'),
(179, 'create_order_from_payment_page', 'Ödeme sayfasından sipariş oluşturulur', NULL, 57, NULL, '2022-04-07 23:30:02', '2022-04-07 23:30:02'),
(180, 'create_order', 'Yeni sipariş #10000057 gelen Test Müşteri', NULL, 57, NULL, '2022-04-07 23:30:02', '2022-04-07 23:30:02'),
(181, 'create_order_from_payment_page', 'Ödeme sayfasından sipariş oluşturulur', NULL, 57, NULL, '2022-04-07 23:31:46', '2022-04-07 23:31:46'),
(182, 'create_order_from_payment_page', 'Ödeme sayfasından sipariş oluşturulur', NULL, 58, NULL, '2022-04-07 23:32:09', '2022-04-07 23:32:09'),
(183, 'create_order', 'Yeni sipariş #10000058 gelen Test Müşteri', NULL, 58, NULL, '2022-04-07 23:32:09', '2022-04-07 23:32:09'),
(184, 'create_order_from_payment_page', 'Ödeme sayfasından sipariş oluşturulur', NULL, 58, NULL, '2022-04-07 23:34:46', '2022-04-07 23:34:46'),
(191, 'create_shipment', 'Sipariş kargo ekibine gönderildi %user_name% tarafından', 100003, 58, NULL, '2022-04-12 13:00:40', '2022-04-12 13:00:40'),
(192, 'create_order_from_payment_page', 'Ödeme sayfasından sipariş oluşturulur', NULL, 67, NULL, '2024-04-17 12:20:59', '2024-04-17 12:20:59'),
(193, 'create_order_from_payment_page', 'Ödeme sayfasından sipariş oluşturulur', NULL, 67, NULL, '2024-04-17 12:21:32', '2024-04-17 12:21:32'),
(194, 'create_order_from_payment_page', 'Ödeme sayfasından sipariş oluşturulur', NULL, 67, NULL, '2024-04-17 12:22:05', '2024-04-17 12:22:05'),
(195, 'create_order_from_payment_page', 'Ödeme sayfasından sipariş oluşturulur', NULL, 67, NULL, '2024-04-17 12:22:19', '2024-04-17 12:22:19'),
(196, 'create_order_from_payment_page', 'Ödeme sayfasından sipariş oluşturulur', NULL, 67, NULL, '2024-04-17 12:22:33', '2024-04-17 12:22:33'),
(197, 'create_order_from_payment_page', 'Ödeme sayfasından sipariş oluşturulur', NULL, 67, NULL, '2024-04-17 12:22:57', '2024-04-17 12:22:57'),
(198, 'create_order_from_payment_page', 'Ödeme sayfasından sipariş oluşturulur', NULL, 67, NULL, '2024-04-17 12:23:03', '2024-04-17 12:23:03'),
(199, 'create_order_from_payment_page', 'Ödeme sayfasından sipariş oluşturulur', NULL, 67, NULL, '2024-04-17 12:23:18', '2024-04-17 12:23:18'),
(200, 'create_order_from_payment_page', 'Ödeme sayfasından sipariş oluşturulur', NULL, 67, NULL, '2024-04-17 12:23:35', '2024-04-17 12:23:35'),
(201, 'create_order_from_payment_page', 'Ödeme sayfasından sipariş oluşturulur', NULL, 67, NULL, '2024-04-17 12:23:52', '2024-04-17 12:23:52'),
(202, 'create_order_from_payment_page', 'Ödeme sayfasından sipariş oluşturulur', NULL, 67, NULL, '2024-04-17 12:46:56', '2024-04-17 12:46:56'),
(203, 'create_order_from_payment_page', 'Ödeme sayfasından sipariş oluşturulur', NULL, 67, NULL, '2024-04-17 13:11:32', '2024-04-17 13:11:32');

-- --------------------------------------------------------

--
-- Tablo için tablo yapısı `ec_order_product`
--

CREATE TABLE `ec_order_product` (
  `id` bigint(20) UNSIGNED NOT NULL,
  `order_id` int(10) UNSIGNED NOT NULL,
  `qty` int(11) NOT NULL,
  `price` decimal(15,2) NOT NULL,
  `tax_amount` decimal(15,2) NOT NULL,
  `options` text DEFAULT NULL,
  `product_id` int(10) UNSIGNED DEFAULT NULL,
  `product_name` varchar(191) NOT NULL,
  `weight` double(8,2) DEFAULT 0.00,
  `restock_quantity` int(10) UNSIGNED DEFAULT 0,
  `created_at` timestamp NULL DEFAULT NULL,
  `updated_at` timestamp NULL DEFAULT NULL
) ENGINE=InnoDB DEFAULT CHARSET=utf8mb4 COLLATE=utf8mb4_unicode_ci;

--
-- Tablo döküm verisi `ec_order_product`
--

INSERT INTO `ec_order_product` (`id`, `order_id`, `qty`, `price`, `tax_amount`, `options`, `product_id`, `product_name`, `weight`, `restock_quantity`, `created_at`, `updated_at`) VALUES
(64, 26, 1, 3329.00, 599.22, '[]', 143, 'Samsung Galaxy Tab S6 Lite 64GB 10.4\" Gri Tablet (Samsung Türkiye Garantili)', 0.10, 0, '2021-10-28 10:17:09', '2021-10-28 10:17:09'),
(76, 28, 1, 371.19, 66.81, '[]', 147, 'Anatomi Günlük Erkek Ayakkabı', 1.00, 0, '2022-01-24 21:20:12', '2022-01-24 21:20:12'),
(97, 30, 1, 371.19, 66.81, '[]', 147, 'Anatomi Günlük Erkek Ayakkabı', 1.00, 0, '2022-01-25 21:46:36', '2022-01-25 21:46:36'),
(107, 37, 1, 170.00, 30.60, '[]', 155, '319- ARMİSE KREM NAKIŞLI BAYAN ÇANTASI', 2.00, 0, '2022-03-17 09:48:52', '2022-03-17 09:48:52'),
(108, 37, 1, 439.54, 79.12, '[]', 157, 'Nike 903596 801 Jr Mercurıal Vıctory Çivili Çocuk Krampon ORİJİNAL ÜRÜN', 2.00, 0, '2022-03-17 09:48:52', '2022-03-17 09:48:52'),
(111, 39, 1, 170.00, 30.60, '[]', 155, '319- ARMİSE KREM NAKIŞLI BAYAN ÇANTASI', 1.00, 0, '2022-03-21 08:44:46', '2022-03-21 08:44:46'),
(114, 41, 1, 170.00, 30.60, '[]', 155, '319- ARMİSE KREM NAKIŞLI BAYAN ÇANTASI', 1.00, 0, '2022-04-01 13:12:11', '2022-04-01 13:12:11'),
(123, 44, 1, 1.00, 0.18, '[]', 155, '319- ARMİSE KREM NAKIŞLI BAYAN ÇANTASI', 1.00, 0, '2022-04-06 09:16:53', '2022-04-06 09:16:53'),
(128, 45, 1, 1.00, 0.18, '[]', 155, '319- ARMİSE KREM NAKIŞLI BAYAN ÇANTASI', 1.00, 0, '2022-04-06 10:04:57', '2022-04-06 10:04:57'),
(131, 47, 1, 1.00, 0.00, '[]', 155, '319- ARMİSE KREM NAKIŞLI BAYAN ÇANTASI', 1.00, 0, '2022-04-07 22:10:51', '2022-04-07 22:10:51'),
(133, 48, 1, 1.00, 0.00, '[]', 155, '319- ARMİSE KREM NAKIŞLI BAYAN ÇANTASI', 1.00, 0, '2022-04-07 22:11:24', '2022-04-07 22:11:24'),
(135, 49, 1, 1.00, 0.00, '[]', 155, '319- ARMİSE KREM NAKIŞLI BAYAN ÇANTASI', 1.00, 0, '2022-04-07 22:22:11', '2022-04-07 22:22:11'),
(137, 50, 1, 1.00, 0.00, '[]', 155, '319- ARMİSE KREM NAKIŞLI BAYAN ÇANTASI', 1.00, 0, '2022-04-07 22:23:35', '2022-04-07 22:23:35'),
(139, 51, 1, 1.00, 0.00, '[]', 155, '319- ARMİSE KREM NAKIŞLI BAYAN ÇANTASI', 1.00, 0, '2022-04-07 22:27:49', '2022-04-07 22:27:49'),
(141, 52, 2, 1.00, 0.00, '[]', 155, '319- ARMİSE KREM NAKIŞLI BAYAN ÇANTASI', 2.00, 0, '2022-04-07 22:32:00', '2022-04-07 22:32:00'),
(143, 53, 1, 1.00, 0.00, '[]', 155, '319- ARMİSE KREM NAKIŞLI BAYAN ÇANTASI', 1.00, 0, '2022-04-07 22:32:35', '2022-04-07 22:32:35'),
(146, 54, 1, 1.00, 0.00, '[]', 155, '319- ARMİSE KREM NAKIŞLI BAYAN ÇANTASI', 1.00, 0, '2022-04-07 23:24:10', '2022-04-07 23:24:10'),
(149, 55, 1, 1.00, 0.00, '[]', 155, '319- ARMİSE KREM NAKIŞLI BAYAN ÇANTASI', 1.00, 0, '2022-04-07 23:26:49', '2022-04-07 23:26:49'),
(152, 56, 1, 1.00, 0.00, '[]', 155, '319- ARMİSE KREM NAKIŞLI BAYAN ÇANTASI', 1.00, 0, '2022-04-07 23:28:58', '2022-04-07 23:28:58'),
(155, 57, 1, 1.00, 0.00, '[]', 155, '319- ARMİSE KREM NAKIŞLI BAYAN ÇANTASI', 1.00, 0, '2022-04-07 23:31:46', '2022-04-07 23:31:46'),
(158, 58, 1, 1.00, 0.00, '[]', 155, '319- ARMİSE KREM NAKIŞLI BAYAN ÇANTASI', 1.00, 0, '2022-04-07 23:34:46', '2022-04-07 23:34:46'),
(159, 40, 1, 371.19, 66.81, '[]', 147, 'Anatomi Günlük Erkek Ayakkabı', 1.00, 0, '2022-04-08 08:32:31', '2022-04-08 08:32:31'),
(167, 61, 1, 1.00, 0.00, '[]', 155, '319- ARMİSE KREM NAKIŞLI BAYAN ÇANTASI', 1.00, 0, '2022-04-12 09:14:11', '2022-04-12 09:14:11'),
(168, 62, 1, 1.00, 0.00, '[]', 155, '319- ARMİSE KREM NAKIŞLI BAYAN ÇANTASI', 1.00, 0, '2022-04-12 09:41:16', '2022-04-12 09:41:16'),
(170, 64, 1, 3329.00, 599.22, '[]', 143, 'Samsung Galaxy Tab S6 Lite 64GB Gri', 0.10, 0, '2022-04-12 13:52:40', '2022-04-12 13:52:40'),
(171, 65, 1, 84.99, 15.30, '[]', 133, 'Her Story Love Inspires Edp Kadın Parfümü', 0.10, 0, '2022-04-13 08:01:12', '2022-04-13 08:01:12'),
(172, 66, 1, 1.00, 0.00, '[]', 155, '319- ARMİSE KREM NAKIŞLI BAYAN ÇANTASI', 1.00, 0, '2022-04-13 08:06:30', '2022-04-13 08:06:30'),
(185, 67, 1, 1.00, 0.00, '[]', 155, '319- ARMİSE KREM NAKIŞLI BAYAN ÇANTASI', 1.00, 0, '2024-04-17 13:11:32', '2024-04-17 13:11:32');

-- --------------------------------------------------------

--
-- Tablo için tablo yapısı `ec_products`
--

CREATE TABLE `ec_products` (
  `id` bigint(20) UNSIGNED NOT NULL,
  `name` varchar(191) NOT NULL,
  `description` text DEFAULT NULL,
  `content` longtext DEFAULT NULL,
  `status` varchar(60) NOT NULL DEFAULT 'published',
  `images` text DEFAULT NULL,
  `sku` varchar(191) DEFAULT NULL,
  `order` int(10) UNSIGNED NOT NULL DEFAULT 0,
  `quantity` int(10) UNSIGNED DEFAULT NULL,
  `allow_checkout_when_out_of_stock` tinyint(3) UNSIGNED NOT NULL DEFAULT 0,
  `with_storehouse_management` tinyint(3) UNSIGNED NOT NULL DEFAULT 0,
  `is_featured` tinyint(3) UNSIGNED NOT NULL DEFAULT 0,
  `brand_id` int(10) UNSIGNED DEFAULT NULL,
  `is_variation` tinyint(4) NOT NULL DEFAULT 0,
  `sale_type` tinyint(4) NOT NULL DEFAULT 0,
  `price` double UNSIGNED DEFAULT NULL,
  `sale_price` double UNSIGNED DEFAULT NULL,
  `start_date` timestamp NULL DEFAULT NULL,
  `end_date` timestamp NULL DEFAULT NULL,
  `length` double(8,2) DEFAULT NULL,
  `wide` double(8,2) DEFAULT NULL,
  `height` double(8,2) DEFAULT NULL,
  `weight` double(8,2) DEFAULT NULL,
  `created_at` timestamp NULL DEFAULT NULL,
  `updated_at` timestamp NULL DEFAULT NULL,
  `tax_id` int(10) UNSIGNED DEFAULT NULL,
  `views` bigint(20) NOT NULL DEFAULT 0,
  `stock_status` varchar(191) DEFAULT 'in_stock',
  `created_by_id` int(11) DEFAULT 0,
  `created_by_type` varchar(255) NOT NULL DEFAULT 'Botble\\ACL\\Models\\User',
  `image` varchar(255) DEFAULT NULL
) ENGINE=InnoDB DEFAULT CHARSET=utf8mb4 COLLATE=utf8mb4_unicode_ci;

--
-- Tablo döküm verisi `ec_products`
--

INSERT INTO `ec_products` (`id`, `name`, `description`, `content`, `status`, `images`, `sku`, `order`, `quantity`, `allow_checkout_when_out_of_stock`, `with_storehouse_management`, `is_featured`, `brand_id`, `is_variation`, `sale_type`, `price`, `sale_price`, `start_date`, `end_date`, `length`, `wide`, `height`, `weight`, `created_at`, `updated_at`, `tax_id`, `views`, `stock_status`, `created_by_id`, `created_by_type`, `image`) VALUES
(86, 'Philips 32PHS5505 HD 32\" 82 Ekran Uydu Alıcılı LED Televizyon', NULL, '<p><br>Philips 32PHS5505 32\" 80 Ekran Uydu Alıcılı HD LED TV<br>Estetik görünümüyle beğeni toplayan Philips 32PHS5505/62 32\" 80 Ekran Uydu Alıcılı Smart LED TV oldukça ince bir yapıya sahiptir. İnce tasarımı sayesinde hafif bir yapıya sahip olan televizyonu tek başınıza kolayca taşıyabilmeniz mümkündür. Alan kazanmak ve alanı etkili bir şekilde değerlendirmek için Smart TV\'den yararlanabilirsiniz. Zarif bir çerçeveye sahip olan LED TV, odaklanmayı kolaylaştıran tasarımıyla yayınları daha konforlu izleyebilmenizi sağlar. Philips televizyon, renkleri parlak ve doğal şekilde görebilmenize yardım eden LED ekran teknolojisinden yararlanır. Ürünün taban kısmına denge kazandıran şık ayaklar yardımıyla televizyonunuzu konsolunuza rahatça yerleştirebilirsiniz. Ayaklıklı tasarım sayesinde televizyonunuzun kayması da önlenir. Smart televizyonun gövde tuşları da bulunur. Gövde tuşlarından yardım alarak ürününüzün açma kapama işlemleriyle kanal değişikliği ve ses düzeyi değiştirme işlemlerini pratik bir şekilde gerçekleştirebilirsiniz.</p><p><strong>Sevdiğiniz Yayınları HD Kalitesinde Takip Edin</strong></p><p>Philips marka kullanışlı televizyon, 1366 x 768 piksellik çözünürlüğüyle HD görüntü kalitesini kullanımınıza sunar.<br>Dahili uydu alıcısına da sahip olan televizyon ile kanalları hafızaya alıp farklı türlerdeki yayınları keyifle seyredebilirsiniz.<br>Minimalist tasarımıyla dikkat çeken sade televizyonun ekranı 80 cm genişliğindedir.<br>Ürünün küçük boyutları sayesinde televizyonunuzu mutfağınızda ya da çalışma odanızda rahatlıkla değerlendirebilirsiniz.<br>Pixel Plus HD adlı görüntü motoru teknolojisi ile televizyonunuz yayınlardaki görüntüleri optimize etmeyi başarır.</p><p><br><strong>Gerçekçi Görüntülerle Yayın Kalitesini Artıran Televizyon</strong></p><p>Kontrast detayıyla öne çıkan Philips TV ile renklerin yarattığı zıtlığı çarpıcı bir şekilde ev ortamında deneyimleyebilirsiniz. Keskinlik yaratan televizyonla belgeselleri ve filmleri daha keyifli bir şekilde seyredebilmeniz olanaklı hale gelir. Açık renklerin daha parlak şekilde yansıtılmasını sağlayan televizyon, siyah renk tonlarını ise koyu olarak evinize ulaştırır. HDMI bağlantısı özelliğini de kullanımınıza sunan LED TV ile bilgisayarınızdaki görüntüleri daha geniş bir ekrandan izleyebilirsiniz. Pratik HDMI girişlerini kullanmanız bilgisayarınızla televizyonunuz arasında başarılı bir bağlantı kurabilmenizi sağlar. İşlevsel ürün, HDMI\'ın yanı sıra USB bağlantısına da olanak tanır. USB girişini kullanarak televizyonunuza taşıyıcı belleğinizi okutabilirsiniz. Bu bağlantı, USB içerisinde bulunan filmlerinizi ve şarkılarınızı TV üzerinden çalıştırabilmenize imkân tanır.</p><p><strong>Teknik Özellikler</strong></p><p>Çözünürlük (Piksel): 1366 x 768<br>Dahili Uydu Alıcı: Var<br>Ekran Ebatı: 32 inç / 80 cm<br>Ekran Formatı: 16:9<br>Görüntü Teknolojisi: LED</p><p><br><strong>Kullanışlı Kutu İçeriğiyle Televizyonunuzdan Verim Alın</strong></p><p>Kutu içerisindeki güç kablosunu kullanarak televizyonunuzu rahatça çalıştırabilirsiniz. Ürünün kutusunda bulunan kullanım kitapçığı, televizyonunuzdan daha verimli bir şekilde yararlanabilmenizi sağlar. Televizyonun özelliklerini ayrıntılı şekilde kitapçık üzerinden okuyarak öğrenebilirsiniz. Kutudaki uzaktan kumanda ile LED TV\'nizin tüm özelliklerini hızlı ve pratik bir biçimde kullanabilmeniz kolaylaşır. Ergonomik kumandanın üzerindeki kısayol tuşları da size zaman kazandırır.</p><p><strong>Hollanda Menşeli Teknoloji Devi</strong></p><p>Eindhoven kentinde 1891 yılında kurulan Philips, dünya çapında yüz milyonlarca kullanıcıya modern teknolojinin olanaklarını ulaştırır. Markanın tasarımlarında kullandığı zarif detaylar oldukça estetik ürünlere sahip olabilmenize olanak tanır. Philips\'in elektrik tüketimini azaltmaya yönelik ürünler geliştirmesi bütçenize katkıda bulunan teknolojilere evinizde sahip olabilmenize yardım eder.</p><p><strong>Basit ve Kullanışlı Tasarım</strong></p><p>Televizyonunun menü tasarımının sadeliği sayesinde ürünün tüm özelliklerini rahatça kullanabilirsiniz. Ses modlarıyla ürünün ses özelliklerini değiştirebilmenize olanak verir. Görüntü modlarıyla, yayınların özelliklerine göre alternatif seçeneklerden yararlanabilirsiniz. Surround ses özelliğini kullanıcılarına sunan televizyon ile yayınların sesleri odanıza eşit şekilde yayılır. Kulaklık çıkışına sahip olan ürün yardımıyla geceleri dışarıya sesin ulaşmasını önleyerek filmleri izleyebilmeniz mümkün olur. VESA bağlantısı ile duvara monte edebilmeniz için de uygun olan Philips televizyonun ağırlığı yalnızca 3.9 kilogramdır.</p>', 'published', '[\"products\\/61604dba44022.jpeg\"]', 'SKU-01', 0, 0, 0, 0, 1, 2, 0, 0, 2094, 1989, NULL, NULL, 0.00, 0.00, 0.00, 0.00, '2021-10-26 08:23:51', '2022-04-12 12:11:58', 1, 102, 'in_stock', 0, 'Botble\\ACL\\Models\\User', NULL),
(87, 'Xiaomi Mi Robot Vacuum Mop Essential Akıllı Robot Süpürge', NULL, '<p><strong>Rahat Kullanımıyla Xiaomi Mi Robot Vacuum Mop Essentials Robot Süpürge</strong></p><p><br>Hem manuel hem de uzaktan kontrol sağlayan Xiaomi Mi Robot Vacuum Mop Essentials robot süpürge son derece kolay bir şekilde kurulabiliyor. Kullanmış olduğunuz akıllı telefona programı indirerek temizliğinize yön verebilir, kendi eliniz değmiş hissi ile derin bir nefes alabilirsiniz. 2 saat boyunca kesintisiz yapmış olduğu temizliği kısa süre şarj olmak adına yarıda bırakarak otomatik şarj olma alanına gidip şarj olduktan sonra temizliğine kaldı yerden devam eder. Böylelikle evinizi uzun vadede sürekli temiz tutar. Koltuk altı, yatak altı, baza gibi girilmesi zor yerlere girerek sizler için en verimli temizliği gerçekleştirir. Detaylı algoritması sayesinde evdeki eşyalara çarpmadan rahatlıkla hareket eder. Böylelikle mobilyalarınızda çizik veya kırık gibi durumlar oluşturmadığı gibi kendine de zarar vermez. Xiaomi Mi Robot Vacuum Mop Essentials robot süpürge 2500 mAh pil gücü ve 2200 yüksek emiş gücü sayesinde gözle görülmeyecek en ufak tozları bile temizleyerek yaşam alanlarınızı en temiz hale getirir. Xiaomi Mi Robot Vacuum Mop Essentials robot süpürge sayesinde mikropları arındırabilir, kendinize ve sevdiklerinize daha güvenilir ve sağlıklı bir ortam hazırlayabilirsiniz. 2 cm’ye kadar erişebilen Xiaomi Mi Robot Vacuum Mop Essentials robot süpürge özellikleri sayesinde engellere takılmadan çalışmaya devam edebilir. Halı veya yerde bulunan kıyafetlerden kolay kolay etkilenmeyen bu cihaz, herhangi bir çarpma veya zedelenme durumunu önleyerek temizliklerini herhangi bir olumsuzluk olmadan devam eder. Bu nedenle evinizi Xiaomi Mi Robot Vacuum Mop Essentials robot süpürge ile temizlemeniz daha uygun olacaktır.</p>', 'published', '[\"products\\/6176ba011c314.jpeg\",\"products\\/6176ba017ad85.jpeg\",\"products\\/6176ba02495b2.jpeg\",\"products\\/6176ba01d9821.jpeg\"]', 'SKU-02', 0, 0, 0, 0, 1, 0, 0, 0, 2279, 2279, NULL, NULL, 0.00, 0.00, 0.00, 0.00, '2021-10-26 08:36:43', '2022-04-11 20:20:41', 1, 104, 'in_stock', 0, 'Botble\\ACL\\Models\\User', NULL),
(88, 'HP 250 G7 1Q2W4ES Intel Core i7-1065G7 8GB 256GB SSD O/B VGA 15.6', NULL, '<figure class=\"table\" style=\"width:100%;\"><table><tbody><tr><td><strong>İşlemci</strong></td><td>Intel Core i7</td></tr><tr><td><strong>İşlemci Nesli</strong></td><td>10.Nesil</td></tr><tr><td><strong>İşlemci Modeli</strong></td><td>i7-1065G7 1.30GHz Turbo 3.90GHz 8MB</td></tr><tr><td><strong>Çekirdek Sayısı</strong></td><td>Dört çekirdek işlemci</td></tr><tr><td><strong>Sistem Belleği (Gb)</strong></td><td>8 Gb</td></tr><tr><td><strong>Bellek Türü</strong></td><td>DDR4 2666MHz</td></tr><tr><td><strong>Bellek Düzeni</strong></td><td>1 x 8GB</td></tr><tr><td><strong>Max.Bellek</strong></td><td>8GB</td></tr><tr><td><strong>Toplam Bellek Slotu</strong></td><td>2</td></tr><tr><td><strong>Bellek Yükseltme</strong></td><td>Var</td></tr><tr><td><strong>Sabit Disk</strong></td><td>Yok</td></tr><tr><td><strong>SSD Slotu</strong></td><td>PCIe NVMe</td></tr><tr><td><strong>SSD</strong></td><td>256 Gb</td></tr><tr><td><strong>Ekran Kartı</strong></td><td>Paylaşımlı</td></tr><tr><td><strong>Grafik Genişliği</strong></td><td>64Bit</td></tr><tr><td><strong>Grafik Yapısı</strong></td><td>GDDR5</td></tr><tr><td><strong>Ekran Boyutu</strong></td><td>15.6 inc</td></tr><tr><td><strong>Dokunmatik Ekran</strong></td><td>Yok</td></tr><tr><td><strong>Ekran Özelliği</strong></td><td>Full HD (1920x1080)</td></tr><tr><td><strong>Ekran Çözünürlük</strong></td><td>1920 x 1080</td></tr><tr><td><strong>Ekran Yenileme Hızı</strong></td><td>60 Hz</td></tr><tr><td><strong>Optik Okuyucu</strong></td><td>Dvd Yazıcı</td></tr><tr><td><strong>İşletim Sistemi</strong></td><td>Free Dos</td></tr><tr><td><strong>Webcam</strong></td><td>HD Kamera</td></tr><tr><td><strong>Ses</strong></td><td>Dahili Hoparlör ve Mikrofon</td></tr><tr><td><strong>Kart Okuyucu</strong></td><td>Var</td></tr><tr><td><strong>Wi-Fi</strong></td><td>802.11ac</td></tr><tr><td><strong>Bluetooth</strong></td><td>Versiyon 4.2</td></tr><tr><td><strong>Ethernet</strong></td><td>Yok</td></tr><tr><td><strong>Hdmı</strong></td><td>Var</td></tr><tr><td><strong>Usb Portu</strong></td><td>2 x Usb 3.1</td></tr><tr><td><strong>Usb 3.0</strong></td><td>Var</td></tr><tr><td><strong>USB Type-C</strong></td><td>Yok</td></tr><tr><td><strong>Video Portu</strong></td><td>Yok</td></tr><tr><td><strong>Klavye Düzeni</strong></td><td>Numerik Q TR</td></tr><tr><td><strong>Klavye Özelliği</strong></td><td>Hafif kavisli tuşlar</td></tr><tr><td><strong>Touchpad</strong></td><td>Çoklu dokunmatik harekete duyarlı</td></tr><tr><td><strong>Pil Teknolojisi</strong></td><td>3 hücreli pil</td></tr><tr><td><strong>Paket İçeriği</strong></td><td>Notebook, Şarj Aleti</td></tr><tr><td><strong>Ağırlık</strong></td><td>1 kg - 2 kg</td></tr><tr><td><strong>Renk</strong></td><td>Siyah</td></tr></tbody></table></figure>', 'published', '[\"products\\/6045d050c5d91.jpg\"]', 'SKU-03', 0, 0, 0, 0, 0, 0, 0, 0, 9559, 9559, NULL, NULL, 0.00, 0.00, 0.00, 0.00, '2021-10-26 10:20:33', '2022-04-11 12:56:37', 3, 84, 'in_stock', 0, 'Botble\\ACL\\Models\\User', NULL),
(89, 'Xo termanını Erkek Siyah Skinny Fit Kot Pantolon', NULL, '<p>Ürünlerimiz XO Termanini özel kalıptır.</p><p>Ürünlerimiz dar kalıptır. Lütfen bir büyük beden sipariş verin.</p><p>Ürün Ölçüleri Görsellerde Yer Almaktadır.</p><p>Konsept çekimlerinde tonlar ışık farklılığından dolayı değişiklik gösterebilir.&nbsp;</p>', 'published', '[\"products\\/60cd2dade6a43.jpeg\",\"products\\/60cd2dbb41899.jpeg\"]', 'SKU-04', 0, 0, 0, 0, 0, 0, 0, 0, 129, 98.99, NULL, NULL, 0.00, 0.00, 0.00, 0.00, '2021-10-26 10:28:24', '2022-04-08 16:46:47', 0, 79, 'in_stock', 0, 'Botble\\ACL\\Models\\User', NULL),
(90, 'Xo termanını Erkek Siyah Skinny Fit Kot Pantolon', NULL, NULL, 'published', '[\"products\\/60cd2dade6a43.jpeg\",\"products\\/60cd2dbb41899.jpeg\"]', 'SKU-04', 0, 0, 0, 0, 0, 0, 1, 0, 129, 98.99, NULL, NULL, 0.00, 0.00, 0.00, 0.00, '2021-10-26 10:28:24', '2021-10-26 10:36:03', NULL, 0, 'in_stock', 0, 'Botble\\ACL\\Models\\User', NULL),
(91, 'Xo termanını Erkek Siyah Skinny Fit Kot Pantolon', NULL, NULL, 'published', '[null]', 'SKU-04', 0, 0, 0, 0, 0, 0, 1, 0, 129, 98.99, NULL, NULL, 0.00, 0.00, 0.00, 0.00, '2021-10-26 10:30:33', '2021-10-26 10:36:03', NULL, 0, 'in_stock', 0, 'Botble\\ACL\\Models\\User', NULL),
(92, 'Xo termanını Erkek Siyah Skinny Fit Kot Pantolon', NULL, NULL, 'published', '[]', 'SKU-04', 0, 0, 0, 0, 0, 0, 1, 0, 129, 98.99, NULL, NULL, 0.00, 0.00, 0.00, 0.00, '2021-10-26 10:31:03', '2021-10-26 10:36:03', NULL, 0, 'in_stock', 0, 'Botble\\ACL\\Models\\User', NULL),
(93, 'Xo termanını Erkek Siyah Skinny Fit Kot Pantolon', NULL, NULL, 'published', '[]', 'SKU-04', 0, 0, 0, 0, 0, 0, 1, 0, 129, 98.99, NULL, NULL, 0.00, 0.00, 0.00, 0.00, '2021-10-26 10:32:18', '2021-10-26 10:36:03', NULL, 0, 'in_stock', 0, 'Botble\\ACL\\Models\\User', NULL),
(94, 'Xo termanını Erkek Siyah Skinny Fit Kot Pantolon', NULL, NULL, 'published', '[]', 'SKU-04', 0, 0, 0, 0, 0, 0, 1, 0, 129, 98.99, NULL, NULL, 0.00, 0.00, 0.00, 0.00, '2021-10-26 10:32:38', '2021-10-26 10:36:03', NULL, 0, 'in_stock', 0, 'Botble\\ACL\\Models\\User', NULL),
(95, 'Xo termanını Erkek Siyah Skinny Fit Kot Pantolon', NULL, NULL, 'published', '[]', 'SKU-04', 0, 0, 0, 0, 0, 0, 1, 0, 129, 98.99, NULL, NULL, 0.00, 0.00, 0.00, 0.00, '2021-10-26 10:33:05', '2021-10-26 10:36:03', NULL, 0, 'in_stock', 0, 'Botble\\ACL\\Models\\User', NULL),
(96, 'Xo Termanını Mavi Jeans Kot Pantolon', NULL, '<p>Ürünlerimiz XO Termanini özel kalıptır.</p><p>Ürünlerimiz dar kalıptır. Lütfen bir büyük beden sipariş verin.</p><p>Ürün Ölçüleri Görsellerde Yer Almaktadır.</p><p>Konsept çekimlerinde tonlar ışık farklılığından dolayı değişiklik gösterebilir.&nbsp;</p>', 'published', '[\"products\\/60cd390556920.jpeg\",\"products\\/60cd39052fd80.jpeg\",\"products\\/60cd39057d8d1.jpeg\",\"products\\/60cd3905a56b5.jpeg\"]', 'SKU-05', 0, 0, 0, 0, 1, 0, 0, 0, 139, 94, NULL, NULL, 0.00, 0.00, 0.00, 0.00, '2021-10-26 10:35:49', '2022-04-11 23:03:04', 3, 146, 'in_stock', 0, 'Botble\\ACL\\Models\\User', NULL),
(97, 'Xo Termanını Mavi Jeans Kot Pantolon', NULL, NULL, 'published', '[\"products\\/60cd390556920.jpeg\",\"products\\/60cd39052fd80.jpeg\",\"products\\/60cd39057d8d1.jpeg\",\"products\\/60cd3905a56b5.jpeg\"]', 'SKU-05', 0, 0, 0, 0, 0, 0, 1, 0, 139, 94, NULL, NULL, 0.00, 0.00, 0.00, 0.00, '2021-10-26 10:35:49', '2021-10-26 10:38:35', NULL, 0, 'in_stock', 0, 'Botble\\ACL\\Models\\User', NULL),
(98, 'Xo Termanını Mavi Jeans Kot Pantolon', NULL, NULL, 'published', '[null]', 'SKU-05', 0, 0, 0, 0, 0, 0, 1, 0, 139, 94, NULL, NULL, 0.00, 0.00, 0.00, 0.00, '2021-10-26 10:37:08', '2021-10-26 10:38:35', NULL, 0, 'in_stock', 0, 'Botble\\ACL\\Models\\User', NULL),
(99, 'Xo Termanını Mavi Jeans Kot Pantolon', NULL, NULL, 'published', '[]', 'SKU-05', 0, 0, 0, 0, 0, 0, 1, 0, 139, 94, NULL, NULL, 0.00, 0.00, 0.00, 0.00, '2021-10-26 10:38:07', '2021-10-26 10:38:35', NULL, 0, 'in_stock', 0, 'Botble\\ACL\\Models\\User', NULL),
(100, 'Xo Termanını Mavi Jeans Kot Pantolon', NULL, NULL, 'published', '[]', 'SKU-05', 0, 0, 0, 0, 0, 0, 1, 0, 139, 94, NULL, NULL, 0.00, 0.00, 0.00, 0.00, '2021-10-26 10:38:29', '2021-10-26 10:38:35', NULL, 0, 'in_stock', 0, 'Botble\\ACL\\Models\\User', NULL),
(101, 'Marco Ferry Gri Melanj Erkek Cepli Düz Paça Önden Fermuarlı Kapşonlu Eşofman Takım', '<p>%74 Pamuk,%20 Polyester,%6 Elestan. İki İplik,Önden Fermuarlı Kapüşonlu Takım</p>', '<p>ÜRÜNLERİMİZ %100 ORJİNAL,AMBALAJLI,ETİKETLİ VE FATURALIDIR.</p><p>MARCO FERRY ERKEK ÖNDEN FERMUARLI,CEPLİ,DÜZ PAÇA,KAPŞONLU,İKİ İPLİK EŞOFMAN TAKIM...EDY201451...4 FARKLI RENK SEÇENEĞİ .SİYAH-LACİVERT-GRİ MELANJ ve ANTRASİT MELANJ</p><p>%74 Pamuk, %20 Polyester, %6 Elestan.<br>İki İplik, Lycralı Penye<br>Önden Fermuarlı.Cepli,Kapşonlu<br>Ürünümüzün paçaları Düz Paçalıdır.<br>Ürünün Tüm Cepleri Fermuarlıdır.<br>Renk Atmaz,Çekmez,Diz izi yapmaz.<br>&nbsp;Manken:1.87 BOY/ &nbsp;87 KİLO. Göğüs:104 cm.Bel:78 cm.Basen:104 cm...Üzerindeki Ürün L BEDEN dir&nbsp;</p><p><br>SATIN ALMA KISMINDA SORUN YAŞARSANIZ VEYA &nbsp;İSTEDİĞİNİZ BEDEN-RENK YOK İSE; LÜTFEN MAĞAZAYA SORU SOR BUTONUNA TIKLAYIP SORUNUNUZ VE STOK İÇİN BİLGİ İSTEYİNİZ.. . &nbsp;</p>', 'published', '[\"products\\/608ee756db8c9.jpeg\",\"products\\/608ee75757878.jpeg\",\"products\\/608ee757336b7.jpeg\",\"products\\/608ee7570f16f.jpeg\",\"products\\/608ee756db8c9.jpeg\",\"products\\/608ee75757878.jpeg\",\"products\\/608ee757336b7.jpeg\",\"products\\/608ee7570f16f.jpeg\",\"products\\/608ee756db8c9.jpeg\",\"products\\/608ee75757878.jpeg\",\"products\\/608ee757336b7.jpeg\",\"products\\/608ee7570f16f.jpeg\"]', 'SKU-06', 0, 0, 0, 0, 0, 0, 0, 0, 389, 335.32, NULL, NULL, 0.00, 0.00, 0.00, 0.00, '2021-10-26 10:44:06', '2022-04-12 21:40:34', 0, 126, 'in_stock', 0, 'Botble\\ACL\\Models\\User', NULL),
(102, 'Marco Ferry Gri Melanj Erkek Cepli Düz Paça Önden Fermuarlı Kapşonlu Eşofman Takım', NULL, NULL, 'published', '[null,\"products\\/608ee756db8c9.jpeg\",\"products\\/608ee75757878.jpeg\",\"products\\/608ee757336b7.jpeg\",\"products\\/608ee7570f16f.jpeg\"]', 'SKU-06', 0, 0, 0, 0, 0, 0, 1, 0, 389, 335.32, NULL, NULL, 0.00, 0.00, 0.00, 0.00, '2021-10-26 10:44:06', '2021-10-26 10:48:36', NULL, 0, 'in_stock', 0, 'Botble\\ACL\\Models\\User', NULL),
(103, 'Marco Ferry Gri Melanj Erkek Cepli Düz Paça Önden Fermuarlı Kapşonlu Eşofman Takım', NULL, NULL, 'published', '[]', 'SKU-06', 0, 0, 0, 0, 0, 0, 1, 0, 389, 335.32, NULL, NULL, 0.00, 0.00, 0.00, 0.00, '2021-10-26 10:47:05', '2021-10-26 10:48:36', NULL, 0, 'in_stock', 0, 'Botble\\ACL\\Models\\User', NULL),
(104, 'Marco Ferry Gri Melanj Erkek Cepli Düz Paça Önden Fermuarlı Kapşonlu Eşofman Takım', NULL, NULL, 'published', '[]', 'SKU-06', 0, 0, 0, 0, 0, 0, 1, 0, 389, 335.32, NULL, NULL, 0.00, 0.00, 0.00, 0.00, '2021-10-26 10:47:31', '2021-10-26 10:48:36', NULL, 0, 'in_stock', 0, 'Botble\\ACL\\Models\\User', NULL),
(105, 'Marco Ferry Gri Melanj Erkek Cepli Düz Paça Önden Fermuarlı Kapşonlu Eşofman Takım', NULL, NULL, 'published', '[]', 'SKU-06', 0, 0, 0, 0, 0, 0, 1, 0, 389, 335.32, NULL, NULL, 0.00, 0.00, 0.00, 0.00, '2021-10-26 10:47:57', '2021-10-26 10:48:36', NULL, 0, 'in_stock', 0, 'Botble\\ACL\\Models\\User', NULL),
(106, 'Marco Ferry Gri Melanj Erkek Cepli Düz Paça Önden Fermuarlı Kapşonlu Eşofman Takım', NULL, NULL, 'published', '[]', 'SKU-06', 0, 0, 0, 0, 0, 0, 1, 0, 389, 335.32, NULL, NULL, 0.00, 0.00, 0.00, 0.00, '2021-10-26 10:48:21', '2021-10-26 10:48:36', NULL, 0, 'in_stock', 0, 'Botble\\ACL\\Models\\User', NULL),
(107, 'GİYSA Cepli Salaş Mavi Ayrobin Pantolon 20016', '<p>Cepli Salaş Mavi Ayrobin Pantolon</p>', '<p>Salaş Pantolon, Rahat Kesim<br>%70 Poliester %24 Viskoz %3 Likra<br>Mankenin Boy: 1,70 Kilo: 52<br>Mankenin üzerindeki ürün S/36 bedendir.</p>', 'published', '[\"products\\/60ed795bdf9e4.jpeg\",\"products\\/60ed795c1876b.jpeg\",\"products\\/60ed795c71fdd.jpeg\",\"products\\/60ed795c448b0.jpeg\"]', 'SKU-07', 0, 0, 0, 0, 1, 0, 0, 0, 49.99, 49.99, NULL, NULL, 0.00, 0.00, 0.00, 0.00, '2021-10-26 11:11:22', '2022-04-11 13:26:54', 1, 81, 'in_stock', 0, 'Botble\\ACL\\Models\\User', 'products/60ed795bdf9e4.jpeg'),
(108, 'GİYSA Cepli Salaş Mavi Ayrobin Pantolon 20016', NULL, NULL, 'published', '[\"products\\/60ed795bdf9e4.jpeg\",\"products\\/60ed795c1876b.jpeg\",\"products\\/60ed795c71fdd.jpeg\",\"products\\/60ed795c448b0.jpeg\"]', 'SKU-07', 0, 0, 0, 0, 0, 0, 1, 0, 49.99, 49.99, NULL, NULL, 0.00, 0.00, 0.00, 0.00, '2021-10-26 11:11:22', '2022-04-11 08:21:02', NULL, 0, 'in_stock', 0, 'Botble\\ACL\\Models\\User', NULL),
(109, 'GİYSA Cepli Salaş Mavi Ayrobin Pantolon 20016', NULL, NULL, 'published', '[]', 'SKU-06', 0, 0, 0, 0, 0, 0, 1, 0, 49.99, 49.99, NULL, NULL, 0.00, 0.00, 0.00, 0.00, '2021-10-26 11:14:09', '2022-04-11 08:21:02', NULL, 0, 'in_stock', 0, 'Botble\\ACL\\Models\\User', NULL),
(110, 'GİYSA Cepli Salaş Mavi Ayrobin Pantolon 20016', NULL, NULL, 'published', '[]', 'SKU-06', 0, 0, 0, 0, 0, 0, 1, 0, 49.99, 49.99, NULL, NULL, 0.00, 0.00, 0.00, 0.00, '2021-10-26 11:14:55', '2022-04-11 08:21:02', NULL, 0, 'in_stock', 0, 'Botble\\ACL\\Models\\User', NULL),
(111, 'GİYSA Cepli Salaş Mavi Ayrobin Pantolon 20016', NULL, NULL, 'published', '[]', 'SKU-06', 0, 0, 0, 0, 0, 0, 1, 0, 49.99, 49.99, NULL, NULL, 0.00, 0.00, 0.00, 0.00, '2021-10-26 11:15:23', '2022-04-11 08:21:02', NULL, 0, 'in_stock', 0, 'Botble\\ACL\\Models\\User', NULL),
(112, 'KADIN KIRMIZI OMUZ DETAYLI BLUZ', '<p>KADIN KIRMIZI OMUZ DETAYLI BLUZ</p>', '<p>%95 viskoz %5 elastan</p><p>Manken üzerinde ki s/36 beden</p>', 'published', '[\"products\\/61039a324ee10.jpeg\",\"products\\/61039a324156a.jpeg\"]', 'SKU-07', 0, 0, 0, 0, 1, 0, 0, 0, 89.86, 89.86, NULL, NULL, 0.00, 0.00, 0.00, 0.00, '2021-10-26 11:20:38', '2022-04-11 09:20:32', 0, 118, 'in_stock', 0, 'Botble\\ACL\\Models\\User', 'products/61039a324ee10.jpeg'),
(113, 'KADIN KIRMIZI OMUZ DETAYLI BLUZ', NULL, NULL, 'published', '[\"products\\/61039a324ee10.jpeg\",\"products\\/61039a324156a.jpeg\"]', 'SKU-07', 0, 0, 0, 0, 0, 0, 1, 0, 89.86, 89.86, NULL, NULL, 0.00, 0.00, 0.00, 0.00, '2021-10-26 11:20:38', '2022-04-11 08:13:10', NULL, 0, 'in_stock', 0, 'Botble\\ACL\\Models\\User', NULL),
(114, 'Siyah Çiçek Desenli Elbise 1YXK6-44869-02', '<p>100 Polyester</p>', '<p>100 Polyester</p>', 'published', '[\"products\\/60795796c92a4.jpg\",\"products\\/607957953ca73.jpg\",\"products\\/60795793a99a3.jpg\"]', 'SKU-08', 0, 0, 0, 0, 1, 0, 0, 0, 101.53, 65.99, NULL, NULL, 0.00, 0.00, 0.00, 0.00, '2021-10-26 11:27:33', '2022-04-08 18:54:59', 3, 128, 'in_stock', 0, 'Botble\\ACL\\Models\\User', NULL),
(115, 'Siyah Çiçek Desenli Elbise 1YXK6-44869-02', NULL, NULL, 'published', '[\"products\\/60795796c92a4.jpg\",\"products\\/607957953ca73.jpg\",\"products\\/60795793a99a3.jpg\"]', 'SKU-08', 0, 0, 0, 0, 0, 0, 1, 0, 101.53, 65.99, NULL, NULL, 0.00, 0.00, 0.00, 0.00, '2021-10-26 11:27:33', '2021-10-26 11:50:02', NULL, 0, 'in_stock', 0, 'Botble\\ACL\\Models\\User', NULL),
(116, 'Siyah Çiçek Desenli Elbise 1YXK6-44869-02', NULL, NULL, 'published', '[]', 'SKU-07', 0, 0, 0, 1, 0, 0, 1, 0, 101.53, 65.99, NULL, NULL, 0.00, 0.00, 0.00, 0.00, '2021-10-26 11:29:11', '2021-10-26 11:50:02', NULL, 0, 'in_stock', 0, 'Botble\\ACL\\Models\\User', NULL),
(117, 'Siyah Çiçek Desenli Elbise 1YXK6-44869-02', NULL, NULL, 'published', '[]', 'SKU-07', 0, 0, 0, 1, 0, 0, 1, 0, 101.53, 65.99, NULL, NULL, 0.00, 0.00, 0.00, 0.00, '2021-10-26 11:29:43', '2021-10-26 11:50:02', NULL, 0, 'in_stock', 0, 'Botble\\ACL\\Models\\User', NULL),
(118, 'Bengi Alt903 Pierloti Masa Sandalye Takımı Karakartal', '<p>Bengi Alt903 Pierloti Masa Sandalye Takı</p>', '<p>1-Ankara siteler kalitesi, ürünü ve imalatı.</p><p>2-Sağlam şık ve kullanışlı.</p><p>3-İtinalı paketleme ve kargolama.</p><p>4-Birinci sınıf işçilik ve malzeme.</p><p>5-Şık, zarif modern stiller.</p><p>6 -Tüm Ürünler fabrikasyon değil el işçiliği.</p><p>7-Ürünlerimiz hemen tamamı istenen renkte yapılabilir yani emre amade üründür.</p><p>8- sandalye tornalı masa açılır 1 sınf suntalem</p><p>9- ölçü masa kapalı hali 80*130</p><p>&nbsp; &nbsp;Masa açık hali &nbsp; &nbsp;80*172</p><p>&nbsp; &nbsp; Masa ayak açıklığın 127*74</p><p>&nbsp; &nbsp; Sandalye otrum g 456 d 44 y 47</p><p>&nbsp; &nbsp; Benc &nbsp; &nbsp;100*46*476</p><p>&nbsp; &nbsp; Sandalye sırt g46 y 87 cm</p><p>10-Fiyat kalite raporu uyğun ürün</p><p>11- Ürünlerimize paketleme aşamasında hijyenik dezenfeksiyon uyğulanmaktadır</p>', 'published', '[\"products\\/607432528543a.jpg\",\"products\\/60743253e9d9d.jpg\",\"products\\/6074325515f00.jpg\",\"products\\/607432561495c.png\"]', 'SKU-09', 0, 0, 0, 0, 0, 0, 0, 0, 4072.5, 3258, NULL, NULL, 0.00, 0.00, 0.00, 0.00, '2021-10-26 11:35:24', '2022-04-13 08:03:55', 1, 89, 'in_stock', 0, 'Botble\\ACL\\Models\\User', NULL),
(119, 'PAPATYA ANKASTRE MİKRODALGA MİNİ FIRIN BANYO MUTFAK KİTAPLIK ÇOK AMAÇLI DOLAP bdx127', '<p>PAPATYA ANKASTRE MİKRODALGA MİNİ FIRIN BANYO MUTFAK KİTAPLIK ÇOK AMAÇLI DOLAP bdx127</p>', '<p>Mobilya Genel Özellikleri</p><p>*Ürün Ölçüleri; 59.6*168.20*48 cm</p><p>(Genişlik x Yükseklik x Derinlik)</p><p>*Ankastre Fırın Girecek Bölüm;</p><p>56*59*48 cm</p><p>(Genişlik x Yükseklik x Derinlik)</p><p>*Mini Fırın Girecek Bölüm;</p><p>56*40*43 cm</p><p>( Genişlik x Yükseklik x Derinlik )</p><p>*Ürün Çeşidi Bilgilendirme; Mutfak<br>ve ihtiyacınız olacak diğer odalarda kullanabileceğiniz çok Amaçlı Dolap. Otel,<br>Pansiyon, Apart, Salon, Bebek odası, Genç odası, Banyo, Mutfak, Ofis, Balkon,<br>Kiler gibi Evlerimizle orantılı olarak küçülen odaların, doğru kullanım ile ne<br>kadar genişleyebileceğine şaşırabilirsiniz. Eşyaların yerleşimleri gibi<br>detaylar kullanılan alanlarda fark edilebilir şekilde yer kazanmanızı<br>sağlayabilir. Özellikle badex gruplarında doğru tercihler ile mümkün olan<br>ferahlığı ve ergonomiyi yakalamak mümkün. Odalarınız İster küçük isterse de<br>büyük olsun her odaya uygun, tasarım mobilya ürün gruplarımız kaliteli hizmet<br>ve müşteri memnuniyeti anlayışı ile badex adresinden ulaşabilirsiniz.</p><p>*Sipariş Vermeden Önce; Ürün<br>detaylarını ve ölçülerini kontrol etmenizi önemle rica ederiz. Ürün<br>görsellerindeki aksesuarlar dekorasyon amaçlı olup, fiyata dahil değildir.</p><p>Malzeme Tipi; Ürünlerimizin tamamı<br>yüksek kalite melamin yüzeye sahip 18mm 1. kalite yonga levha ve kenarlarında<br>1. sınıf 1 mm PVC kenar bant, kullanılmaktadır. Özellikle dikkat etmeniz<br>gereken modüler ürün gruplarında kullanılan PVC kalınlıklarıdır. Bir başka<br>dikkat edilmesi gereken husus sağlam uzun yıllar kullanabileceğiniz markalı 1.<br>sınıf aksesuarlar bağlantı parçaları kullanılarak üretilen Modüllerdir. badex,<br>tüm ürünlerinde çevreye ve sağlığa zararsız E1 Avrupa standartlarında<br>malzemeler kullanırken ürünlerinin tamamı demonte ürün grubu olup, basit el<br>aletleri ile pratik bir şekilde kurulumu gerçekleştirebilirsiniz. badex<br>ürünleri kalitelidir, lütfen kendi sağlığınız, memnuniyetiniz ve verdiğiniz<br>paranın hakkını alabilmek için taklit ve düşük kalitesiz ürünlerden sakınınız.</p><p>*Dolap Tipi; 4 Kapak, Mikrodalga<br>Mini fırın Dolap içi 5 Bölme Bulunmaktadır.</p><p>*Renk; Beyaz</p><p>*Garanti Süresi; 3 Yıl</p><p>Üretim ve işçilik hatalarına karşı 3<br>Yıl garantilidir. Koli açımı sonrası hasar tespit edilen ürün parçası, kurulumu<br>yapılmamış parçalarda hasar olduğu zaman ürün parçası tespit edilip 1-2 Gün<br>içinde ÜCRETSİZ gönderim sağlanır. Kullanılmış, kurulmuş ürünlerin YENİ ve<br>satılabilir özelliğini kaybetmiş olmasından dolayı iptali ve iadesi<br>yapılamamaktadır.</p><p>*Bakım ve Temizlik; Nemli bir bezle<br>temizlenebilir. Deterjan gerektirmez. Su ve sıcak ile uzun süreli temasından<br>kaçının.</p><p>*Ürünün Montajı; İncelemiş olduğunuz<br>ürün \"demonte\" şekilde sevk edilmekte olup, kurulum gerektirmektedir.<br>Ürünün kurulumu için gerekli tüm malzemeler teslim edilen paket içerisinde<br>olup, bazı ürünlerde ek olarak tornavida gerekebilir.</p><p>Kargolama &amp; Teslimat Süresi;</p><p>*Kargo Firması; Üreticiden Sevk<br>Kargo Tatil günleri hariç Siparişleriniz 24 saat içerisinde kargoya teslim<br>edilmektedir.</p><p>*Kargo Hızı ve Teslimatı;<br>Siparişleriniz tarafınıza, kargo ya da lojistik firmaları ile gönderilirken,<br>siparişin teslimatı firmaların hızına, bulunduğunuz bölgeye ulaşımına ve resmi<br>tatil günlerine teslimat adresinin merkeze uzaklığına göre süre<br>değişebilmektedir. Alan dışı (Kargoların getirmediği adres! ) olması durumunda<br>Paketinizi şubeden kendi imkanlarınızla almanız gerekmektedir.</p><p>*Kargo Teslimi; Ürün teslim alınmış<br>ve daha sonradan koli içerisinden hasar tespit edilen kırık veya hatalı parça<br>ÜCRETSİZ değişimi yapılabilmektedir.</p><p>Ürün kargoya iade sırasında<br>Kesinlikle orijinal kolisinde, irsaliyesi veya irsaliyeli faturası ile birlikte<br>gönderim yapılmalıdır.</p><p>Ürünleri teslim alırken koliyi<br>kontrol ediniz, hasarlı koliyi lütfen teslim almayınız, teslim almadığınıza<br>dair tutanak tutturunuz ve nedenini açıkça anlaşılır şekilde yazınız.</p><p>Kullanılmış, kurulmuş ürünlerin YENİ<br>ve satılabilir özelliğini kaybetmiş olmasından dolayı iptali ve iadesi<br>yapılamamaktadır.</p><p>İade işlemleri esnasında keyfi ve<br>habersiz iade yapılamaz.</p><p>Satıcı hatasından veya ürünün ayıplı<br>olmasından değil de cayma nedeniyle iade ediliyorsa kargo masrafları müşteri<br>tarafından ödenir.</p><p>Belirtilen açıklamaya uyulmaması<br>durumunda. Ürün Depo kargo kabul personeli tarafından teslim alınmamaktadır.</p><p>Destek için Telefon; 0553 804 56 43</p><p>Hafta içi çalışma saatimiz<br>10:00-18:00</p><p>30 DESİ ÜZERİ ÜRÜNLERİ KARGO<br>FİRMASININ BULUNDUĞUNUZ KATA ÇIKARTMA ZORUNLULUĞU YOKTUR. KENDİ İMKANLARINIZDA<br>ÇIKARTMANIZ GEREKMEKTEDİR</p>', 'published', '[\"products\\/61542bee677c0.jpeg\",\"products\\/61542bee3136c.jpeg\",\"products\\/61542bedf083a.jpeg\",\"products\\/61542bee81d7d.jpeg\"]', 'SKU-10', 0, 0, 0, 0, 1, 0, 0, 0, 569.9, 552.8, NULL, NULL, 0.00, 0.00, 0.00, 0.00, '2021-10-26 11:41:10', '2022-04-09 20:53:08', 1, 71, 'in_stock', 0, 'Botble\\ACL\\Models\\User', NULL),
(120, 'Ahşap Gemisi Wiskonsin Karyola', '<p>160x200</p>', '<p>Masif ahşap malzemeden üretilmiştir.</p><p>Aydınlatma özelliği yoktur</p><p>Mobilyalarınızı nemli bezle silerek temizleyebilirsiniz.</p><p>Direkt güneş ışığından koruyunuz.</p><p>Sıcak yüzeylerin ve suyun uzun süreli yüzeye temasından kaçınınız.&nbsp;</p>', 'published', '[\"products\\/607ee9bd5deca.jpeg\"]', 'SKU-11', 0, 0, 0, 0, 1, 0, 0, 0, 6700.32, 6700.32, NULL, NULL, 0.00, 0.00, 0.00, 0.00, '2021-10-26 11:53:32', '2022-04-12 21:43:06', 1, 90, 'in_stock', 0, 'Botble\\ACL\\Models\\User', NULL),
(121, 'MyWondry Çok amaçlı S Çiçeklik Dekoratif Çiçeklik', NULL, '<p>%100 masif ahşaptan tamamen elde üretilmiştir.</p><p>Ebat : EN: 65 cm BOY: 55 cm Derinlik : 25 cm</p><p>Masif ahşaptan elde boyanarak üretildiğinden dolayı renk ve ağacın budak - desen kısmı gibi alanlarda resimdeki ürün ile arasında ufak farklılıklar olabilir. Natural ceviz tonda boyanmıştır.</p><p>Görselde yer alan aksesuarlar ürüne dahil değildir. Fikir vermesi açısından kullanılmıştır.</p><p>Bir adet fiyatıdır.</p><p>Saksı Tabla Ebatı 25*25 cm\'dir.</p>', 'published', '[\"products\\/611e6af654444.jpeg\",\"products\\/611e6af679ca1.jpeg\",\"products\\/611e6af69fe4e.jpeg\"]', 'SKU-12', 0, 0, 0, 0, 1, 0, 0, 0, 189, 141.75, NULL, NULL, 0.00, 0.00, 0.00, 0.00, '2021-10-26 12:08:53', '2022-04-11 22:34:56', 1, 66, 'in_stock', 0, 'Botble\\ACL\\Models\\User', NULL),
(122, '4lü Siyah El İşlemesi Makromeli Peçete Halkası', NULL, '<p>Geri Dönüştürülmüş Yüksek Kaliteli %100 Pamuk İpliğinden Siparişiniz Üzerine Size Özel Üretilmektedir.Halka Kısmı Tamamen Ahşap Malzemelerden Üretilmiştir. Ürünü Kullanmadan Önce Püsküllerin İnce Tarakla Taranması Ve Püskül Dışındaki Kısımlara Buharlı Ütü İle Ütülenmesi Önerilir.Ekran Renk Ayar Farklılıklarından Ve Çekimlerden Kaynaklanan Ufak Renk Farklılıkları Olabilir. Makrome Ürünler Hassas Elişi Ürünler Olduğu İçin Ilık Su Dolu Bir Kapta Beyaz Sabun İle Çitilemeden Yıkanmalıdır.Makrome, Düğümleme (Dokuma Veya Örgü Yerine) Teknikleri Kullanılarak Üretilen Bir Tekstil Şeklidir. Paket İçeriği ; 4 Adet El Yapımı Makrome Peçete Halkası Olarak Gönderilecektir.</p>', 'published', '[\"products\\/60df2320707ea.jpg\"]', 'SKU-13', 0, 0, 0, 0, 1, 1, 0, 0, 44.99, 26.99, NULL, NULL, 0.00, 0.00, 0.00, 0.00, '2021-10-26 12:12:30', '2022-04-11 13:17:56', 0, 96, 'in_stock', 0, 'Botble\\ACL\\Models\\User', 'products/60df2320707ea.jpg'),
(123, 'Banyoma SET 5 Parça Piramit Şık Beyaz Banyo Seti', '<p>Ücretsiz Kargo Hızlı Teslimat</p>', '<p>Piramit banyo aksesuar seti son teknoloji sistem ile tasarlandı ve sizler için özenle üretildi.<br>Üçgen kabarık dokusu olan, modern tarzda tasarlanmış silindir şekilli formdaki bu banyo setine gümüş rengi dinamik bir görünüm verir.<br>En kaliteli Malzemeden tasarlanmış çöp kovası(en18 boy18 yükseklik23), tuvalet fırçası(10 10 13), sıvı sabunluk(8 8 14), katı sabunluk(12 12 14) ve diş fırçalıktan (8 8 11)oluşan piramit banyo setine ilk siz sahip olun. Toplam ağırlık :3060 Ürün özellikleri<br>Içerik : Çöp kovası, tuvalet fırçası, sıvı sabunluk, diş fırçalık,pamukluk, katı sabunluk Bakım : Elde su ile yıkayınız. Kimyasal oranı yüksek olan temizlik malzemeleri kullanmayınız.Malzeme : Kalsit ve özel karışım(Mermer Tozu) renk : Gümüş , Şekil : Silindir Menşei : Türkiye, Kullanım : Banyo</p>', 'published', '[\"products\\/611a82dd22f0a.jpeg\",\"products\\/611a82dd47dfe.jpeg\",\"products\\/611a82dcf2174.jpeg\",\"products\\/611a82dd6ca3e.jpeg\",\"products\\/611a82dcccb3b.jpeg\"]', 'SKU-14', 0, 0, 0, 0, 1, 0, 0, 0, 219.9, 219.9, NULL, NULL, 0.00, 0.00, 0.00, 0.00, '2021-10-26 12:16:24', '2022-04-11 22:22:54', 0, 82, 'in_stock', 0, 'Botble\\ACL\\Models\\User', NULL),
(124, 'Monster University - Sevimli Canavarlar Üniversitesi Blu-Ray', NULL, '<h2 style=\"margin-left:0px;text-align:center;\">Monster University - Sevimli Canavarlar Üniversitesi</h2><p style=\"margin-left:0px;\"><strong>\"Çok Eğlenceli Ve Kalpleri Isıtacak Bir Film.\"</strong>&nbsp;&nbsp;<br><i><strong>Chris Nashawaty</strong></i>&nbsp;&nbsp;<br><i>Entertainment Weekly</i>&nbsp;&nbsp;<br><br><span style=\"color:rgb(51,51,51);\">Disney.Pixar, bu kahkaha dolu ve kalpleri ısıtacak filmde, iki uyumsuz canavarın tanışıp, hayat boyu sürecek bir arkadaşlığa başlamasının hikayesini anlatıyor.&nbsp;</span> &nbsp;&nbsp;<br><span style=\"color:rgb(51,51,51);\">Henüz küçük bir canavarken bile Korkutucu olmayı hayal eden Mike Wazowski, en iyi Korkutucuların Sevimli Canavarlar Üniversitesi\'nden mezun olduğunu bilir. Ne var ki, okuldaki ilk döneminde doğuştan Korkutucu olan, havalı James P. Sullivan \"Sulley\" ile karşılaşan Mike\'ın planları raydan çıkar. İkilinin kontrolden çıkan rekabetçi ruhu, Üniversite\'nin prestijli Korkutma Programı\'ndan atılmalarına neden olur. Hayalleri geçici olarak suya düşen ikili, işleri düzeltmek için, birkaç tuhaf yaratığın da desteğiyle, birlikte çalışmak zorundadır.</span></p><p style=\"margin-left:0px;\"><span style=\"color:rgb(51,51,51);\">YÖNETMEN: &nbsp; &nbsp;</span> &nbsp;Dan Scanlon</p><p style=\"margin-left:0px;\"><span style=\"color:rgb(51,51,51);\">DİLLER: &nbsp; &nbsp; &nbsp; &nbsp; &nbsp; Türkçe 5.1 , İngilizce 7.1</span></p><p style=\"margin-left:0px;\"><span style=\"color:rgb(51,51,51);\">ALTYAZILAR:&nbsp;</span> &nbsp;&nbsp;&nbsp;&nbsp;&nbsp;&nbsp; <span style=\"color:rgb(51,51,51);\">Türkçe , İngilizce</span></p><p style=\"margin-left:0px;\"><span style=\"color:rgb(51,51,51);\">SÜRE: &nbsp; &nbsp; &nbsp; &nbsp; &nbsp; &nbsp; &nbsp;104 Dakika</span></p><p style=\"margin-left:0px;\"><span style=\"color:rgb(51,51,51);\">GÖRÜNTÜ: &nbsp; &nbsp; &nbsp; 1.85:1</span></p>', 'published', '[\"products\\/5c9380fac8173.jpg\"]', 'SKU-15', 0, 0, 0, 0, 1, 0, 0, 0, 49.98, 49.98, NULL, NULL, 0.00, 0.00, 0.00, 0.00, '2021-10-26 12:22:53', '2022-04-11 19:14:19', 3, 68, 'in_stock', 0, 'Botble\\ACL\\Models\\User', NULL),
(125, 'Double Shock Ps3 Kablosuz Oyun Kolu', NULL, '<p>Double Shock Ps3 Kablosuz Oyun Kolu</p>', 'published', '[\"products\\/605133a19391e.jpg\"]', 'SKU-16', 0, 0, 0, 0, 1, 0, 0, 0, 150, 86.9, NULL, NULL, 0.00, 0.00, 0.00, 0.00, '2021-10-26 12:26:41', '2022-04-11 22:41:16', 3, 70, 'in_stock', 0, 'Botble\\ACL\\Models\\User', NULL),
(126, 'Donizetti Kısa Sap Bağlama Saz Full Set', '<p>Stoklarla Sınırlı Kampanyalı Ürün</p>', '<p>Kısa Sap Bağlama Nokta Sedefli Donizetti</p><p>Ürün Özellikleri</p><p>Sap Gurgen Ağacı<br>Gürgen Burgu<br>Gövde Dut Ağacı<br>Hediyeler Bağlama Kılıfı<br>Tezene<br>1 Takım Tel<br>Kargoda hasar görmemesi için özel kutu ile ambalajlama yapılmaktadır.</p>', 'published', '[\"products\\/60632d361451f.jpeg\",\"products\\/60632d362c661.jpeg\",\"products\\/60632d3645598.jpeg\"]', 'SKU-17', 0, 0, 0, 0, 1, 0, 0, 0, 399.01, 399.01, NULL, NULL, 0.00, 0.00, 0.00, 0.00, '2021-10-26 12:33:53', '2022-04-11 21:59:50', 3, 86, 'in_stock', 0, 'Botble\\ACL\\Models\\User', NULL),
(127, 'Afrodit Çıldırmış Olmalı Alfa Yayınları Başvuru Türkçe 13,5 X 19,5 Ciltsiz', NULL, '<p>DOKTOR BENİ BAŞTAN YARAT! Hokka gibi bir burun, kiraz dudaklar, pürüzsüz bir cilt, dolgun göğüsler, gergin ve düz bir karın, dar kalçalar. İşte kusursuz güzellik. Tarihin başlangıcından bu yana öncelikle kadınların ve artık erkeklerin de tutkusu. Estetik cerrahinin sınırları ve olanakları geliştikçe bu hedefe biraz daha yaklaşıyoruz. Afrodit estetik cerrahide bu hedefe biraz daha yaklaşıyoruz. Afrodit estetik cerrahide gelinen son noktayı görebilseydi kıskançlıktan çıldırdı! Afrodit Çıldırmış Olmalı, Opr. Dr. Yaşar Sarıgül\'ün uzman görüş ve deneyimleri ışığında, Berlin\'deki Lacomed Clinic\'in zengin görsel arşivi ile estetik cerrahideki son yenilikleri ve uygulama alanlarını tüm açıklığıyla gözler önüne seriyor. Burun, kaş kaldırma ameliyatları, Botox, silikon protezler, yağ eritici iğneler, ameliyatların riskleri ve estetik cerrahi hakkında bilmek istediğiniz her şey bu kitapta.</p>', 'published', '[\"products\\/60b0de21a4cf3.jpg\"]', 'SKU-18', 0, 0, 0, 0, 0, 0, 0, 0, 34.44, 34.44, NULL, NULL, 0.00, 0.00, 0.00, 0.00, '2021-10-26 12:38:53', '2022-04-12 21:43:08', 3, 83, 'in_stock', 0, 'Botble\\ACL\\Models\\User', NULL),
(128, 'Tyt Kimya Dekatlon 30 Deneme Ankara Yayıncılık', '<p>Hızlı Kargo</p>', '<p>Tyt Kimya Dekatlon 30 Deneme Ankara Yayıncılık</p>', 'published', '[\"products\\/60af765313a7a.jpg\"]', 'SKU-19', 0, 0, 0, 0, 1, 0, 0, 0, 20, 17, NULL, NULL, 0.00, 0.00, 0.00, 0.00, '2021-10-26 12:47:55', '2022-04-12 21:42:23', 3, 73, 'in_stock', 0, 'Botble\\ACL\\Models\\User', NULL),
(129, 'Startech Safir S8 / 800 Watt Cami Anfisi', '<p>Çıkış Gücü 2x400 Watt 4 ohm Güç8 Mikrofon girişi8 Line Giriş8 Kan</p>', '<p>Startech Safir S8 / 800 Watt Stereo Power Mixer Cami Anfisi</p><p>&nbsp;</p><p>Çıkış Gücü 2x400 Watt 4 ohm Güç</p><p>8 Mikrofon girişi</p><p>8 Line Giriş</p><p>8 Kanal Ses Kontrolü</p><p>Master Ses, Baz, Tiz Kontrolü</p><p>Master Ses, Eko, Kontrolü</p><p>Derinlik Kontrolü</p><p>Ses Tekrar Kontrolü</p><p>Ses Geçiktirme Kontrolü</p><p>Her Kanalda Ayrı Ayrı Ses, Tiz, Eko, Bas Ayarı</p><p>Mix Out</p><p>Fan Soğutmalı</p><p>Çıkış empedansı 4 ohm</p><p>Led Lamba Göstergesi</p><p>Ağırlık 17 Kğ</p><p>Ebat : 483x205x325mm</p><p><br>İç Dış Kontrol Özelliği Sadece Trafolu Modellerde Geçerlidir. &nbsp;</p><p>Caminizin Ses Kalitesini Elektronikse ile En Üst Seviyelere Çıkarın</p><p>Startech Cami Ses Amfileri ile Mükkemmel ses Kalitesini Yakalayın.</p>', 'published', '[\"products\\/60ccbd9ddf0fc.jpg\",\"products\\/60ccbd9e5393c.jpg\"]', 'SKU-19', 0, 0, 0, 0, 1, 0, 0, 0, 4910, 3439.95, NULL, NULL, 0.00, 0.00, 0.00, 0.00, '2021-10-26 12:53:19', '2022-04-11 19:53:26', 3, 77, 'in_stock', 0, 'Botble\\ACL\\Models\\User', NULL),
(130, 'Tıraş Kolonyası 250 ML Cool', '<p>Erkek Bakım</p>', '<p>Arko Tıraş Kolonyası 250 ML Cool</p>', 'published', '[\"products\\/613f582dedbf8.jpg\"]', 'SKU-20', 0, 0, 0, 0, 1, 0, 0, 0, 97, 97, NULL, NULL, 0.00, 0.00, 0.00, 0.00, '2021-10-26 12:57:54', '2022-04-11 10:13:42', 3, 123, 'in_stock', 0, 'Botble\\ACL\\Models\\User', NULL),
(131, 'Estella Cımbız Ac-007', '<p>Estella Cımbız Ac-007</p>', '<p>Estella Cımbız Ac-007</p>', 'published', '[\"products\\/612aad35525bd.jpg\"]', 'SKU-21', 0, 0, 0, 0, 1, 0, 0, 0, 28.2, 28.2, NULL, NULL, 0.00, 0.00, 0.00, 0.00, '2021-10-26 13:01:29', '2022-04-11 03:44:42', 3, 95, 'in_stock', 0, 'Botble\\ACL\\Models\\User', NULL),
(132, 'Jagler EDT 50 ml Erkek Parfüm Seti', NULL, '<p>Jagler EDT 50 ml Erkek Parfüm Seti</p>', 'published', '[\"products\\/607f7e07cd350.jpg\"]', 'SKU-22', 0, 0, 0, 0, 0, 0, 0, 0, 88, 48.84, NULL, NULL, 0.00, 0.00, 0.00, 0.00, '2021-10-26 13:11:52', '2022-04-12 21:43:24', 3, 121, 'in_stock', 0, 'Botble\\ACL\\Models\\User', NULL),
(133, 'Her Story Love Inspires Edp Kadın Parfümü', '<p>Her Story Love Inspires Edp Kadın Parfümü 50 ml Ücretsiz kargo</p>', '<p>Duygusal yasemin, güçlü süsen çiçeği, alt notalarında şımartan pralinle tasarlanan feminen bir parfüm.<br>Her Story Love Inspires Edp Kadın Parfümü 50 ml Ücretsiz kargo</p>', 'published', '[\"products\\/61153554a1ee7.jpeg\"]', 'SKU-23', 0, 0, 0, 0, 1, 0, 0, 0, 84.99, 84.99, NULL, NULL, 0.00, 0.00, 0.00, 0.00, '2021-10-26 13:19:54', '2022-04-13 08:01:00', 3, 145, 'in_stock', 0, 'Botble\\ACL\\Models\\User', 'products/61153554a1ee7.jpeg'),
(134, 'Flormar By Pretty Baked Hıghlıghter 30 Beige', NULL, '<p>Flormar By Pretty Baked Hıghlıghter 30 Beige</p>', 'published', '[\"products\\/611e51b4525f3.jpg\"]', 'SKU-24', 0, 0, 0, 0, 1, 0, 0, 0, 61.45, 48.28, NULL, NULL, 0.00, 0.00, 0.00, 0.00, '2021-10-26 13:37:13', '2022-04-13 07:58:10', 3, 150, 'in_stock', 0, 'Botble\\ACL\\Models\\User', NULL),
(135, 'Freya, FR PLUS GÜNEŞ KREMİ, UV Q10', NULL, '<p>Deniz, kum ve güneş tatile hazır mısınız?</p><p>Freya, FR PLUS Güneş Kremi, özel formülü ve yüksek koruyuculuğu sayesinde cildinizi korur ve nemlendirir. UV ışınlarının olumsuz etkilerine yönelik UV filtreler, zetinyağı ve koenzim Q10 ile zenginleştirilmiştir.</p>', 'published', '[\"products\\/61320471674bd.jpeg\",\"products\\/6132047193471.jpeg\",\"products\\/613204717d595.jpeg\",\"products\\/61320471a84aa.jpeg\"]', 'SKU-25', 0, 0, 0, 0, 1, 0, 0, 0, 77.3, 30.92, NULL, NULL, 0.00, 0.00, 0.00, 0.00, '2021-10-26 13:44:56', '2022-04-13 08:03:20', 3, 157, 'in_stock', 0, 'Botble\\ACL\\Models\\User', 'products/61320471674bd.jpeg'),
(136, 'Samsung Galaxy S9 Cep Telefonu 64GB', '<p>Samsung Türkiye Garantili-ADINIZA FATURALI-SIFIR KUTUSUNDA ÜCRETSİZ KARGO</p>', '<figure class=\"table\" style=\"width:1168px;\"><table style=\"border:0px solid rgb(222, 222, 222);\"><tbody><tr><td style=\"border:0px solid rgb(222, 222, 222);padding:0.5rem;\">Dahili Hafıza</td><td style=\"border:0px solid rgb(222, 222, 222);padding:0.5rem 0.5rem 0.5rem 1rem;\">64 GB</td></tr><tr><td style=\"background-color:rgba(244,244,244,var(--bg-opacity));border:0px solid rgb(222, 222, 222);padding:0.5rem;\">İşletim Sistemi</td><td style=\"background-color:rgba(244,244,244,var(--bg-opacity));border:0px solid rgb(222, 222, 222);padding:0.5rem 0.5rem 0.5rem 1rem;\">Android Telefonlar</td></tr><tr><td style=\"border:0px solid rgb(222, 222, 222);padding:0.5rem;\">Ram Kapasitesi</td><td style=\"border:0px solid rgb(222, 222, 222);padding:0.5rem 0.5rem 0.5rem 1rem;\">6 GB</td></tr><tr><td style=\"background-color:rgba(244,244,244,var(--bg-opacity));border:0px solid rgb(222, 222, 222);padding:0.5rem;\">Kamera Çözünürlüğü</td><td style=\"background-color:rgba(244,244,244,var(--bg-opacity));border:0px solid rgb(222, 222, 222);padding:0.5rem 0.5rem 0.5rem 1rem;\">8 - 12,9 MP</td></tr><tr><td style=\"border:0px solid rgb(222, 222, 222);padding:0.5rem;\">Batarya Kapasitesi</td><td style=\"border:0px solid rgb(222, 222, 222);padding:0.5rem 0.5rem 0.5rem 1rem;\">3500 - 3999 mAh</td></tr><tr><td style=\"background-color:rgba(244,244,244,var(--bg-opacity));border:0px solid rgb(222, 222, 222);padding:0.5rem;\">Ekran Boyutu</td><td style=\"background-color:rgba(244,244,244,var(--bg-opacity));border:0px solid rgb(222, 222, 222);padding:0.5rem 0.5rem 0.5rem 1rem;\">6 inç ve Üzeri</td></tr><tr><td style=\"border:0px solid rgb(222, 222, 222);padding:0.5rem;\">Ekran Tipi</td><td style=\"border:0px solid rgb(222, 222, 222);padding:0.5rem 0.5rem 0.5rem 1rem;\">Süper AMOLED</td></tr><tr><td style=\"background-color:rgba(244,244,244,var(--bg-opacity));border:0px solid rgb(222, 222, 222);padding:0.5rem;\">Marka</td><td style=\"background-color:rgba(244,244,244,var(--bg-opacity));border:0px solid rgb(222, 222, 222);padding:0.5rem 0.5rem 0.5rem 1rem;\">Samsung</td></tr></tbody></table></figure>', 'published', '[\"products\\/5c2f96eb79289.jpeg\",\"products\\/5c2f96ec03be8.jpeg\",\"products\\/5c2f96eb79289.jpeg\",\"products\\/5c2f96ec03be8.jpeg\"]', 'SKU-26', 0, 10, 0, 1, 0, 16, 0, 0, 6500, 6289, NULL, NULL, 0.00, 0.00, 0.00, 0.00, '2021-10-27 07:07:24', '2022-04-10 11:23:06', 3, 74, 'in_stock', 0, 'Botble\\ACL\\Models\\User', NULL),
(137, 'Samsung Galaxy S9 Cep Telefonu 64GB', NULL, NULL, 'published', '[null,\"products\\/5c2f96eb79289.jpeg\",\"products\\/5c2f96ec03be8.jpeg\"]', 'SKU-26', 0, 0, 0, 0, 0, 16, 1, 0, 6500, 6289, NULL, NULL, 0.00, 0.00, 0.00, 0.00, '2021-10-27 07:07:24', '2021-10-27 07:09:09', NULL, 0, 'out_of_stock', 0, 'Botble\\ACL\\Models\\User', NULL),
(138, 'Samsung Galaxy S9 Cep Telefonu 64GB', NULL, NULL, 'published', '[null]', 'SKU-26', 0, 10, 0, 1, 0, 16, 1, 0, 6500, 6289, NULL, NULL, 0.00, 0.00, 0.00, 0.00, '2021-10-27 07:08:46', '2021-10-27 07:09:51', NULL, 0, 'in_stock', 0, 'Botble\\ACL\\Models\\User', NULL),
(139, 'Apple iPhone 12 128 GB Siyah MGJA3TU/A', '<p>Apple TR Garantili</p>', '<figure class=\"table\" style=\"width:100%;\"><table><tbody><tr><th style=\"width:460px;\">Ağırlık</th><td>162 g</td></tr><tr><th style=\"width:460px;\">Arttırılabilir Hafıza</th><td>Yok</td></tr><tr><th style=\"width:460px;\">Assisted GPS (Baz İstasyon Destekli Küresel Konumlama Sistemi)</th><td>Var</td></tr><tr><th style=\"width:460px;\">Bekleme Süresi</th><td>Bekleme süresi ile ilgili kesin bir bilgi bulunmamaktadır, ürünün modeline göre değişiklik gösterebilmektedir.</td></tr><tr><th style=\"width:460px;\">Bluetooth</th><td>Var</td></tr><tr><th style=\"width:460px;\">Boyutlar</th><td>146.7 x 71.5 x 7.4</td></tr><tr><th style=\"width:460px;\">Çift Hatlı</th><td>Var ( Tek İşlemcili )</td></tr><tr><th style=\"width:460px;\">Dahili Hafıza</th><td>128 GB</td></tr><tr><th style=\"width:460px;\">Dokunmatik Ekran</th><td>Var</td></tr><tr><th style=\"width:460px;\">Ekran Boyut Aralığı</th><td>6 inç ve Üzeri</td></tr><tr><th style=\"width:460px;\">Ekran Boyutu</th><td>6,1 inç</td></tr><tr><th style=\"width:460px;\">E-mail Desteği</th><td>Var</td></tr><tr><th style=\"width:460px;\">Entegre Flaş</th><td>Var</td></tr><tr><th style=\"width:460px;\">Entegre Kamera</th><td>Var</td></tr><tr><th style=\"width:460px;\">Garanti Tipi</th><td>Apple Türkiye Garantili</td></tr><tr><th style=\"width:460px;\">Görüntülü Konuşma</th><td>Var ( Uygulama ile data kullanır )</td></tr><tr><th style=\"width:460px;\">Göz Taraması</th><td>Var</td></tr><tr><th style=\"width:460px;\">GPS (Küresel Konumlama Sistemi)</th><td>Var</td></tr><tr><th style=\"width:460px;\">HandsFree (Eller Serbest)</th><td>Var</td></tr><tr><th style=\"width:460px;\">İşletim Türü</th><td>iPhone OS</td></tr><tr><th style=\"width:460px;\">Kablosuz Şarj</th><td>Var</td></tr><tr><th style=\"width:460px;\">Kamera Çözünürlüğü Aralığı</th><td>8 - 12,9 MP</td></tr><tr><th style=\"width:460px;\">Kamera Çözünürlüğü</th><td>12 MP + 12 MP</td></tr><tr><th style=\"width:460px;\">Kamera Zoom (Yakınlaştırma)</th><td>Var</td></tr><tr><th style=\"width:460px;\">Klavye</th><td>Yok</td></tr><tr><th style=\"width:460px;\">Konuşma Süresi</th><td>Konuşma süresi ile ilgili kesin bir bilgi bulunmamaktadır, ürünün modeline göre değişiklik gösterebilmektedir.</td></tr><tr><th style=\"width:460px;\">MP3 Çalma</th><td>Var</td></tr><tr><th style=\"width:460px;\">NFC (Yakın Alan İletişimi)</th><td>Var</td></tr><tr><th style=\"width:460px;\">Ön (Selfie) Kamera Aralığı</th><td>8 - 13,9 MP</td></tr><tr><th style=\"width:460px;\">Ön (Selfie) Kamera</th><td>12 MP</td></tr><tr><th style=\"width:460px;\">Parmak İzi Okuyucu</th><td>Var</td></tr><tr><th style=\"width:460px;\">Pil Gücü Aralığı</th><td>2500 - 2999 mAh</td></tr><tr><th style=\"width:460px;\">Pil Gücü</th><td>2815 mAh</td></tr><tr><th style=\"width:460px;\">Radyo</th><td>Var</td></tr><tr><th style=\"width:460px;\">RAM Kapasitesi</th><td>4 GB RAM</td></tr><tr><th style=\"width:460px;\">Ses Kayıt</th><td>Var</td></tr><tr><th style=\"width:460px;\">Şarj Girişi</th><td>Lightning</td></tr><tr><th style=\"width:460px;\">Telefon Hafızası</th><td>Var</td></tr><tr><th style=\"width:460px;\">Telefon Tipi</th><td>Bar Tipi</td></tr><tr><th style=\"width:460px;\">Video Kayıt</th><td>Var</td></tr><tr><th style=\"width:460px;\">Video Oynatma</th><td>Var</td></tr><tr><th style=\"width:460px;\">Wi-Fi</th><td>802.11 a/b/g/n/ac/ax</td></tr><tr><th style=\"width:460px;\">Yüz Tanıma</th><td>Var</td></tr></tbody></table></figure><figure>&nbsp;</figure><figure>&nbsp;</figure><figure>&nbsp;</figure>', 'published', '[\"products\\/60c75cd9cbcc3.jpg\",\"products\\/60c75d042d2bc.jpg\",\"products\\/60c75cda98bad.jpg\"]', 'SKU-27', 0, 0, 0, 0, 1, 9, 0, 0, 13999, 12799.29, NULL, NULL, 0.00, 0.00, 0.00, 0.00, '2021-10-27 07:16:39', '2022-04-12 10:30:04', 3, 115, 'in_stock', 0, 'Botble\\ACL\\Models\\User', 'products/6048a99413a88-400x400.png'),
(140, 'LG F4R5VGW2T 9 Kg Yıkama / 5 Kg Kurutma 1400 Devir Çamaşır Makinesi', '<p>LG F4R5VGW2T 9 Kg Yıkama / 5 Kg Kurutma 1400 Devir Çamaşır Makinesi</p>', '<p>LG F4R5VGW2T 9 Kg Yıkama / 5 Kg Kurutma 1400 Devir Çamaşır Makinesi</p>', 'published', '[\"products\\/610bf85076699.jpeg\"]', 'SKU-28', 0, 10, 0, 1, 0, 3, 0, 0, 6649, 6183.57, NULL, NULL, 10.00, 10.00, 10.00, 10.00, '2021-10-27 07:22:00', '2022-04-08 12:38:00', 3, 81, 'in_stock', 0, 'Botble\\ACL\\Models\\User', NULL);
INSERT INTO `ec_products` (`id`, `name`, `description`, `content`, `status`, `images`, `sku`, `order`, `quantity`, `allow_checkout_when_out_of_stock`, `with_storehouse_management`, `is_featured`, `brand_id`, `is_variation`, `sale_type`, `price`, `sale_price`, `start_date`, `end_date`, `length`, `wide`, `height`, `weight`, `created_at`, `updated_at`, `tax_id`, `views`, `stock_status`, `created_by_id`, `created_by_type`, `image`) VALUES
(141, 'CANON D.CAM EOS R+RF24-105 S', '<p>CANON D.CAM EOS R+RF24-105 S 3075C033</p>', '<p>1998 Den beri 20 Yıllık Tecrübe ve Güven</p><p>Hızlı Kargo</p><p><strong>ÜRÜN ÖZELLİKLERİ:</strong><br>Marka: Tanımsız<br>Odaklama mesafesi: 24 - 105 mm<br>Filtre boyutu: 6,7 cm<br>Lens yapısı: 11/13<br>Minimum açıklık: 40<br>Diafram bıçağı sayısı: 7<br>Maksimum açıklık: 4<br>Lens türü: standart<br>Lens monte arayüzü: Canon RF<br>Ağırlık: 580 g<br>Yükseklik: 98,3 mm<br>Genişlik: 135,8 mm<br>Derinlik: 84,4 mm<br>Ağırlık (pil dahil): 660 g<br>Lens çapı: 7,66 cm<br>Lens ağırlığı: 395 g<br>Lens uzunluğu: 8,88 cm<br>Ekran özellikleri: TFT<br>Ekran boyutu: Tanımsız<br>Dokunmatik ekran: Evet<br>Kamera gösterge çözünürlüğü: 2100000 Piksel<br>Çok açılı LCD görünümü: Evet<br>Görüş alanı: 100%<br>Ekran görüntü oranı: 3:2<br>Dışa döner ekran: Evet<br>Uyumlu hafıza kartları: SD,SDHC,SDXC<br>Işık pozlaması düzeltme: ± 3EV (1/2EV; 1/3EV step)<br>Işık pozlama denetimi: Program AE<br>ISO hassasiyeti: 100,200,400,1600,12800,25600,40000<br>Işıklama tipi: Aralık önceliği AE, Otomatik, Manuel, Kapak önceliği AE<br>Işık ölçme: Merkezi ağırlık, Değerlendirme (Çoklu doku), Parçalı, Spot<br>Otomatik maruz kalma kilidi: Evet<br>ISO duyarlılığı (minimum): 100<br>ISO duyarlılığı (maksimum): 40000<br>Mikrofon giriş fişi: Evet<br>PictBridge: Evet<br>Kulaklık bağlantısı: 3,5 mm<br>HDMI: Tanımsız<br>USB versiyonu: 3.2 Gen 1 (3.1 Gen 1)<br>HDMI konnektör tipi: Mini<br>USB konnektörü: USB C Tipi<br>Megapiksel: Tanımsız<br>Sensör tipi: Tanımsız<br>Resim sabitleyici: Evet<br>Sabit resim yakalama çözünürlüğü: 6720 x 4480, 4464 x 2976, 3360 x 2240, 2400 x 1600, 3968 x 2976, 2976 x 2240, 2112 x 1600, 4464 x 2512, 3360 x 1888, 2400 x 1344, 4480 x 4480, 2976 x 2976, 2240 x 2240, 1600 x 1600<br>Desteklenen resim formatları: JPEG,RAW<br>Görüntü algılayıcı boyutu (G x Y): 36 x 24 mm<br>Maksimum resim çözünürlüğü: 6720 x 4480 Piksel</p>', 'published', '[\"products\\/6048a99413a88.jpg\"]', 'SKU-29', 0, 0, 0, 0, 1, 0, 0, 0, 27048.49, 26297.14, NULL, NULL, 0.00, 0.00, 0.00, 0.00, '2021-10-27 07:27:03', '2022-04-12 12:41:47', 3, 130, 'in_stock', 0, 'Botble\\ACL\\Models\\User', 'products/6048a99413a88.jpg'),
(142, 'Samsung Galaxy Tab S6 Lite 64GB Gri', '<p>Samsung Türkiye Garantili</p>', '<p><strong><u>Samsung Galaxy Tab S6 Lite LTE SM-P617 64GB 10.4\" Tablet (Samsung Türkiye Garantili)</u></strong></p><figure class=\"table\" style=\"width:100%;\"><table style=\"background-color:#FFFFFF;\"><tbody><tr><td style=\"background-color:transparent;border-color:rgb(240, 240, 240);width:345pt;\"><div><strong>Bluetooth</strong></div></td><td style=\"background-color:transparent;border-color:rgb(240, 240, 240);\"><div>Var</div></td></tr><tr><td style=\"background-color:transparent;border-color:rgb(240, 240, 240);width:345pt;\"><div><strong>Disk Kapasitesi</strong></div></td><td style=\"background-color:transparent;border-color:rgb(240, 240, 240);\"><div>64 GB</div></td></tr><tr><td style=\"background-color:transparent;border-color:rgb(240, 240, 240);width:345pt;\"><div><strong>Ekran Boyutu</strong></div></td><td style=\"background-color:transparent;border-color:rgb(240, 240, 240);\"><div>10,4 inç</div></td></tr><tr><td style=\"background-color:transparent;border-color:rgb(240, 240, 240);width:345pt;\"><div><strong>Ekran Modeli</strong></div></td><td style=\"background-color:transparent;border-color:rgb(240, 240, 240);\"><div>TFT</div></td></tr><tr><td style=\"background-color:transparent;border-color:rgb(240, 240, 240);width:345pt;\"><div><strong>HDMI</strong></div></td><td style=\"background-color:transparent;border-color:rgb(240, 240, 240);\"><div>Yok</div></td></tr><tr><td style=\"background-color:transparent;border-color:rgb(240, 240, 240);width:345pt;\"><div><strong>İşlemci Çekirdek Sayısı</strong></div></td><td style=\"background-color:transparent;border-color:rgb(240, 240, 240);\"><div>Sekiz Çekirdekli İşlemci</div></td></tr><tr><td style=\"background-color:transparent;border-color:rgb(240, 240, 240);width:345pt;\"><div><strong>İşlemci Hızı</strong></div></td><td style=\"background-color:transparent;border-color:rgb(240, 240, 240);\"><div>1,7 GHz</div></td></tr><tr><td style=\"background-color:transparent;border-color:rgb(240, 240, 240);width:345pt;\"><div><strong>İşlemci Markası</strong></div></td><td style=\"background-color:transparent;border-color:rgb(240, 240, 240);\"><div>Samsung Exynos</div></td></tr><tr><td style=\"background-color:transparent;border-color:rgb(240, 240, 240);width:345pt;\"><div><strong>İşletim Sistemi Tabanı</strong></div></td><td style=\"background-color:transparent;border-color:rgb(240, 240, 240);\"><div>Android</div></td></tr><tr><td style=\"background-color:transparent;border-color:rgb(240, 240, 240);width:345pt;\"><div><strong>İşletim Sistemi</strong></div></td><td style=\"background-color:transparent;border-color:rgb(240, 240, 240);\"><div>Android</div></td></tr><tr><td style=\"background-color:transparent;border-color:rgb(240, 240, 240);width:345pt;\"><div><strong>Max Ekran Çözünürlüğü</strong></div></td><td style=\"background-color:transparent;border-color:rgb(240, 240, 240);\"><div>1920 x 1280</div></td></tr><tr><td style=\"background-color:transparent;border-color:rgb(240, 240, 240);width:345pt;\"><div><strong>Mobil Bağlantı</strong></div></td><td style=\"background-color:transparent;border-color:rgb(240, 240, 240);\"><div>4G</div></td></tr><tr><td style=\"background-color:transparent;border-color:rgb(240, 240, 240);width:345pt;\"><div><strong>Ram Kapasitesi</strong></div></td><td style=\"background-color:transparent;border-color:rgb(240, 240, 240);\"><div>4 GB</div></td></tr></tbody></table></figure><figure>&nbsp;</figure><figure>&nbsp;</figure>', 'published', '[\"products\\/61336619c2c98.jpg\",\"products\\/6133661988d57.jpg\",\"products\\/613366191d623.jpg\",\"products\\/612f5c3e5eacf.jpg\",\"products\\/61336619c2c98.jpg\",\"products\\/6133661988d57.jpg\",\"products\\/613366191d623.jpg\",\"products\\/612f5c3e5eacf.jpg\"]', 'SKU-30', 0, 19, 0, 1, 1, 16, 0, 0, 3429, 3329, NULL, NULL, 0.00, 0.00, 0.00, 0.00, '2021-10-27 07:33:16', '2022-04-13 07:58:21', 3, 200, 'in_stock', 0, 'Botble\\ACL\\Models\\User', 'products/61336619c2c98.jpg'),
(143, 'Samsung Galaxy Tab S6 Lite 64GB 10.4\" Gri Tablet (Samsung Türkiye Garantili)', NULL, NULL, 'published', '[null,\"products\\/61336619c2c98.jpg\",\"products\\/6133661988d57.jpg\",\"products\\/613366191d623.jpg\",\"products\\/612f5c3e5eacf.jpg\"]', 'SKU-30', 0, 19, 0, 1, 0, 16, 1, 0, 3429, 3329, NULL, NULL, 0.00, 0.00, 0.00, 0.00, '2021-10-27 07:33:17', '2022-04-11 09:01:18', NULL, 0, 'in_stock', 0, 'Botble\\ACL\\Models\\User', NULL),
(144, 'Samsung Galaxy Tab S6 Lite 64GB 10.4\" Gri Tablet (Samsung Türkiye Garantili)', NULL, NULL, 'published', '[null]', 'SKU-30', 0, 0, 0, 1, 0, 16, 1, 0, 3129, 3129, NULL, NULL, 0.00, 0.00, 0.00, 0.00, '2021-10-27 07:34:02', '2022-04-11 09:01:18', NULL, 0, 'out_of_stock', 0, 'Botble\\ACL\\Models\\User', NULL),
(145, 'Sleepy Natural Bebek Bezi 5 Numara Junior Ultra Fırsat Paketi 192 Adet', '<p>Sleepy Natural Bebek Bezi 5 Numara Junior Ultra Fırsat Paketi 192 Adet</p>', '<p><img src=\"https://web-ofisi.org/storage/general/sleepy-natural-cirtli05.jpg\" alt=\"sleepy_natural_cirtli05\"><br>&nbsp;</p>', 'published', '[\"products\\/613b521c5f757.jpg\",\"products\\/613b521d469c4.jpg\",\"products\\/613b521cbcc74.jpg\",\"products\\/613b521d07e51.jpg\"]', 'SKU-31', 0, 0, 0, 0, 0, 0, 0, 0, 197.9, 197.9, NULL, NULL, 0.00, 0.00, 0.00, 0.00, '2021-10-27 08:00:40', '2022-04-12 21:41:22', 3, 74, 'in_stock', 0, 'Botble\\ACL\\Models\\User', NULL),
(146, 'Anatomi Siyah Günlük Erkek Ayakkabı', NULL, '<p>Anatomi Günlük Erkek Ayakkabı</p>', 'published', '[\"products\\/610aba4acdb49.jpg\",\"products\\/610aba4b3c7ba.jpg\",\"products\\/610aba4bab944.jpg\"]', 'SKU-32', 0, 72, 0, 1, 0, 0, 0, 0, 467.2, 371.19, NULL, NULL, 1.00, 1.00, 1.00, 1.00, '2021-10-28 10:51:33', '2022-04-12 11:32:59', 3, 162, 'in_stock', 1, 'Botble\\ACL\\Models\\User', 'products/610aba4acdb49.jpg'),
(147, 'Anatomi Günlük Erkek Ayakkabı', NULL, NULL, 'published', '[]', 'SKU-32', 0, 72, 0, 1, 0, 0, 1, 0, 467.2, 371.19, NULL, NULL, 1.00, 1.00, 1.00, 1.00, '2021-10-28 10:53:00', '2022-04-11 09:00:17', NULL, 0, 'in_stock', 1, 'Botble\\ACL\\Models\\User', NULL),
(148, 'Anatomi Günlük Erkek Ayakkabı', NULL, NULL, 'published', '[]', 'SKU-32', 0, 0, 0, 0, 0, 0, 1, 0, 467.2, 371.19, NULL, NULL, 0.00, 0.00, 0.00, 0.00, '2021-10-28 10:54:01', '2022-04-11 09:00:17', NULL, 0, 'in_stock', 1, 'Botble\\ACL\\Models\\User', NULL),
(149, 'Anatomi Günlük Erkek Ayakkabı', NULL, NULL, 'published', '[]', 'SKU-32-42-SIYAH', 0, 0, 0, 0, 0, 0, 1, 0, 467.2, 371.19, NULL, NULL, 0.00, 0.00, 0.00, 0.00, '2021-10-28 10:55:03', '2022-04-11 09:00:17', NULL, 0, 'in_stock', 1, 'Botble\\ACL\\Models\\User', NULL),
(150, 'Anatomi Günlük Erkek Ayakkabı', NULL, NULL, 'published', '[]', 'SKU-32-43-SIYAH', 0, 0, 0, 0, 0, 0, 1, 0, 467.2, 371.19, NULL, NULL, 0.00, 0.00, 0.00, 0.00, '2021-10-28 10:55:39', '2022-04-11 09:00:17', NULL, 0, 'in_stock', 1, 'Botble\\ACL\\Models\\User', NULL),
(151, 'Anatomi Günlük Erkek Ayakkabı', NULL, NULL, 'published', '[]', 'SKU-32-44-SIYAH', 0, 0, 0, 0, 0, 0, 1, 0, 467.2, 371.19, NULL, NULL, 0.00, 0.00, 0.00, 0.00, '2021-10-28 10:56:49', '2022-04-11 09:00:17', NULL, 0, 'in_stock', 1, 'Botble\\ACL\\Models\\User', NULL),
(152, 'Anatomi Günlük Erkek Ayakkabı', NULL, NULL, 'published', '[]', 'SKU-32-40-KAHVERENGI', 0, 0, 0, 0, 0, 0, 1, 0, 467.2, 371.19, NULL, NULL, 0.00, 0.00, 0.00, 0.00, '2021-10-28 10:57:28', '2022-04-11 09:00:17', NULL, 0, 'in_stock', 1, 'Botble\\ACL\\Models\\User', NULL),
(153, 'Anatomi Günlük Erkek Ayakkabı', NULL, NULL, 'published', '[]', 'SKU-32-41-KAHVERENGI', 0, 0, 0, 0, 0, 0, 1, 0, 467.2, 371.19, NULL, NULL, 0.00, 0.00, 0.00, 0.00, '2021-10-28 10:58:13', '2022-04-11 09:00:17', NULL, 0, 'in_stock', 1, 'Botble\\ACL\\Models\\User', NULL),
(154, 'Anatomi Günlük Erkek Ayakkabı', NULL, NULL, 'published', '[]', 'SKU-32-42-KAHVERENGI', 0, 0, 0, 0, 0, 0, 1, 0, 467.2, 371.19, NULL, NULL, 0.00, 0.00, 0.00, 0.00, '2021-10-28 10:58:52', '2022-04-11 09:00:17', NULL, 0, 'in_stock', 1, 'Botble\\ACL\\Models\\User', NULL),
(155, '319- ARMİSE KREM NAKIŞLI BAYAN ÇANTASI', '<p>Ayarlanabilir Uzun Askılı, 3 Ana Bölmeli, Ebat: 32x23x14 cm</p>', '<p>1 Adet Fermuarlı Arka Cep</p><p>1 Adet Fermuarlı Orta Bölme</p><p>1 Adet Fermuarlı İç Cep</p><p>1 Adet Telefon Cebi&nbsp;</p>', 'published', '[\"products\\/60a68d142cd16.jpeg\",\"products\\/60a68d143aee0.jpeg\"]', 'SKU-3', 0, 100, 0, 0, 1, 1, 0, 0, 1, NULL, NULL, NULL, 1.00, 1.00, 1.00, 1.00, '2021-10-28 11:05:14', '2022-04-13 08:03:15', 2, 144, 'in_stock', 1, 'Botble\\ACL\\Models\\User', 'products/60a68d142cd16.jpeg'),
(156, 'Nike 801 Jr Mercurıal Vıctory Çivili Krampon', '<p>Nike 903596 801 Jr Mercurıal Vıctory Çivili Çocuk Krampon ORİJİNAL ÜRÜN</p>', '<p>Nike 903596 801 Jr Mercurıal Vıctory Çivili Çocuk Krampon ORİJİNAL ÜRÜN</p>', 'published', '[\"products\\/60d6ed14e51ea.jpeg\",\"products\\/60d6ed1528521.jpeg\",\"products\\/60d6ed1515deb.jpeg\",\"products\\/60d6ed1544c29.jpeg\"]', 'SKU-35', 0, 9, 0, 1, 1, 0, 0, 0, 861.84, 439.54, NULL, NULL, 1.00, 1.00, 1.00, 1.00, '2021-10-28 12:23:09', '2022-04-12 12:13:42', 3, 179, 'in_stock', 1, 'Botble\\ACL\\Models\\User', 'products/60d6ed14e51ea.jpeg'),
(157, 'Nike 903596 801 Jr Mercurıal Vıctory Çivili Çocuk Krampon ORİJİNAL ÜRÜN', NULL, NULL, 'published', '[\"products\\/60d6ed14e51ea.jpeg\",\"products\\/60d6ed1528521.jpeg\",\"products\\/60d6ed1515deb.jpeg\",\"products\\/60d6ed1544c29.jpeg\"]', 'SKU-35', 0, 9, 0, 1, 0, 0, 1, 0, 861.84, 439.54, NULL, NULL, 1.00, 1.00, 1.00, 1.00, '2021-10-28 12:23:09', '2022-04-11 09:00:26', NULL, 0, 'in_stock', 1, 'Botble\\ACL\\Models\\User', NULL),
(158, 'Vichy Dercos Anti-Dandruff Ds Kepek Karşıtı Şampuan', NULL, '<p style=\"background-color:rgb(255,255,255);color:rgb(0,0,0);font-family:\'Open Sans\', Arial, sans-serif;font-size:14px;font-style:normal;font-weight:400;text-align:justify;word-spacing:0px;\">Yaygın inancın tersine, Lorem Ipsum rastgele sözcüklerden oluşmaz. Kökleri M.Ö. 45 tarihinden bu yana klasik Latin edebiyatına kadar uzanan 2000 yıllık bir geçmişi vardır. Virginia\'daki Hampden-Sydney College\'dan Latince profesörü Richard McClintock, bir Lorem Ipsum pasajında geçen ve anlaşılması en güç sözcüklerden biri olan \'consectetur\' sözcüğünün klasik edebiyattaki örneklerini incelediğinde kesin bir kaynağa ulaşmıştır. Lorm Ipsum, Çiçero tarafından M.Ö. 45 tarihinde kaleme alınan \"de Finibus Bonorum et Malorum\" (İyi ve Kötünün Uç Sınırları) eserinin 1.10.32 ve 1.10.33 sayılı bölümlerinden gelmektedir. Bu kitap, ahlak kuramı üzerine bir tezdir ve Rönesans döneminde çok popüler olmuştur. Lorem Ipsum pasajının ilk satırı olan \"Lorem ipsum dolor sit amet\" 1.10.32 sayılı bölümdeki bir satırdan gelmektedir.</p><p style=\"background-color:rgb(255,255,255);color:rgb(0,0,0);font-family:\'Open Sans\', Arial, sans-serif;font-size:14px;font-style:normal;font-weight:400;text-align:justify;word-spacing:0px;\">1500\'lerden beri kullanılmakta olan standard Lorem Ipsum metinleri ilgilenenler için yeniden üretilmiştir. Çiçero tarafından yazılan 1.10.32 ve 1.10.33 bölümleri de 1914 H. Rackham çevirisinden alınan İngilizce sürümleri eşliğinde özgün biçiminden yeniden üretilmiştir.</p>', 'published', '[\"products\\/img-6167294329934515756-2.png\",\"products\\/img-58682213751840959-1.png\"]', 'SKU-99', 0, 250, 0, 1, 0, 0, 0, 0, 184, 184, NULL, NULL, 0.00, 0.00, 0.00, 0.00, '2022-04-11 08:12:17', '2022-04-12 21:42:32', 0, 3, 'in_stock', 1, 'Botble\\ACL\\Models\\User', 'products/img-6167294329934515756-2.png'),
(159, 'Arzum AR5036 Superstar Saç Düzleştirici Fırça', NULL, '<p style=\"-webkit-text-stroke-width:0px;background-color:rgb(255, 255, 255);color:rgb(0, 0, 0);font-family:&quot;Open Sans&quot;, Arial, sans-serif;font-size:14px;font-style:normal;font-variant-caps:normal;font-variant-ligatures:normal;font-weight:400;letter-spacing:normal;margin:0px 0px 15px;orphans:2;padding:0px;text-align:justify;text-decoration-color:initial;text-decoration-style:initial;text-decoration-thickness:initial;text-indent:0px;text-transform:none;white-space:normal;widows:2;word-spacing:0px;\">Yaygın inancın tersine, Lorem Ipsum rastgele sözcüklerden oluşmaz. Kökleri M.Ö. 45 tarihinden bu yana klasik Latin edebiyatına kadar uzanan 2000 yıllık bir geçmişi vardır. Virginia\'daki Hampden-Sydney College\'dan Latince profesörü Richard McClintock, bir Lorem Ipsum pasajında geçen ve anlaşılması en güç sözcüklerden biri olan \'consectetur\' sözcüğünün klasik edebiyattaki örneklerini incelediğinde kesin bir kaynağa ulaşmıştır. Lorm Ipsum, Çiçero tarafından M.Ö. 45 tarihinde kaleme alınan \"de Finibus Bonorum et Malorum\" (İyi ve Kötünün Uç Sınırları) eserinin 1.10.32 ve 1.10.33 sayılı bölümlerinden gelmektedir. Bu kitap, ahlak kuramı üzerine bir tezdir ve Rönesans döneminde çok popüler olmuştur. Lorem Ipsum pasajının ilk satırı olan \"Lorem ipsum dolor sit amet\" 1.10.32 sayılı bölümdeki bir satırdan gelmektedir.</p><p style=\"-webkit-text-stroke-width:0px;background-color:rgb(255, 255, 255);color:rgb(0, 0, 0);font-family:&quot;Open Sans&quot;, Arial, sans-serif;font-size:14px;font-style:normal;font-variant-caps:normal;font-variant-ligatures:normal;font-weight:400;letter-spacing:normal;margin:0px 0px 15px;orphans:2;padding:0px;text-align:justify;text-decoration-color:initial;text-decoration-style:initial;text-decoration-thickness:initial;text-indent:0px;text-transform:none;white-space:normal;widows:2;word-spacing:0px;\">1500\'lerden beri kullanılmakta olan standard Lorem Ipsum metinleri ilgilenenler için yeniden üretilmiştir. Çiçero tarafından yazılan 1.10.32 ve 1.10.33 bölümleri de 1914 H. Rackham çevirisinden alınan İngilizce sürümleri eşliğinde özgün biçiminden yeniden üretilmiştir.</p>', 'published', '[\"products\\/63632846.png\",\"products\\/58426206.png\"]', 'SKU-98', 0, 50, 0, 1, 0, 0, 0, 0, 330, 330, NULL, NULL, 0.00, 0.00, 0.00, 0.00, '2022-04-11 08:20:18', '2022-04-11 08:22:00', 3, 1, 'in_stock', 1, 'Botble\\ACL\\Models\\User', 'products/63632846.png');

-- --------------------------------------------------------

--
-- Tablo için tablo yapısı `ec_products_translations`
--

CREATE TABLE `ec_products_translations` (
  `lang_code` varchar(191) NOT NULL,
  `ec_products_id` int(11) NOT NULL,
  `name` varchar(191) DEFAULT NULL,
  `description` text DEFAULT NULL,
  `content` text DEFAULT NULL
) ENGINE=InnoDB DEFAULT CHARSET=utf8mb4 COLLATE=utf8mb4_unicode_ci;

--
-- Tablo döküm verisi `ec_products_translations`
--

INSERT INTO `ec_products_translations` (`lang_code`, `ec_products_id`, `name`, `description`, `content`) VALUES
('en_US', 108, 'GİYSA Cepli Salaş Mavi Ayrobin Pantolon 20016', '<p>Cepli Salaş Mavi Ayrobin Pantolon</p>', '<p>Salaş Pantolon, Rahat Kesim<br>%70 Poliester %24 Viskoz %3 Likra<br>Mankenin Boy: 1,70 Kilo: 52<br>Mankenin üzerindeki ürün S/36 bedendir.</p>'),
('en_US', 109, 'GİYSA Cepli Salaş Mavi Ayrobin Pantolon 20016', '<p>Cepli Salaş Mavi Ayrobin Pantolon</p>', '<p>Salaş Pantolon, Rahat Kesim<br>%70 Poliester %24 Viskoz %3 Likra<br>Mankenin Boy: 1,70 Kilo: 52<br>Mankenin üzerindeki ürün S/36 bedendir.</p>'),
('en_US', 110, 'GİYSA Cepli Salaş Mavi Ayrobin Pantolon 20016', '<p>Cepli Salaş Mavi Ayrobin Pantolon</p>', '<p>Salaş Pantolon, Rahat Kesim<br>%70 Poliester %24 Viskoz %3 Likra<br>Mankenin Boy: 1,70 Kilo: 52<br>Mankenin üzerindeki ürün S/36 bedendir.</p>'),
('en_US', 111, 'GİYSA Cepli Salaş Mavi Ayrobin Pantolon 20016', '<p>Cepli Salaş Mavi Ayrobin Pantolon</p>', '<p>Salaş Pantolon, Rahat Kesim<br>%70 Poliester %24 Viskoz %3 Likra<br>Mankenin Boy: 1,70 Kilo: 52<br>Mankenin üzerindeki ürün S/36 bedendir.</p>'),
('en_US', 113, 'KADIN KIRMIZI OMUZ DETAYLI BLUZ', '<p>KADIN KIRMIZI OMUZ DETAYLI BLUZ</p>', '<p>%95 viskoz %5 elastan</p><p>Manken üzerinde ki s/36 beden</p>'),
('en_US', 143, 'Samsung Galaxy Tab S6 Lite 64GB Gri', '<p>Samsung Türkiye Garantili</p>', '<p><strong><u>Samsung Galaxy Tab S6 Lite LTE SM-P617 64GB 10.4\" Tablet (Samsung Türkiye Garantili)</u></strong></p><figure class=\"table\" style=\"width:100%;\"><table style=\"background-color:#FFFFFF;\"><tbody><tr><td style=\"background-color:transparent;border-color:rgb(240, 240, 240);width:345pt;\"><div><strong>Bluetooth</strong></div></td><td style=\"background-color:transparent;border-color:rgb(240, 240, 240);\"><div>Var</div></td></tr><tr><td style=\"background-color:transparent;border-color:rgb(240, 240, 240);width:345pt;\"><div><strong>Disk Kapasitesi</strong></div></td><td style=\"background-color:transparent;border-color:rgb(240, 240, 240);\"><div>64 GB</div></td></tr><tr><td style=\"background-color:transparent;border-color:rgb(240, 240, 240);width:345pt;\"><div><strong>Ekran Boyutu</strong></div></td><td style=\"background-color:transparent;border-color:rgb(240, 240, 240);\"><div>10,4 inç</div></td></tr><tr><td style=\"background-color:transparent;border-color:rgb(240, 240, 240);width:345pt;\"><div><strong>Ekran Modeli</strong></div></td><td style=\"background-color:transparent;border-color:rgb(240, 240, 240);\"><div>TFT</div></td></tr><tr><td style=\"background-color:transparent;border-color:rgb(240, 240, 240);width:345pt;\"><div><strong>HDMI</strong></div></td><td style=\"background-color:transparent;border-color:rgb(240, 240, 240);\"><div>Yok</div></td></tr><tr><td style=\"background-color:transparent;border-color:rgb(240, 240, 240);width:345pt;\"><div><strong>İşlemci Çekirdek Sayısı</strong></div></td><td style=\"background-color:transparent;border-color:rgb(240, 240, 240);\"><div>Sekiz Çekirdekli İşlemci</div></td></tr><tr><td style=\"background-color:transparent;border-color:rgb(240, 240, 240);width:345pt;\"><div><strong>İşlemci Hızı</strong></div></td><td style=\"background-color:transparent;border-color:rgb(240, 240, 240);\"><div>1,7 GHz</div></td></tr><tr><td style=\"background-color:transparent;border-color:rgb(240, 240, 240);width:345pt;\"><div><strong>İşlemci Markası</strong></div></td><td style=\"background-color:transparent;border-color:rgb(240, 240, 240);\"><div>Samsung Exynos</div></td></tr><tr><td style=\"background-color:transparent;border-color:rgb(240, 240, 240);width:345pt;\"><div><strong>İşletim Sistemi Tabanı</strong></div></td><td style=\"background-color:transparent;border-color:rgb(240, 240, 240);\"><div>Android</div></td></tr><tr><td style=\"background-color:transparent;border-color:rgb(240, 240, 240);width:345pt;\"><div><strong>İşletim Sistemi</strong></div></td><td style=\"background-color:transparent;border-color:rgb(240, 240, 240);\"><div>Android</div></td></tr><tr><td style=\"background-color:transparent;border-color:rgb(240, 240, 240);width:345pt;\"><div><strong>Max Ekran Çözünürlüğü</strong></div></td><td style=\"background-color:transparent;border-color:rgb(240, 240, 240);\"><div>1920 x 1280</div></td></tr><tr><td style=\"background-color:transparent;border-color:rgb(240, 240, 240);width:345pt;\"><div><strong>Mobil Bağlantı</strong></div></td><td style=\"background-color:transparent;border-color:rgb(240, 240, 240);\"><div>4G</div></td></tr><tr><td style=\"background-color:transparent;border-color:rgb(240, 240, 240);width:345pt;\"><div><strong>Ram Kapasitesi</strong></div></td><td style=\"background-color:transparent;border-color:rgb(240, 240, 240);\"><div>4 GB</div></td></tr></tbody></table></figure><figure>&nbsp;</figure><figure>&nbsp;</figure>'),
('en_US', 144, 'Samsung Galaxy Tab S6 Lite 64GB Gri', '<p>Samsung Türkiye Garantili</p>', '<p><strong><u>Samsung Galaxy Tab S6 Lite LTE SM-P617 64GB 10.4\" Tablet (Samsung Türkiye Garantili)</u></strong></p><figure class=\"table\" style=\"width:100%;\"><table style=\"background-color:#FFFFFF;\"><tbody><tr><td style=\"background-color:transparent;border-color:rgb(240, 240, 240);width:345pt;\"><div><strong>Bluetooth</strong></div></td><td style=\"background-color:transparent;border-color:rgb(240, 240, 240);\"><div>Var</div></td></tr><tr><td style=\"background-color:transparent;border-color:rgb(240, 240, 240);width:345pt;\"><div><strong>Disk Kapasitesi</strong></div></td><td style=\"background-color:transparent;border-color:rgb(240, 240, 240);\"><div>64 GB</div></td></tr><tr><td style=\"background-color:transparent;border-color:rgb(240, 240, 240);width:345pt;\"><div><strong>Ekran Boyutu</strong></div></td><td style=\"background-color:transparent;border-color:rgb(240, 240, 240);\"><div>10,4 inç</div></td></tr><tr><td style=\"background-color:transparent;border-color:rgb(240, 240, 240);width:345pt;\"><div><strong>Ekran Modeli</strong></div></td><td style=\"background-color:transparent;border-color:rgb(240, 240, 240);\"><div>TFT</div></td></tr><tr><td style=\"background-color:transparent;border-color:rgb(240, 240, 240);width:345pt;\"><div><strong>HDMI</strong></div></td><td style=\"background-color:transparent;border-color:rgb(240, 240, 240);\"><div>Yok</div></td></tr><tr><td style=\"background-color:transparent;border-color:rgb(240, 240, 240);width:345pt;\"><div><strong>İşlemci Çekirdek Sayısı</strong></div></td><td style=\"background-color:transparent;border-color:rgb(240, 240, 240);\"><div>Sekiz Çekirdekli İşlemci</div></td></tr><tr><td style=\"background-color:transparent;border-color:rgb(240, 240, 240);width:345pt;\"><div><strong>İşlemci Hızı</strong></div></td><td style=\"background-color:transparent;border-color:rgb(240, 240, 240);\"><div>1,7 GHz</div></td></tr><tr><td style=\"background-color:transparent;border-color:rgb(240, 240, 240);width:345pt;\"><div><strong>İşlemci Markası</strong></div></td><td style=\"background-color:transparent;border-color:rgb(240, 240, 240);\"><div>Samsung Exynos</div></td></tr><tr><td style=\"background-color:transparent;border-color:rgb(240, 240, 240);width:345pt;\"><div><strong>İşletim Sistemi Tabanı</strong></div></td><td style=\"background-color:transparent;border-color:rgb(240, 240, 240);\"><div>Android</div></td></tr><tr><td style=\"background-color:transparent;border-color:rgb(240, 240, 240);width:345pt;\"><div><strong>İşletim Sistemi</strong></div></td><td style=\"background-color:transparent;border-color:rgb(240, 240, 240);\"><div>Android</div></td></tr><tr><td style=\"background-color:transparent;border-color:rgb(240, 240, 240);width:345pt;\"><div><strong>Max Ekran Çözünürlüğü</strong></div></td><td style=\"background-color:transparent;border-color:rgb(240, 240, 240);\"><div>1920 x 1280</div></td></tr><tr><td style=\"background-color:transparent;border-color:rgb(240, 240, 240);width:345pt;\"><div><strong>Mobil Bağlantı</strong></div></td><td style=\"background-color:transparent;border-color:rgb(240, 240, 240);\"><div>4G</div></td></tr><tr><td style=\"background-color:transparent;border-color:rgb(240, 240, 240);width:345pt;\"><div><strong>Ram Kapasitesi</strong></div></td><td style=\"background-color:transparent;border-color:rgb(240, 240, 240);\"><div>4 GB</div></td></tr></tbody></table></figure><figure>&nbsp;</figure><figure>&nbsp;</figure>'),
('en_US', 146, 'Anatomi Günlük Erkek Ayakkabı', NULL, '<p>Anatomi Günlük Erkek Ayakkabı</p>'),
('en_US', 147, 'Anatomi Günlük Erkek Ayakkabı', NULL, '<p>Anatomi Günlük Erkek Ayakkabı</p>'),
('en_US', 148, 'Anatomi Günlük Erkek Ayakkabı', NULL, '<p>Anatomi Günlük Erkek Ayakkabı</p>'),
('en_US', 149, 'Anatomi Günlük Erkek Ayakkabı', NULL, '<p>Anatomi Günlük Erkek Ayakkabı</p>'),
('en_US', 150, 'Anatomi Günlük Erkek Ayakkabı', NULL, '<p>Anatomi Günlük Erkek Ayakkabı</p>'),
('en_US', 151, 'Anatomi Günlük Erkek Ayakkabı', NULL, '<p>Anatomi Günlük Erkek Ayakkabı</p>'),
('en_US', 152, 'Anatomi Günlük Erkek Ayakkabı', NULL, '<p>Anatomi Günlük Erkek Ayakkabı</p>'),
('en_US', 153, 'Anatomi Günlük Erkek Ayakkabı', NULL, '<p>Anatomi Günlük Erkek Ayakkabı</p>'),
('en_US', 154, 'Anatomi Günlük Erkek Ayakkabı', NULL, '<p>Anatomi Günlük Erkek Ayakkabı</p>'),
('en_US', 155, '319- ARMİSE KREM NAKIŞLI BAYAN ÇANTASI', '<p>Ayarlanabilir Uzun Askılı, 3 Ana Bölmeli, Ebat: 32x23x14 cm</p>', '<p>1 Adet Fermuarlı Arka Cep</p><p>1 Adet Fermuarlı Orta Bölme</p><p>1 Adet Fermuarlı İç Cep</p><p>1 Adet Telefon Cebi&nbsp;</p>'),
('en_US', 156, 'Nike 903596 801 Jr Mercurıal Vıctory Çivili Çocuk Krampon ORİJİNAL ÜRÜN', '<p>Nike 903596 801 Jr Mercurıal Vıctory Çivili Çocuk Krampon ORİJİNAL ÜRÜN</p>', '<p>Nike 903596 801 Jr Mercurıal Vıctory Çivili Çocuk Krampon ORİJİNAL ÜRÜN</p>'),
('en_US', 157, 'Nike 903596 801 Jr Mercurıal Vıctory Çivili Çocuk Krampon ORİJİNAL ÜRÜN', '<p>Nike 903596 801 Jr Mercurıal Vıctory Çivili Çocuk Krampon ORİJİNAL ÜRÜN</p>', '<p>Nike 903596 801 Jr Mercurıal Vıctory Çivili Çocuk Krampon ORİJİNAL ÜRÜN</p>'),
('en_US', 158, 'Vichy Dercos Anti-Dandruff Ds Kepek Karşıtı Kuru Saçlar için Şampuan 390 ML', NULL, '<h2 class=\"sub-title\" style=\"margin-left:0px;\">Vichy Dercos Anti-Dandruff Ds Kepek Karşıtı Kuru Saçlar için Şampuan 390 ML</h2><div class=\"item\"><p style=\"margin-left:0px;\">Eksiksiz bir saç bakımı yaratarak kuru saçlar için bu özel şampuanı tercih edebilirsiniz. Saçlarınızdaki nem dengesini korumaya&nbsp;ve daha sağlıklı saç görünümü oluşturmaya yardımcı olmaktadır.</p></div><p><img class=\"image_resized item left\" style=\"width:466px;\" src=\"https://n11scdn3.akamaized.net/a1/org/04/65/59/64/IMG-58682213751840959.jpg\" alt=\"\"></p><div class=\"item left\"><h3 class=\"sub-title\" style=\"margin-left:0px;\"><br>Kuru Saçlara Özel</h3><p style=\"margin-left:0px;\">Düzenli kullanımlar sonucunda kuru saçlarınıza canlılık kazandırır. İçeriğinde bulunan vitamin ve mineraller sayesinde saç derisini besleyerek yeniden saç oluşumuna öncü olur.</p><h3 class=\"sub-title\" style=\"margin-left:0px;\"><br>Etkili Arındırma</h3><p style=\"margin-left:0px;\">Tüm kuru saç tipine sahip kişilerde kullanım gerçekleştirilebilir. Kokusu oldukça kalıcıdır ve saç diplerini en etkili şekilde arındırmaya yardımcı olur.</p><p style=\"margin-left:0px;\"><strong>●</strong> Etkili bir arındırma sağlayarak kullanım gerçekleştirilebilir.</p><p style=\"margin-left:0px;\"><strong>●</strong> Saç bakımınız da daha hacimli bir görünüm yaratır.</p><p style=\"margin-left:0px;\"><strong>●</strong> Düzenli kullanımlarla birlikte kuru saçlarınız nem dengesini koruyabilmektedir.<br><br>Diğer ürünlerimizi incelemek için <a href=\"http://www.n11.com/sac-bakim-ve-sekillendirme/sac-bakimi-ve-sampuan/sampuan\" title=\"Şampuan\" target=\"_blank\">Şampuan</a> kategorimizi ziyaret edebilirsiniz.</p></div>'),
('en_US', 159, 'Arzum AR5036 Superstar Saç Düzleştirici Fırça', NULL, '<p style=\"-webkit-text-stroke-width:0px;background-color:rgb(255, 255, 255);color:rgb(0, 0, 0);font-family:&quot;Open Sans&quot;, Arial, sans-serif;font-size:14px;font-style:normal;font-variant-caps:normal;font-variant-ligatures:normal;font-weight:400;letter-spacing:normal;margin:0px 0px 15px;orphans:2;padding:0px;text-align:justify;text-decoration-color:initial;text-decoration-style:initial;text-decoration-thickness:initial;text-indent:0px;text-transform:none;white-space:normal;widows:2;word-spacing:0px;\">Yaygın inancın tersine, Lorem Ipsum rastgele sözcüklerden oluşmaz. Kökleri M.Ö. 45 tarihinden bu yana klasik Latin edebiyatına kadar uzanan 2000 yıllık bir geçmişi vardır. Virginia\'daki Hampden-Sydney College\'dan Latince profesörü Richard McClintock, bir Lorem Ipsum pasajında geçen ve anlaşılması en güç sözcüklerden biri olan \'consectetur\' sözcüğünün klasik edebiyattaki örneklerini incelediğinde kesin bir kaynağa ulaşmıştır. Lorm Ipsum, Çiçero tarafından M.Ö. 45 tarihinde kaleme alınan \"de Finibus Bonorum et Malorum\" (İyi ve Kötünün Uç Sınırları) eserinin 1.10.32 ve 1.10.33 sayılı bölümlerinden gelmektedir. Bu kitap, ahlak kuramı üzerine bir tezdir ve Rönesans döneminde çok popüler olmuştur. Lorem Ipsum pasajının ilk satırı olan \"Lorem ipsum dolor sit amet\" 1.10.32 sayılı bölümdeki bir satırdan gelmektedir.</p><p style=\"-webkit-text-stroke-width:0px;background-color:rgb(255, 255, 255);color:rgb(0, 0, 0);font-family:&quot;Open Sans&quot;, Arial, sans-serif;font-size:14px;font-style:normal;font-variant-caps:normal;font-variant-ligatures:normal;font-weight:400;letter-spacing:normal;margin:0px 0px 15px;orphans:2;padding:0px;text-align:justify;text-decoration-color:initial;text-decoration-style:initial;text-decoration-thickness:initial;text-indent:0px;text-transform:none;white-space:normal;widows:2;word-spacing:0px;\">1500\'lerden beri kullanılmakta olan standard Lorem Ipsum metinleri ilgilenenler için yeniden üretilmiştir. Çiçero tarafından yazılan 1.10.32 ve 1.10.33 bölümleri de 1914 H. Rackham çevirisinden alınan İngilizce sürümleri eşliğinde özgün biçiminden yeniden üretilmiştir.</p>');

-- --------------------------------------------------------

--
-- Tablo için tablo yapısı `ec_product_attributes`
--

CREATE TABLE `ec_product_attributes` (
  `id` bigint(20) UNSIGNED NOT NULL,
  `attribute_set_id` int(10) UNSIGNED NOT NULL,
  `title` varchar(120) NOT NULL,
  `slug` varchar(120) DEFAULT NULL,
  `color` varchar(50) DEFAULT NULL,
  `image` varchar(191) DEFAULT NULL,
  `is_default` tinyint(3) UNSIGNED NOT NULL DEFAULT 0,
  `order` tinyint(3) UNSIGNED NOT NULL DEFAULT 0,
  `status` varchar(60) NOT NULL DEFAULT 'published',
  `created_at` timestamp NULL DEFAULT NULL,
  `updated_at` timestamp NULL DEFAULT NULL
) ENGINE=InnoDB DEFAULT CHARSET=utf8mb4 COLLATE=utf8mb4_unicode_ci;

--
-- Tablo döküm verisi `ec_product_attributes`
--

INSERT INTO `ec_product_attributes` (`id`, `attribute_set_id`, `title`, `slug`, `color`, `image`, `is_default`, `order`, `status`, `created_at`, `updated_at`) VALUES
(1, 1, 'Yeşil', 'yesil', 'rgb(106, 168, 79)', '', 0, 0, 'published', '2021-08-24 07:58:11', '2021-10-25 11:02:20'),
(2, 1, 'Mavi', 'mavi', 'rgb(74, 134, 232)', '', 0, 1, 'published', '2021-08-24 07:58:11', '2021-10-25 11:02:20'),
(3, 1, 'Kırmızı', 'kırmızı', '#DA323F', '', 0, 2, 'published', '2021-08-24 07:58:11', '2021-10-25 11:02:20'),
(4, 1, 'Siyah', 'siyah', 'rgb(0, 0, 0)', '', 0, 3, 'published', '2021-08-24 07:58:11', '2021-10-25 11:02:20'),
(5, 1, 'Beyaz', 'beyaz', 'rgb(243, 243, 243)', '', 0, 4, 'published', '2021-08-24 07:58:11', '2021-10-27 07:35:11'),
(6, 2, 'S', 's', '', '', 0, 0, 'published', '2021-08-24 07:58:11', '2021-10-26 10:45:57'),
(7, 2, 'M', 'm', '', '', 0, 1, 'published', '2021-08-24 07:58:11', '2021-10-21 13:08:59'),
(8, 2, 'L', 'l', '', '', 0, 2, 'published', '2021-08-24 07:58:11', '2021-10-21 13:08:59'),
(9, 2, 'XL', 'xl', '', '', 0, 3, 'published', '2021-08-24 07:58:11', '2021-10-21 13:08:59'),
(10, 2, 'XXL', 'xxl', '', '', 0, 4, 'published', '2021-08-24 07:58:11', '2021-10-26 10:24:47'),
(11, 1, 'Kahverengi', 'kahverengi', 'rgb(120, 63, 4)', '', 0, 5, 'published', '2021-10-25 11:02:20', '2021-10-26 10:44:33'),
(12, 2, '30/32', '30/32', '', '', 0, 6, 'published', '2021-10-26 10:24:47', '2021-10-26 10:45:57'),
(13, 2, '31/32', '31/32', '', '', 0, 7, 'published', '2021-10-26 10:24:47', '2021-10-26 10:45:57'),
(14, 2, '32/32', '32/32', '', '', 0, 8, 'published', '2021-10-26 10:24:47', '2021-10-26 10:45:57'),
(15, 2, '33/32', '33/32', '', '', 0, 9, 'published', '2021-10-26 10:24:47', '2021-10-26 10:45:57'),
(16, 2, '34/32', '34/32', '', '', 0, 10, 'published', '2021-10-26 10:24:47', '2021-10-26 10:45:57'),
(17, 2, '36/32', '36/32', '', '', 0, 11, 'published', '2021-10-26 10:24:47', '2021-10-26 10:45:57'),
(18, 1, 'Gri', 'gri', 'rgb(183, 183, 183)', '', 0, 6, 'published', '2021-10-26 10:44:33', '2021-10-27 07:05:55'),
(19, 2, '3XL', '3xl', '', '', 1, 5, 'published', '2021-10-26 10:45:57', '2021-10-26 10:45:57'),
(20, 1, 'Gold', 'gold', 'rgb(191, 144, 0)', '', 1, 7, 'published', '2021-10-27 07:05:55', '2021-10-27 07:05:55'),
(21, 3, '40', '40', '', '', 1, 0, 'published', '2021-10-28 10:47:16', '2021-10-28 10:47:16'),
(22, 3, '41', '41', '', '', 0, 1, 'published', '2021-10-28 10:47:16', '2021-10-28 10:47:16'),
(23, 3, '42', '42', '', '', 0, 2, 'published', '2021-10-28 10:47:16', '2021-10-28 10:47:16'),
(24, 3, '43', '43', '', '', 0, 3, 'published', '2021-10-28 10:47:16', '2021-10-28 10:47:16'),
(25, 3, '44', '44', '', '', 0, 4, 'published', '2021-10-28 10:47:16', '2021-10-28 10:47:16');

-- --------------------------------------------------------

--
-- Tablo için tablo yapısı `ec_product_attributes_translations`
--

CREATE TABLE `ec_product_attributes_translations` (
  `lang_code` varchar(191) NOT NULL,
  `ec_product_attributes_id` int(11) NOT NULL,
  `title` varchar(191) DEFAULT NULL
) ENGINE=InnoDB DEFAULT CHARSET=utf8mb4 COLLATE=utf8mb4_unicode_ci;

--
-- Tablo döküm verisi `ec_product_attributes_translations`
--

INSERT INTO `ec_product_attributes_translations` (`lang_code`, `ec_product_attributes_id`, `title`) VALUES
('en_US', 21, '40'),
('en_US', 22, '41'),
('en_US', 23, '42'),
('en_US', 24, '43'),
('en_US', 25, '44'),
('vi', 1, 'Xanh lá cây'),
('vi', 2, 'Xanh da trời'),
('vi', 3, 'Đỏ'),
('vi', 4, 'Đen'),
('vi', 5, 'Nâu'),
('vi', 6, 'S'),
('vi', 7, 'M'),
('vi', 8, 'L'),
('vi', 9, 'XL'),
('vi', 10, 'XXL');

-- --------------------------------------------------------

--
-- Tablo için tablo yapısı `ec_product_attribute_sets`
--

CREATE TABLE `ec_product_attribute_sets` (
  `id` bigint(20) UNSIGNED NOT NULL,
  `title` varchar(120) NOT NULL,
  `slug` varchar(120) DEFAULT NULL,
  `display_layout` varchar(191) NOT NULL DEFAULT 'swatch_dropdown',
  `is_searchable` tinyint(3) UNSIGNED NOT NULL DEFAULT 1,
  `is_comparable` tinyint(3) UNSIGNED NOT NULL DEFAULT 1,
  `is_use_in_product_listing` tinyint(3) UNSIGNED NOT NULL DEFAULT 0,
  `status` varchar(60) NOT NULL DEFAULT 'published',
  `order` tinyint(3) UNSIGNED NOT NULL DEFAULT 0,
  `created_at` timestamp NULL DEFAULT NULL,
  `updated_at` timestamp NULL DEFAULT NULL,
  `use_image_from_product_variation` text DEFAULT NULL
) ENGINE=InnoDB DEFAULT CHARSET=utf8mb4 COLLATE=utf8mb4_unicode_ci;

--
-- Tablo döküm verisi `ec_product_attribute_sets`
--

INSERT INTO `ec_product_attribute_sets` (`id`, `title`, `slug`, `display_layout`, `is_searchable`, `is_comparable`, `is_use_in_product_listing`, `status`, `order`, `created_at`, `updated_at`, `use_image_from_product_variation`) VALUES
(1, 'Renk', 'renk', 'visual', 1, 1, 1, 'published', 0, '2021-08-24 07:58:11', '2021-10-21 13:09:10', NULL),
(2, 'Beden', 'beden', 'text', 1, 1, 1, 'published', 1, '2021-08-24 07:58:11', '2021-10-25 10:49:51', NULL),
(3, 'Numara', 'numara', 'text', 1, 1, 1, 'published', 0, '2021-10-28 10:47:16', '2021-10-28 10:47:40', NULL);

-- --------------------------------------------------------

--
-- Tablo için tablo yapısı `ec_product_attribute_sets_translations`
--

CREATE TABLE `ec_product_attribute_sets_translations` (
  `lang_code` varchar(191) NOT NULL,
  `ec_product_attribute_sets_id` int(11) NOT NULL,
  `title` varchar(191) DEFAULT NULL
) ENGINE=InnoDB DEFAULT CHARSET=utf8mb4 COLLATE=utf8mb4_unicode_ci;

--
-- Tablo döküm verisi `ec_product_attribute_sets_translations`
--

INSERT INTO `ec_product_attribute_sets_translations` (`lang_code`, `ec_product_attribute_sets_id`, `title`) VALUES
('en_US', 3, 'Numara'),
('vi', 1, 'Màu sắc'),
('vi', 2, 'Kích thước');

-- --------------------------------------------------------

--
-- Tablo için tablo yapısı `ec_product_categories`
--

CREATE TABLE `ec_product_categories` (
  `id` bigint(20) UNSIGNED NOT NULL,
  `name` varchar(191) NOT NULL,
  `parent_id` int(10) UNSIGNED DEFAULT 0,
  `description` mediumtext DEFAULT NULL,
  `status` varchar(60) NOT NULL DEFAULT 'published',
  `order` int(10) UNSIGNED NOT NULL DEFAULT 0,
  `image` varchar(255) DEFAULT NULL,
  `is_featured` tinyint(3) UNSIGNED NOT NULL DEFAULT 0,
  `created_at` timestamp NULL DEFAULT NULL,
  `updated_at` timestamp NULL DEFAULT NULL
) ENGINE=InnoDB DEFAULT CHARSET=utf8mb4 COLLATE=utf8mb4_unicode_ci;

--
-- Tablo döküm verisi `ec_product_categories`
--

INSERT INTO `ec_product_categories` (`id`, `name`, `parent_id`, `description`, `status`, `order`, `image`, `is_featured`, `created_at`, `updated_at`) VALUES
(1, 'Giyim & Ayakkabı', 0, NULL, 'published', 0, 'product-categories/giyim-ayakkabi-1.jpg', 1, '2021-08-24 07:58:11', '2021-10-26 07:31:30'),
(2, 'Elektronik', 0, NULL, 'published', 1, 'product-categories/6.jpg', 1, '2021-08-24 07:58:11', '2021-10-26 07:37:52'),
(3, 'Telefon & Aksesuarları', 2, NULL, 'published', 1, NULL, 0, '2021-08-24 07:58:11', '2021-10-25 08:47:06'),
(4, 'Bilgisayar', 2, NULL, 'published', 2, NULL, 0, '2021-08-24 07:58:11', '2021-10-25 08:47:46'),
(5, 'Televizyon & Ses Sistemleri', 2, NULL, 'published', 3, NULL, 0, '2021-08-24 07:58:11', '2021-10-25 08:48:23'),
(6, 'Elektrikli Ev Aletleri', 2, NULL, 'published', 4, NULL, 0, '2021-08-24 07:58:11', '2021-10-25 08:49:21'),
(7, 'Beyaz Eşya', 2, NULL, 'published', 5, NULL, 0, '2021-08-24 07:58:11', '2021-10-25 08:49:49'),
(8, 'Fotoğraf & Kamera', 2, NULL, 'published', 6, NULL, 0, '2021-08-24 07:58:11', '2021-10-25 08:50:16'),
(11, 'Ev & Yaşam', 0, NULL, 'published', 2, 'product-categories/ev-yasam.jpg', 1, '2021-08-24 07:58:11', '2021-10-26 07:48:13'),
(12, 'Anne, Bebek', 0, NULL, 'published', 3, 'product-categories/anne-bebek.jpg', 1, '2021-08-24 07:58:11', '2021-10-26 07:34:29'),
(13, 'Hamile Giyim', 12, NULL, 'published', 3, NULL, 0, '2021-08-24 07:58:11', '2021-10-25 10:23:07'),
(14, 'Bebek Arabaları', 12, NULL, 'published', 4, NULL, 0, '2021-08-24 07:58:11', '2021-10-25 10:23:24'),
(15, 'Beslenme & Mama Sandalyesi', 12, NULL, 'published', 5, NULL, 0, '2021-08-24 07:58:11', '2021-10-25 10:23:40'),
(17, 'Kozmetik & Kişisel Bakım', 0, NULL, 'published', 4, 'product-categories/8.jpg', 1, '2021-08-24 07:58:11', '2021-10-26 07:13:39'),
(18, 'Mücevher & Saat', 0, NULL, 'published', 5, 'product-categories/3.jpg', 1, '2021-08-24 07:58:11', '2021-10-26 07:48:48'),
(19, 'Spor & Outdoor', 0, NULL, 'published', 6, 'product-categories/spor-outdoor.jpg', 1, '2021-08-24 07:58:11', '2021-10-26 07:54:43'),
(20, 'Kitap, Müzik, Film, Oyun', 0, NULL, 'published', 7, 'product-categories/kitap-film.jpg', 1, '2021-08-24 07:58:11', '2021-10-26 07:57:12'),
(21, 'Müzik Enstrümanları', 20, NULL, 'published', 7, NULL, 0, '2021-08-24 07:58:11', '2021-10-25 10:28:14'),
(22, 'Film', 20, NULL, 'published', 8, NULL, 0, '2021-08-24 07:58:11', '2021-10-25 10:28:32'),
(23, 'Hobi & Oyun', 20, NULL, 'published', 9, NULL, 0, '2021-08-24 07:58:11', '2021-10-25 10:28:55'),
(25, 'Bilet, Tatil & Eğlence', 0, NULL, 'published', 8, 'product-categories/8.jpg', 1, '2021-08-24 07:58:11', '2021-10-25 08:41:22'),
(26, 'Otomotiv & Motosiklet', 0, NULL, 'published', 9, NULL, 0, '2021-08-24 07:58:11', '2021-10-25 08:41:52'),
(31, 'Erkek Giyim & Aksesuar', 1, NULL, 'published', 0, NULL, 0, '2021-10-25 08:44:22', '2021-10-25 08:44:22'),
(32, 'Kadın Giyim & Aksesuar', 1, NULL, 'published', 0, NULL, 0, '2021-10-25 08:44:49', '2021-10-25 08:44:49'),
(33, 'Ayakkabı & Çanta', 1, NULL, 'published', 0, NULL, 0, '2021-10-25 08:45:25', '2021-10-25 08:45:25'),
(34, 'Çocuk Giyim & Aksesuar', 1, NULL, 'published', 0, NULL, 0, '2021-10-25 08:46:12', '2021-10-25 08:46:12'),
(35, 'Güneş Gözlüğü', 1, NULL, 'published', 0, NULL, 0, '2021-10-25 08:46:34', '2021-10-25 08:46:34'),
(36, 'Mobilya', 11, NULL, 'published', 0, NULL, 0, '2021-10-25 08:51:31', '2021-10-25 08:51:31'),
(37, 'Dekorasyon & Aydınlatma', 11, NULL, 'published', 0, NULL, 0, '2021-10-25 08:51:48', '2021-10-25 08:51:48'),
(38, 'Ev Tekstili', 11, NULL, 'published', 0, NULL, 0, '2021-10-25 08:52:13', '2021-10-25 08:52:13'),
(39, 'Mutfak Gereçleri', 11, NULL, 'published', 0, NULL, 0, '2021-10-25 08:52:29', '2021-10-25 08:52:29'),
(40, 'Banyo & Ev Gereçleri', 11, NULL, 'published', 0, NULL, 0, '2021-10-25 08:53:46', '2021-10-25 08:53:46'),
(41, 'Yapı Market & Bahçe', 11, NULL, 'published', 0, NULL, 0, '2021-10-25 08:54:11', '2021-10-25 08:54:11'),
(42, 'Evcil Hayvan Ürünleri', 11, NULL, 'published', 0, NULL, 0, '2021-10-25 08:54:29', '2021-10-25 08:54:29'),
(43, 'Kırtasiye & Ofis', 11, NULL, 'published', 0, NULL, 0, '2021-10-25 08:54:49', '2021-10-25 08:54:49'),
(44, 'Süpermarket', 11, NULL, 'published', 0, NULL, 0, '2021-10-25 08:55:08', '2021-10-25 08:55:08'),
(45, 'Bebek Bezi & Islak Mendil', 12, NULL, 'published', 0, NULL, 0, '2021-10-25 10:21:45', '2021-10-25 10:21:45'),
(46, 'Bebek Giyim', 12, NULL, 'published', 0, NULL, 0, '2021-10-25 10:22:07', '2021-10-25 10:22:07'),
(47, 'Parfüm & Deodorant', 17, NULL, 'published', 0, NULL, 0, '2021-10-25 10:24:19', '2021-10-25 10:24:19'),
(48, 'Saç Bakım & Şekillendirme', 17, NULL, 'published', 0, NULL, 0, '2021-10-25 10:24:32', '2021-10-25 10:24:32'),
(49, 'Yüz & Vücut Bakımı', 17, NULL, 'published', 0, NULL, 0, '2021-10-25 10:24:48', '2021-10-25 10:24:48'),
(50, 'Makyaj', 17, NULL, 'published', 0, NULL, 0, '2021-10-25 10:25:04', '2021-10-25 10:25:04'),
(51, 'Sağlık & Medikal Ürünler', 17, NULL, 'published', 0, NULL, 0, '2021-10-25 10:25:17', '2021-10-25 10:25:17'),
(52, 'Kadın Bakım Ürünleri', 17, NULL, 'published', 0, NULL, 0, '2021-10-25 10:25:28', '2021-10-25 10:25:28'),
(53, 'Erkek Bakım Ürünleri', 17, NULL, 'published', 0, NULL, 0, '2021-10-25 10:25:43', '2021-10-25 10:25:43'),
(54, 'Kol Saatleri', 18, NULL, 'published', 0, NULL, 0, '2021-10-25 10:25:59', '2021-10-25 10:25:59'),
(55, 'Takı', 18, NULL, 'published', 0, NULL, 0, '2021-10-25 10:26:14', '2021-10-25 10:26:14'),
(56, 'Spor Giyim', 19, NULL, 'published', 0, NULL, 0, '2021-10-25 10:26:29', '2021-10-25 10:26:29'),
(57, 'Outdoor Giyim', 19, NULL, 'published', 0, NULL, 0, '2021-10-25 10:26:42', '2021-10-25 10:26:42'),
(58, 'Kitap & Dergi', 20, NULL, 'published', 0, NULL, 0, '2021-10-25 10:27:03', '2021-10-25 10:27:03'),
(59, 'Oto Aksesuar', 26, NULL, 'published', 0, NULL, 0, '2021-10-25 10:29:53', '2021-10-25 10:29:53'),
(60, 'Tüm Motosiklet Ürünleri', 26, NULL, 'published', 0, NULL, 0, '2021-10-25 10:30:15', '2021-10-25 10:30:15'),
(61, 'Bilet', 25, NULL, 'published', 0, NULL, 0, '2021-10-25 10:30:39', '2021-10-25 10:30:39');

-- --------------------------------------------------------

--
-- Tablo için tablo yapısı `ec_product_categories_translations`
--

CREATE TABLE `ec_product_categories_translations` (
  `lang_code` varchar(191) NOT NULL,
  `ec_product_categories_id` int(11) NOT NULL,
  `name` varchar(191) DEFAULT NULL,
  `description` text DEFAULT NULL
) ENGINE=InnoDB DEFAULT CHARSET=utf8mb4 COLLATE=utf8mb4_unicode_ci;

--
-- Tablo döküm verisi `ec_product_categories_translations`
--

INSERT INTO `ec_product_categories_translations` (`lang_code`, `ec_product_categories_id`, `name`, `description`) VALUES
('vi', 1, 'Khuyến mãi nổi bật', NULL),
('vi', 2, 'Điện tử', NULL),
('vi', 3, 'Âm thanh và hình ảnh', NULL),
('vi', 4, 'TV & Videos', NULL),
('vi', 5, 'Máy ảnh, Ảnh & Videos', NULL),
('vi', 6, 'Điện thoại & Phụ kiện', NULL),
('vi', 7, 'Tai nghe', NULL),
('vi', 8, 'Trò chơi', NULL),
('vi', 11, 'Quần áo', NULL),
('vi', 12, 'Máy tính', NULL),
('vi', 13, 'Máy tính và máy tính bảng', NULL),
('vi', 14, 'Máy vi tính', NULL),
('vi', 15, 'Màn hình', NULL),
('vi', 17, 'Đồ dùng nhà bếp', NULL),
('vi', 18, 'Sức khỏe & làm đẹp', NULL),
('vi', 19, 'Đồng hồ & trang sức', NULL),
('vi', 20, 'Đồ chơi công nghệ', NULL),
('vi', 21, 'Thiết bị lưu trữ', NULL),
('vi', 22, 'Máy tính chơi game', NULL),
('vi', 23, 'Bảo mật', NULL),
('vi', 25, 'Điện thoại', NULL),
('vi', 26, 'Mẹ và bé', NULL);

-- --------------------------------------------------------

--
-- Tablo için tablo yapısı `ec_product_category_product`
--

CREATE TABLE `ec_product_category_product` (
  `id` bigint(20) UNSIGNED NOT NULL,
  `category_id` int(10) UNSIGNED NOT NULL,
  `product_id` int(10) UNSIGNED NOT NULL
) ENGINE=InnoDB DEFAULT CHARSET=utf8mb4 COLLATE=utf8mb4_unicode_ci;

--
-- Tablo döküm verisi `ec_product_category_product`
--

INSERT INTO `ec_product_category_product` (`id`, `category_id`, `product_id`) VALUES
(99, 2, 86),
(100, 5, 86),
(101, 2, 87),
(102, 6, 87),
(103, 2, 88),
(104, 4, 88),
(105, 1, 89),
(106, 31, 89),
(107, 1, 96),
(108, 31, 96),
(109, 1, 101),
(110, 31, 101),
(111, 1, 107),
(112, 32, 107),
(113, 1, 112),
(114, 32, 112),
(115, 1, 114),
(116, 32, 114),
(117, 11, 118),
(118, 36, 118),
(119, 11, 119),
(120, 36, 119),
(121, 11, 120),
(122, 36, 120),
(123, 11, 121),
(124, 37, 121),
(127, 11, 123),
(128, 40, 123),
(129, 20, 124),
(130, 22, 124),
(131, 20, 125),
(132, 23, 125),
(133, 20, 126),
(134, 21, 126),
(135, 20, 127),
(136, 58, 127),
(137, 20, 128),
(138, 58, 128),
(139, 20, 129),
(140, 21, 129),
(141, 17, 130),
(142, 53, 130),
(143, 17, 131),
(144, 52, 131),
(145, 17, 132),
(146, 53, 132),
(147, 47, 132),
(148, 17, 133),
(149, 52, 133),
(150, 47, 133),
(151, 17, 134),
(152, 52, 134),
(153, 50, 134),
(154, 17, 135),
(155, 49, 135),
(156, 2, 136),
(157, 3, 136),
(158, 2, 139),
(159, 3, 139),
(160, 2, 140),
(161, 7, 140),
(162, 2, 141),
(163, 8, 141),
(164, 2, 142),
(165, 4, 142),
(166, 12, 145),
(167, 45, 145),
(168, 1, 146),
(169, 33, 146),
(170, 32, 146),
(171, 1, 155),
(172, 33, 155),
(173, 32, 155),
(174, 19, 156),
(175, 56, 156),
(176, 1, 122),
(177, 33, 122),
(180, 48, 158),
(181, 17, 158),
(182, 17, 159),
(183, 48, 159);

-- --------------------------------------------------------

--
-- Tablo için tablo yapısı `ec_product_collections`
--

CREATE TABLE `ec_product_collections` (
  `id` bigint(20) UNSIGNED NOT NULL,
  `name` varchar(191) NOT NULL,
  `slug` varchar(191) NOT NULL,
  `description` varchar(400) DEFAULT NULL,
  `image` varchar(255) DEFAULT NULL,
  `status` varchar(60) NOT NULL DEFAULT 'published',
  `created_at` timestamp NULL DEFAULT NULL,
  `updated_at` timestamp NULL DEFAULT NULL,
  `is_featured` tinyint(3) UNSIGNED NOT NULL DEFAULT 0
) ENGINE=InnoDB DEFAULT CHARSET=utf8mb4 COLLATE=utf8mb4_unicode_ci;

--
-- Tablo döküm verisi `ec_product_collections`
--

INSERT INTO `ec_product_collections` (`id`, `name`, `slug`, `description`, `image`, `status`, `created_at`, `updated_at`, `is_featured`) VALUES
(1, 'Yeni Gelenler', 'new-arrival', NULL, NULL, 'published', '2021-08-24 07:58:11', '2021-10-21 13:06:27', 0),
(2, 'En çok Satanlar', 'best-sellers', NULL, NULL, 'published', '2021-08-24 07:58:11', '2021-10-21 13:06:07', 0),
(3, 'Özel İndirim', 'special-offer', NULL, NULL, 'published', '2021-08-24 07:58:11', '2021-10-21 13:05:54', 0);

-- --------------------------------------------------------

--
-- Tablo için tablo yapısı `ec_product_collections_translations`
--

CREATE TABLE `ec_product_collections_translations` (
  `lang_code` varchar(191) NOT NULL,
  `ec_product_collections_id` int(11) NOT NULL,
  `name` varchar(191) DEFAULT NULL,
  `description` varchar(191) DEFAULT NULL
) ENGINE=InnoDB DEFAULT CHARSET=utf8mb4 COLLATE=utf8mb4_unicode_ci;

--
-- Tablo döküm verisi `ec_product_collections_translations`
--

INSERT INTO `ec_product_collections_translations` (`lang_code`, `ec_product_collections_id`, `name`, `description`) VALUES
('vi', 1, 'Hàng mới về', NULL),
('vi', 2, 'Bán chạy nhất', NULL),
('vi', 3, 'Khuyến mãi đặc biệt', NULL);

-- --------------------------------------------------------

--
-- Tablo için tablo yapısı `ec_product_collection_products`
--

CREATE TABLE `ec_product_collection_products` (
  `id` bigint(20) UNSIGNED NOT NULL,
  `product_collection_id` int(10) UNSIGNED NOT NULL,
  `product_id` int(10) UNSIGNED NOT NULL
) ENGINE=InnoDB DEFAULT CHARSET=utf8mb4 COLLATE=utf8mb4_unicode_ci;

--
-- Tablo döküm verisi `ec_product_collection_products`
--

INSERT INTO `ec_product_collection_products` (`id`, `product_collection_id`, `product_id`) VALUES
(25, 1, 89),
(26, 3, 96),
(27, 1, 101),
(28, 1, 107),
(29, 1, 112),
(30, 2, 112),
(31, 3, 112),
(32, 1, 114),
(33, 2, 114),
(34, 3, 114),
(35, 1, 118),
(36, 2, 118),
(37, 3, 118),
(38, 1, 119),
(39, 1, 120),
(40, 2, 120),
(41, 3, 120),
(42, 1, 121),
(43, 3, 121),
(44, 3, 122),
(45, 2, 123),
(49, 1, 125),
(50, 1, 126),
(57, 1, 130),
(58, 2, 130),
(59, 3, 130),
(60, 1, 131),
(61, 2, 131),
(62, 3, 131),
(66, 1, 86),
(67, 2, 86),
(68, 3, 86),
(69, 1, 133),
(70, 2, 133),
(71, 3, 133),
(72, 1, 134),
(73, 2, 134),
(74, 3, 134),
(75, 1, 135),
(76, 2, 135),
(77, 3, 135),
(78, 1, 87),
(79, 2, 87),
(80, 3, 87),
(81, 1, 88),
(82, 2, 88),
(83, 3, 88),
(87, 3, 139),
(91, 1, 141),
(92, 2, 141),
(93, 3, 141),
(94, 1, 142),
(95, 2, 142),
(96, 3, 142),
(97, 1, 146),
(98, 2, 146),
(99, 3, 146),
(100, 1, 155),
(101, 2, 155),
(102, 3, 155),
(103, 1, 156),
(104, 2, 156),
(105, 3, 156);

-- --------------------------------------------------------

--
-- Tablo için tablo yapısı `ec_product_cross_sale_relations`
--

CREATE TABLE `ec_product_cross_sale_relations` (
  `id` bigint(20) UNSIGNED NOT NULL,
  `from_product_id` int(10) UNSIGNED NOT NULL,
  `to_product_id` int(10) UNSIGNED NOT NULL
) ENGINE=InnoDB DEFAULT CHARSET=utf8mb4 COLLATE=utf8mb4_unicode_ci;

-- --------------------------------------------------------

--
-- Tablo için tablo yapısı `ec_product_labels`
--

CREATE TABLE `ec_product_labels` (
  `id` bigint(20) UNSIGNED NOT NULL,
  `name` varchar(255) NOT NULL,
  `color` varchar(120) DEFAULT NULL,
  `status` varchar(60) NOT NULL DEFAULT 'published',
  `created_at` timestamp NULL DEFAULT NULL,
  `updated_at` timestamp NULL DEFAULT NULL
) ENGINE=InnoDB DEFAULT CHARSET=utf8mb4 COLLATE=utf8mb4_unicode_ci;

--
-- Tablo döküm verisi `ec_product_labels`
--

INSERT INTO `ec_product_labels` (`id`, `name`, `color`, `status`, `created_at`, `updated_at`) VALUES
(1, 'Ücretsiz Kargo', '#EC8D24', 'published', '2021-08-24 07:58:11', '2021-10-26 11:48:55'),
(2, 'Yeni', '#00C9A7', 'published', '2021-08-24 07:58:11', '2021-10-21 13:05:06'),
(3, 'Süper', '#496EE5', 'published', '2021-08-24 07:58:11', '2021-10-26 11:47:28');

-- --------------------------------------------------------

--
-- Tablo için tablo yapısı `ec_product_labels_translations`
--

CREATE TABLE `ec_product_labels_translations` (
  `lang_code` varchar(191) NOT NULL,
  `ec_product_labels_id` int(11) NOT NULL,
  `name` varchar(191) DEFAULT NULL,
  `description` varchar(191) DEFAULT NULL
) ENGINE=InnoDB DEFAULT CHARSET=utf8mb4 COLLATE=utf8mb4_unicode_ci;

--
-- Tablo döküm verisi `ec_product_labels_translations`
--

INSERT INTO `ec_product_labels_translations` (`lang_code`, `ec_product_labels_id`, `name`, `description`) VALUES
('vi', 1, 'Nổi bật', NULL),
('vi', 2, 'Mới', NULL),
('vi', 3, 'Giảm giá', NULL);

-- --------------------------------------------------------

--
-- Tablo için tablo yapısı `ec_product_label_products`
--

CREATE TABLE `ec_product_label_products` (
  `product_label_id` int(10) UNSIGNED NOT NULL,
  `product_id` int(10) UNSIGNED NOT NULL
) ENGINE=InnoDB DEFAULT CHARSET=utf8mb4 COLLATE=utf8mb4_unicode_ci;

--
-- Tablo döküm verisi `ec_product_label_products`
--

INSERT INTO `ec_product_label_products` (`product_label_id`, `product_id`) VALUES
(1, 21),
(1, 86),
(1, 87),
(1, 88),
(1, 118),
(1, 119),
(1, 122),
(1, 126),
(1, 129),
(1, 136),
(1, 139),
(1, 140),
(1, 141),
(1, 142),
(1, 145),
(1, 155),
(1, 156),
(2, 7),
(2, 14),
(2, 87),
(2, 101),
(2, 112),
(2, 114),
(2, 118),
(2, 120),
(2, 123),
(2, 124),
(2, 125),
(2, 126),
(2, 127),
(2, 130),
(2, 132),
(2, 133),
(2, 134),
(2, 135),
(2, 140),
(2, 141),
(2, 145),
(2, 146),
(3, 86),
(3, 107),
(3, 114),
(3, 122),
(3, 128),
(3, 139);

-- --------------------------------------------------------

--
-- Tablo için tablo yapısı `ec_product_related_relations`
--

CREATE TABLE `ec_product_related_relations` (
  `id` bigint(20) UNSIGNED NOT NULL,
  `from_product_id` int(10) UNSIGNED NOT NULL,
  `to_product_id` int(10) UNSIGNED NOT NULL
) ENGINE=InnoDB DEFAULT CHARSET=utf8mb4 COLLATE=utf8mb4_unicode_ci;

--
-- Tablo döküm verisi `ec_product_related_relations`
--

INSERT INTO `ec_product_related_relations` (`id`, `from_product_id`, `to_product_id`) VALUES
(2, 89, 96),
(3, 96, 89),
(4, 101, 89),
(5, 101, 96),
(27, 119, 118),
(28, 114, 89),
(29, 114, 96),
(30, 114, 101),
(31, 114, 107),
(32, 114, 112),
(36, 120, 118),
(37, 120, 119),
(55, 123, 118),
(56, 123, 119),
(57, 123, 120),
(58, 123, 121),
(59, 123, 122),
(60, 125, 124),
(63, 127, 124),
(64, 127, 125),
(65, 127, 126),
(75, 131, 130),
(78, 132, 130),
(79, 132, 131),
(80, 129, 124),
(81, 129, 125),
(82, 129, 126),
(83, 129, 127),
(84, 129, 128),
(85, 128, 124),
(86, 128, 125),
(87, 128, 126),
(88, 128, 127),
(92, 134, 130),
(93, 134, 131),
(94, 134, 132),
(95, 134, 133),
(101, 126, 124),
(102, 126, 125),
(103, 121, 118),
(104, 121, 119),
(105, 121, 120),
(135, 122, 118),
(136, 122, 119),
(137, 122, 120),
(138, 122, 121),
(144, 155, 101),
(145, 155, 107),
(146, 155, 112),
(147, 155, 114),
(148, 155, 118),
(156, 112, 89),
(157, 112, 96),
(158, 112, 101),
(159, 112, 107),
(160, 107, 89),
(161, 107, 96),
(162, 107, 101),
(168, 135, 130),
(169, 135, 131),
(170, 135, 132),
(171, 135, 133),
(172, 135, 134),
(173, 156, 101),
(174, 156, 107),
(175, 156, 112),
(176, 156, 114),
(177, 156, 118),
(178, 142, 88),
(180, 133, 130),
(181, 133, 131),
(182, 133, 132),
(184, 139, 136);

-- --------------------------------------------------------

--
-- Tablo için tablo yapısı `ec_product_tags`
--

CREATE TABLE `ec_product_tags` (
  `id` bigint(20) UNSIGNED NOT NULL,
  `name` varchar(120) NOT NULL,
  `description` varchar(400) DEFAULT NULL,
  `status` varchar(60) NOT NULL DEFAULT 'published',
  `created_at` timestamp NULL DEFAULT NULL,
  `updated_at` timestamp NULL DEFAULT NULL
) ENGINE=InnoDB DEFAULT CHARSET=utf8mb4 COLLATE=utf8mb4_unicode_ci;

--
-- Tablo döküm verisi `ec_product_tags`
--

INSERT INTO `ec_product_tags` (`id`, `name`, `description`, `status`, `created_at`, `updated_at`) VALUES
(6, 'Tıraş Kolonyası 250 ML Cool', NULL, 'published', '2021-10-26 12:57:54', '2021-10-26 12:57:54'),
(7, 'Erkek Bakım', NULL, 'published', '2021-10-26 12:57:54', '2021-10-26 12:57:54'),
(8, 'Estella Cımbız Ac-007', NULL, 'published', '2021-10-26 13:01:29', '2021-10-26 13:01:29'),
(9, 'Jagler EDT 50 ml Erkek Parfüm Seti', NULL, 'published', '2021-10-26 13:11:52', '2021-10-26 13:11:52'),
(10, 'Her Story Love Inspires Edp', NULL, 'published', '2021-10-26 13:19:54', '2021-10-26 13:19:54'),
(11, 'Flormar By Pretty Baked Hıghlıghter 30 Beige', NULL, 'published', '2021-10-26 13:37:13', '2021-10-26 13:37:13'),
(12, 'FR PLUS GÜNEŞ KREMİ', NULL, 'published', '2021-10-26 13:44:56', '2021-10-26 13:44:56'),
(13, 'Xiaomi Mi Robot', NULL, 'published', '2021-10-26 13:46:27', '2021-10-26 13:46:27'),
(14, 'Apple TR Garantili', NULL, 'published', '2021-10-27 07:16:39', '2021-10-27 07:16:39'),
(15, 'LG F4R5VGW2T', NULL, 'published', '2021-10-27 07:22:00', '2021-10-27 07:22:00'),
(16, 'Anatomi Günlük Erkek Ayakkabı', NULL, 'published', '2021-10-28 10:51:33', '2021-10-28 10:51:33'),
(17, 'Arzum AR5036 Superstar Saç Düzleştirici Fırça', NULL, 'published', '2022-04-11 08:20:18', '2022-04-11 08:20:18');

-- --------------------------------------------------------

--
-- Tablo için tablo yapısı `ec_product_tags_translations`
--

CREATE TABLE `ec_product_tags_translations` (
  `lang_code` varchar(191) NOT NULL,
  `ec_product_tags_id` int(11) NOT NULL,
  `name` varchar(191) DEFAULT NULL
) ENGINE=InnoDB DEFAULT CHARSET=utf8mb4 COLLATE=utf8mb4_unicode_ci;

--
-- Tablo döküm verisi `ec_product_tags_translations`
--

INSERT INTO `ec_product_tags_translations` (`lang_code`, `ec_product_tags_id`, `name`) VALUES
('en_US', 17, 'Arzum AR5036 Superstar Saç Düzleştirici Fırça');

-- --------------------------------------------------------

--
-- Tablo için tablo yapısı `ec_product_tag_product`
--

CREATE TABLE `ec_product_tag_product` (
  `product_id` int(10) UNSIGNED NOT NULL,
  `tag_id` int(10) UNSIGNED NOT NULL
) ENGINE=InnoDB DEFAULT CHARSET=utf8mb4 COLLATE=utf8mb4_unicode_ci;

--
-- Tablo döküm verisi `ec_product_tag_product`
--

INSERT INTO `ec_product_tag_product` (`product_id`, `tag_id`) VALUES
(1, 1),
(1, 4),
(2, 3),
(2, 4),
(2, 5),
(3, 2),
(3, 5),
(3, 6),
(4, 4),
(4, 6),
(5, 3),
(5, 4),
(5, 5),
(6, 1),
(6, 4),
(6, 6),
(7, 2),
(7, 3),
(7, 5),
(8, 2),
(8, 4),
(8, 5),
(9, 2),
(9, 6),
(10, 1),
(10, 3),
(10, 6),
(11, 3),
(11, 5),
(11, 6),
(12, 1),
(12, 3),
(12, 5),
(13, 1),
(13, 3),
(13, 5),
(14, 1),
(14, 4),
(14, 6),
(15, 2),
(15, 3),
(15, 6),
(16, 5),
(16, 6),
(17, 1),
(17, 2),
(17, 3),
(18, 3),
(18, 5),
(19, 2),
(19, 4),
(19, 6),
(20, 3),
(20, 4),
(20, 5),
(21, 2),
(21, 4),
(21, 5),
(22, 2),
(22, 3),
(22, 5),
(23, 2),
(23, 5),
(23, 6),
(24, 4),
(24, 6),
(87, 13),
(130, 6),
(130, 7),
(131, 8),
(132, 9),
(133, 10),
(134, 11),
(135, 12),
(139, 14),
(140, 15),
(159, 17);

-- --------------------------------------------------------

--
-- Tablo için tablo yapısı `ec_product_up_sale_relations`
--

CREATE TABLE `ec_product_up_sale_relations` (
  `id` bigint(20) UNSIGNED NOT NULL,
  `from_product_id` int(10) UNSIGNED NOT NULL,
  `to_product_id` int(10) UNSIGNED NOT NULL
) ENGINE=InnoDB DEFAULT CHARSET=utf8mb4 COLLATE=utf8mb4_unicode_ci;

-- --------------------------------------------------------

--
-- Tablo için tablo yapısı `ec_product_variations`
--

CREATE TABLE `ec_product_variations` (
  `id` bigint(20) UNSIGNED NOT NULL,
  `product_id` int(10) UNSIGNED DEFAULT NULL,
  `configurable_product_id` int(10) UNSIGNED NOT NULL,
  `is_default` tinyint(4) NOT NULL DEFAULT 0
) ENGINE=InnoDB DEFAULT CHARSET=utf8mb4 COLLATE=utf8mb4_unicode_ci;

--
-- Tablo döküm verisi `ec_product_variations`
--

INSERT INTO `ec_product_variations` (`id`, `product_id`, `configurable_product_id`, `is_default`) VALUES
(62, 90, 89, 1),
(63, 91, 89, 0),
(64, 92, 89, 0),
(65, 93, 89, 0),
(66, 94, 89, 0),
(67, 95, 89, 0),
(68, 97, 96, 1),
(69, 98, 96, 0),
(70, 99, 96, 0),
(71, 100, 96, 0),
(72, 102, 101, 1),
(75, 103, 101, 0),
(76, 104, 101, 0),
(77, 105, 101, 0),
(78, 106, 101, 0),
(79, 108, 107, 1),
(80, 109, 107, 0),
(81, 110, 107, 0),
(82, 111, 107, 0),
(83, 113, 112, 1),
(84, 115, 114, 1),
(85, 116, 114, 0),
(86, 117, 114, 0),
(87, 137, 136, 0),
(88, 138, 136, 1),
(89, 143, 142, 1),
(90, 144, 142, 0),
(93, 147, 146, 1),
(94, 148, 146, 0),
(95, 149, 146, 0),
(96, 150, 146, 0),
(97, 151, 146, 0),
(98, 152, 146, 0),
(99, 153, 146, 0),
(100, 154, 146, 0),
(101, 157, 156, 1);

-- --------------------------------------------------------

--
-- Tablo için tablo yapısı `ec_product_variation_items`
--

CREATE TABLE `ec_product_variation_items` (
  `id` bigint(20) UNSIGNED NOT NULL,
  `attribute_id` int(10) UNSIGNED NOT NULL,
  `variation_id` int(10) UNSIGNED NOT NULL
) ENGINE=InnoDB DEFAULT CHARSET=utf8mb4 COLLATE=utf8mb4_unicode_ci;

--
-- Tablo döküm verisi `ec_product_variation_items`
--

INSERT INTO `ec_product_variation_items` (`id`, `attribute_id`, `variation_id`) VALUES
(123, 12, 62),
(124, 13, 63),
(125, 14, 64),
(126, 15, 65),
(127, 16, 66),
(128, 17, 67),
(129, 12, 68),
(130, 13, 69),
(131, 14, 70),
(132, 15, 71),
(137, 18, 72),
(140, 19, 72),
(141, 8, 75),
(142, 18, 75),
(143, 7, 76),
(144, 18, 76),
(145, 9, 77),
(146, 18, 77),
(147, 10, 78),
(148, 18, 78),
(149, 6, 79),
(150, 8, 80),
(151, 7, 81),
(152, 9, 82),
(153, 3, 83),
(154, 4, 84),
(155, 6, 84),
(156, 8, 85),
(157, 4, 85),
(158, 7, 86),
(159, 4, 86),
(160, 4, 87),
(161, 20, 88),
(162, 4, 89),
(163, 5, 90),
(170, 4, 93),
(171, 21, 93),
(172, 22, 94),
(173, 4, 94),
(174, 23, 95),
(175, 4, 95),
(176, 24, 96),
(177, 4, 96),
(178, 25, 97),
(179, 4, 97),
(180, 21, 98),
(181, 11, 98),
(182, 22, 99),
(183, 11, 99),
(184, 23, 100),
(185, 11, 100),
(186, 21, 101);

-- --------------------------------------------------------

--
-- Tablo için tablo yapısı `ec_product_with_attribute`
--

CREATE TABLE `ec_product_with_attribute` (
  `id` bigint(20) UNSIGNED NOT NULL,
  `attribute_id` int(10) UNSIGNED NOT NULL,
  `product_id` int(10) UNSIGNED NOT NULL
) ENGINE=InnoDB DEFAULT CHARSET=utf8mb4 COLLATE=utf8mb4_unicode_ci;

--
-- Tablo döküm verisi `ec_product_with_attribute`
--

INSERT INTO `ec_product_with_attribute` (`id`, `attribute_id`, `product_id`) VALUES
(79, 6, 89),
(80, 7, 89),
(81, 8, 89),
(82, 9, 89),
(83, 10, 89),
(84, 12, 89),
(85, 13, 89),
(86, 14, 89),
(87, 15, 89),
(88, 16, 89),
(89, 17, 89),
(90, 6, 96),
(91, 7, 96),
(92, 8, 96),
(93, 9, 96),
(94, 10, 96),
(95, 12, 96),
(96, 13, 96),
(97, 14, 96),
(98, 15, 96),
(99, 16, 96),
(100, 17, 96),
(101, 1, 101),
(102, 2, 101),
(103, 3, 101),
(104, 4, 101),
(105, 5, 101),
(106, 6, 101),
(107, 7, 101),
(108, 8, 101),
(109, 9, 101),
(110, 10, 101),
(111, 11, 101),
(112, 12, 101),
(113, 13, 101),
(114, 14, 101),
(115, 15, 101),
(116, 16, 101),
(117, 17, 101),
(118, 6, 107),
(119, 7, 107),
(120, 8, 107),
(121, 9, 107),
(122, 10, 107),
(123, 12, 107),
(124, 13, 107),
(125, 14, 107),
(126, 15, 107),
(127, 16, 107),
(128, 17, 107),
(129, 19, 107),
(130, 1, 112),
(131, 2, 112),
(132, 3, 112),
(133, 4, 112),
(134, 5, 112),
(135, 11, 112),
(136, 18, 112),
(137, 1, 114),
(138, 2, 114),
(139, 3, 114),
(140, 4, 114),
(141, 5, 114),
(142, 6, 114),
(143, 7, 114),
(144, 8, 114),
(145, 9, 114),
(146, 10, 114),
(147, 11, 114),
(148, 12, 114),
(149, 13, 114),
(150, 14, 114),
(151, 15, 114),
(152, 16, 114),
(153, 17, 114),
(154, 18, 114),
(155, 19, 114),
(156, 1, 136),
(157, 2, 136),
(158, 3, 136),
(159, 4, 136),
(160, 5, 136),
(161, 11, 136),
(162, 18, 136),
(163, 20, 136),
(164, 1, 142),
(165, 2, 142),
(166, 3, 142),
(167, 4, 142),
(168, 5, 142),
(169, 11, 142),
(170, 18, 142),
(171, 20, 142),
(184, 1, 146),
(185, 2, 146),
(186, 3, 146),
(187, 4, 146),
(188, 5, 146),
(189, 11, 146),
(190, 18, 146),
(191, 20, 146),
(192, 21, 146),
(193, 22, 146),
(194, 23, 146),
(195, 24, 146),
(196, 25, 146),
(197, 21, 156),
(198, 22, 156),
(199, 23, 156),
(200, 24, 156),
(201, 25, 156);

-- --------------------------------------------------------

--
-- Tablo için tablo yapısı `ec_product_with_attribute_set`
--

CREATE TABLE `ec_product_with_attribute_set` (
  `id` bigint(20) UNSIGNED NOT NULL,
  `attribute_set_id` int(10) UNSIGNED NOT NULL,
  `product_id` int(10) UNSIGNED NOT NULL,
  `order` tinyint(3) UNSIGNED NOT NULL DEFAULT 0
) ENGINE=InnoDB DEFAULT CHARSET=utf8mb4 COLLATE=utf8mb4_unicode_ci;

--
-- Tablo döküm verisi `ec_product_with_attribute_set`
--

INSERT INTO `ec_product_with_attribute_set` (`id`, `attribute_set_id`, `product_id`, `order`) VALUES
(49, 2, 89, 0),
(50, 2, 96, 0),
(51, 1, 101, 0),
(52, 2, 101, 0),
(53, 2, 107, 0),
(54, 1, 112, 0),
(55, 1, 114, 0),
(56, 2, 114, 0),
(57, 1, 136, 0),
(58, 1, 142, 0),
(60, 1, 146, 0),
(61, 3, 146, 0),
(62, 3, 156, 0);

-- --------------------------------------------------------

--
-- Tablo için tablo yapısı `ec_reviews`
--

CREATE TABLE `ec_reviews` (
  `id` bigint(20) UNSIGNED NOT NULL,
  `customer_id` int(10) UNSIGNED NOT NULL,
  `product_id` int(10) UNSIGNED NOT NULL,
  `star` double(8,2) NOT NULL,
  `comment` text NOT NULL,
  `status` varchar(60) NOT NULL DEFAULT 'published',
  `created_at` timestamp NULL DEFAULT NULL,
  `updated_at` timestamp NULL DEFAULT NULL,
  `images` text DEFAULT NULL
) ENGINE=InnoDB DEFAULT CHARSET=utf8mb4 COLLATE=utf8mb4_unicode_ci;

--
-- Tablo döküm verisi `ec_reviews`
--

INSERT INTO `ec_reviews` (`id`, `customer_id`, `product_id`, `star`, `comment`, `status`, `created_at`, `updated_at`, `images`) VALUES
(51, 10, 156, 5.00, 'Çok hızlı geldi, teşekkürler.', 'published', '2022-04-08 08:44:28', '2022-04-08 08:44:28', NULL),
(52, 10, 142, 5.00, 'Biraz ısınma problemleri mevcut, asfalt 8 de donama ve kasmalar mecut.', 'published', '2022-04-08 08:45:44', '2022-04-08 08:45:44', NULL),
(53, 10, 155, 2.00, 'Derisi kalitesiz, kesinlikle tavsiye etmiyorum.', 'published', '2022-04-08 08:46:11', '2022-04-08 08:46:11', NULL);

-- --------------------------------------------------------

--
-- Tablo için tablo yapısı `ec_shipments`
--

CREATE TABLE `ec_shipments` (
  `id` bigint(20) UNSIGNED NOT NULL,
  `order_id` int(10) UNSIGNED NOT NULL,
  `user_id` int(10) UNSIGNED DEFAULT NULL,
  `weight` double(8,2) DEFAULT 0.00,
  `shipment_id` varchar(120) DEFAULT NULL,
  `note` varchar(120) DEFAULT NULL,
  `status` varchar(120) NOT NULL DEFAULT 'pending',
  `cod_amount` decimal(15,2) DEFAULT 0.00,
  `cod_status` varchar(60) NOT NULL DEFAULT 'pending',
  `cross_checking_status` varchar(60) NOT NULL DEFAULT 'pending',
  `price` decimal(15,2) DEFAULT 0.00,
  `store_id` int(10) UNSIGNED DEFAULT NULL,
  `created_at` timestamp NULL DEFAULT NULL,
  `updated_at` timestamp NULL DEFAULT NULL,
  `tracking_id` varchar(191) DEFAULT NULL,
  `shipping_company_name` varchar(191) DEFAULT NULL,
  `tracking_link` varchar(191) DEFAULT NULL,
  `estimate_date_shipped` datetime DEFAULT NULL,
  `date_shipped` datetime DEFAULT NULL
) ENGINE=InnoDB DEFAULT CHARSET=utf8mb4 COLLATE=utf8mb4_unicode_ci;

--
-- Tablo döküm verisi `ec_shipments`
--

INSERT INTO `ec_shipments` (`id`, `order_id`, `user_id`, `weight`, `shipment_id`, `note`, `status`, `cod_amount`, `cod_status`, `cross_checking_status`, `price`, `store_id`, `created_at`, `updated_at`, `tracking_id`, `shipping_company_name`, `tracking_link`, `estimate_date_shipped`, `date_shipped`) VALUES
(22, 45, 1, 1.00, NULL, NULL, 'delivering', 2.18, 'pending', 'pending', 1.00, 1, '2022-04-07 12:44:11', '2022-04-07 12:44:11', NULL, NULL, NULL, NULL, NULL),
(23, 58, 100003, 1.00, NULL, NULL, 'delivering', 26.00, 'pending', 'pending', 25.00, 1, '2022-04-12 13:00:40', '2022-04-12 13:00:40', NULL, NULL, NULL, NULL, NULL);

-- --------------------------------------------------------

--
-- Tablo için tablo yapısı `ec_shipment_histories`
--

CREATE TABLE `ec_shipment_histories` (
  `id` bigint(20) UNSIGNED NOT NULL,
  `action` varchar(120) NOT NULL,
  `description` varchar(255) NOT NULL,
  `user_id` int(10) UNSIGNED DEFAULT NULL,
  `shipment_id` int(10) UNSIGNED NOT NULL,
  `order_id` int(10) UNSIGNED NOT NULL,
  `created_at` timestamp NULL DEFAULT NULL,
  `updated_at` timestamp NULL DEFAULT NULL
) ENGINE=InnoDB DEFAULT CHARSET=utf8mb4 COLLATE=utf8mb4_unicode_ci;

--
-- Tablo döküm verisi `ec_shipment_histories`
--

INSERT INTO `ec_shipment_histories` (`id`, `action`, `description`, `user_id`, `shipment_id`, `order_id`, `created_at`, `updated_at`) VALUES
(54, 'create_from_order', 'Kargo %order_id% siparişinden oluşturuldu', 1, 22, 45, '2022-04-07 12:44:11', '2022-04-07 12:44:11'),
(55, 'create_from_order', 'Kargo %order_id% siparişinden oluşturuldu', 100003, 23, 58, '2022-04-12 13:00:40', '2022-04-12 13:00:40');

-- --------------------------------------------------------

--
-- Tablo için tablo yapısı `ec_shipping`
--

CREATE TABLE `ec_shipping` (
  `id` bigint(20) UNSIGNED NOT NULL,
  `title` varchar(191) DEFAULT NULL,
  `country` varchar(120) DEFAULT NULL,
  `created_at` timestamp NULL DEFAULT NULL,
  `updated_at` timestamp NULL DEFAULT NULL
) ENGINE=InnoDB DEFAULT CHARSET=utf8mb4 COLLATE=utf8mb4_unicode_ci;

--
-- Tablo döküm verisi `ec_shipping`
--

INSERT INTO `ec_shipping` (`id`, `title`, `country`, `created_at`, `updated_at`) VALUES
(1, 'Hepsi', NULL, '2021-08-24 07:59:33', '2021-08-24 07:59:33');

-- --------------------------------------------------------

--
-- Tablo için tablo yapısı `ec_shipping_rules`
--

CREATE TABLE `ec_shipping_rules` (
  `id` bigint(20) UNSIGNED NOT NULL,
  `name` varchar(120) NOT NULL,
  `shipping_id` int(10) UNSIGNED NOT NULL,
  `type` enum('base_on_price','base_on_weight') DEFAULT 'base_on_price',
  `from` decimal(15,2) DEFAULT 0.00,
  `to` decimal(15,2) DEFAULT 0.00,
  `price` decimal(15,2) DEFAULT 0.00,
  `created_at` timestamp NULL DEFAULT NULL,
  `updated_at` timestamp NULL DEFAULT NULL
) ENGINE=InnoDB DEFAULT CHARSET=utf8mb4 COLLATE=utf8mb4_unicode_ci;

--
-- Tablo döküm verisi `ec_shipping_rules`
--

INSERT INTO `ec_shipping_rules` (`id`, `name`, `shipping_id`, `type`, `from`, `to`, `price`, `created_at`, `updated_at`) VALUES
(1, 'Ücretsiz kargo', 1, 'base_on_price', 150.00, NULL, 0.00, '2021-08-24 07:59:33', '2022-04-06 09:16:35'),
(3, 'Standart Teslimat', 1, 'base_on_price', 0.00, NULL, 25.00, '2021-08-24 07:59:33', '2022-04-06 09:17:05');

-- --------------------------------------------------------

--
-- Tablo için tablo yapısı `ec_shipping_rule_items`
--

CREATE TABLE `ec_shipping_rule_items` (
  `id` bigint(20) UNSIGNED NOT NULL,
  `shipping_rule_id` int(10) UNSIGNED NOT NULL,
  `country` varchar(120) DEFAULT NULL,
  `state` varchar(120) DEFAULT NULL,
  `city` varchar(120) DEFAULT NULL,
  `adjustment_price` decimal(15,2) DEFAULT 0.00,
  `is_enabled` tinyint(1) NOT NULL DEFAULT 1,
  `created_at` timestamp NULL DEFAULT NULL,
  `updated_at` timestamp NULL DEFAULT NULL
) ENGINE=InnoDB DEFAULT CHARSET=utf8mb4 COLLATE=utf8mb4_unicode_ci;

-- --------------------------------------------------------

--
-- Tablo için tablo yapısı `ec_store_locators`
--

CREATE TABLE `ec_store_locators` (
  `id` bigint(20) UNSIGNED NOT NULL,
  `name` varchar(60) NOT NULL,
  `email` varchar(60) DEFAULT NULL,
  `phone` varchar(20) NOT NULL,
  `address` varchar(255) NOT NULL,
  `country` varchar(120) DEFAULT NULL,
  `state` varchar(120) DEFAULT NULL,
  `city` varchar(120) DEFAULT NULL,
  `is_primary` tinyint(1) DEFAULT 0,
  `is_shipping_location` tinyint(1) DEFAULT 1,
  `created_at` timestamp NULL DEFAULT NULL,
  `updated_at` timestamp NULL DEFAULT NULL
) ENGINE=InnoDB DEFAULT CHARSET=utf8mb4 COLLATE=utf8mb4_unicode_ci;

--
-- Tablo döküm verisi `ec_store_locators`
--

INSERT INTO `ec_store_locators` (`id`, `name`, `email`, `phone`, `address`, `country`, `state`, `city`, `is_primary`, `is_shipping_location`, `created_at`, `updated_at`) VALUES
(1, 'Eticaret V7', 'demo@demo.com', '00000000000', 'Lorem ipsum dolor sit ametipsum dolor sit amet İstanbul/Türkiye', 'TR', 'Türkiye', 'Samsun', 1, 1, '2021-08-24 07:59:33', '2021-10-26 08:01:06');

-- --------------------------------------------------------

--
-- Tablo için tablo yapısı `ec_taxes`
--

CREATE TABLE `ec_taxes` (
  `id` bigint(20) UNSIGNED NOT NULL,
  `title` varchar(191) DEFAULT NULL,
  `percentage` double(8,6) DEFAULT NULL,
  `priority` int(11) DEFAULT NULL,
  `status` varchar(60) NOT NULL DEFAULT 'published',
  `created_at` timestamp NULL DEFAULT NULL,
  `updated_at` timestamp NULL DEFAULT NULL
) ENGINE=InnoDB DEFAULT CHARSET=utf8mb4 COLLATE=utf8mb4_unicode_ci;

--
-- Tablo döküm verisi `ec_taxes`
--

INSERT INTO `ec_taxes` (`id`, `title`, `percentage`, `priority`, `status`, `created_at`, `updated_at`) VALUES
(1, 'KDV-8', 8.000000, 1, 'published', '2021-08-24 07:59:25', '2021-09-03 20:16:41'),
(2, 'Yok', 0.000000, 2, 'published', '2021-08-24 07:59:25', '2021-09-03 20:15:39'),
(3, 'KDV-18', 18.000000, 3, 'published', '2021-09-03 20:16:30', '2021-09-03 20:16:30');

-- --------------------------------------------------------

--
-- Tablo için tablo yapısı `ec_wish_lists`
--

CREATE TABLE `ec_wish_lists` (
  `id` bigint(20) UNSIGNED NOT NULL,
  `customer_id` int(10) UNSIGNED NOT NULL,
  `product_id` int(10) UNSIGNED NOT NULL,
  `created_at` timestamp NULL DEFAULT NULL,
  `updated_at` timestamp NULL DEFAULT NULL
) ENGINE=InnoDB DEFAULT CHARSET=utf8mb4 COLLATE=utf8mb4_unicode_ci;

--
-- Tablo döküm verisi `ec_wish_lists`
--

INSERT INTO `ec_wish_lists` (`id`, `customer_id`, `product_id`, `created_at`, `updated_at`) VALUES
(1, 1, 87, '2021-10-26 08:43:47', '2021-10-26 08:43:47'),
(2, 1, 119, '2021-10-26 11:41:41', '2021-10-26 11:41:41'),
(3, 1, 142, '2021-10-27 08:36:59', '2021-10-27 08:36:59');

-- --------------------------------------------------------

--
-- Tablo için tablo yapısı `failed_jobs`
--

CREATE TABLE `failed_jobs` (
  `id` bigint(20) UNSIGNED NOT NULL,
  `uuid` varchar(191) NOT NULL,
  `connection` text NOT NULL,
  `queue` text NOT NULL,
  `payload` longtext NOT NULL,
  `exception` longtext NOT NULL,
  `failed_at` timestamp NOT NULL DEFAULT current_timestamp()
) ENGINE=InnoDB DEFAULT CHARSET=utf8mb4 COLLATE=utf8mb4_unicode_ci;

-- --------------------------------------------------------

--
-- Tablo için tablo yapısı `faqs`
--

CREATE TABLE `faqs` (
  `id` bigint(20) UNSIGNED NOT NULL,
  `question` text NOT NULL,
  `answer` text NOT NULL,
  `category_id` int(10) UNSIGNED NOT NULL,
  `status` varchar(60) NOT NULL DEFAULT 'published',
  `created_at` timestamp NULL DEFAULT NULL,
  `updated_at` timestamp NULL DEFAULT NULL
) ENGINE=InnoDB DEFAULT CHARSET=utf8mb4 COLLATE=utf8mb4_unicode_ci;

--
-- Tablo döküm verisi `faqs`
--

INSERT INTO `faqs` (`id`, `question`, `answer`, `category_id`, `status`, `created_at`, `updated_at`) VALUES
(1, 'Teslimat sırasında nelere dikkat etmeliyim?', '<p>Siparişinizi her zaman kargo görevlisinin yanında kontrol edin.</p><p><br>• Kargo paketinde veya üründe hasar varsa, teslim almadan paketi kargo firması ile iade gönderebilirsiniz.</p><p>o Kargo görevlisine “Hasar Tespit Tutanağı” tutturun.</p><p>o İargo teslim fişini imzaladıktan sonra içerik ve adet kontrolü yaparak kargoyu teslim almama kararı vermeniz halinde sipariş ekranından kolay iade seçeneği ile iade kodu alın.</p><p>o Ürünü/kutuyu bu tutanak ve fatura ile birlikte kargo görevlisine teslim edip geri gönderin.</p><p><br>• Ürünü teslim aldıktan sonra yetkili servis tarafından kurulumu gereken buzdolabı, çamaşır makinesi, televizyon gibi elektronik kategorisi siparişleriniz için;</p><p>o Paket yetkili servis bilgisi olmadan açılırsa ürün iade kapsamı dışında kalır.</p><p>o Yetkili servis kurulumu esnasında sorun tespit edilirse yetkili servis raporu ile ürünü iade edilebilirsin.</p><p><br>İPUCU:</p><p>Teknik servis kurulumu gerektiren ürünlerin kutularında bu bilgi yer alır.</p><p><br>Yukarıdaki adımları takip ederken yaşadığınız bir sorun olursa yardım sayfamızın altında yer alan “Canlı Yardım”alanından bize ulaşarak destek alabilirsiniz.</p>', 1, 'published', '2022-03-10 19:43:05', '2022-04-08 09:13:30'),
(2, 'Siparişim ne zaman gelir?', '<p>• Satın aldığınız ürünler ürün detay sayfasında belirtilen teslimat tarih aralığında teslim edilir. Satın aldığınız ürünlerin teslimat tarihine \"Hesabım\" bölümünde “Siparişlerim“ sayfasından da ulaşabilirsiniz.</p><p><br>• Üründe “24 saatte kargoda” yazısı var ise siparişiniz 24 saat içinde kargoya verilir. Bu ürünler “HIZLI TESLİMAT” ürünleridir.</p><p><br>• Sipariş dağıtıma çıktığında kargo firması tarafından SMS ile bilgilendirilirsiniz.</p><p><br>• Kargoya verildikten sonra siparişinizin kargo aşamalarını \"Hesabım\" bölümünde “Siparişlerim“ sekmesinde bulunan “Kargom Nerede?\" linkinden takip edebilirsiniz.</p>', 1, 'published', '2022-04-08 09:10:55', '2022-04-08 09:12:13'),
(3, 'Teslimat ücreti var mı?', '<p>150TL üzeri siparişlerde teslimat ücreti bulunmamaktadır.</p>', 1, 'published', '2022-04-08 09:13:59', '2022-04-08 09:13:59');

-- --------------------------------------------------------

--
-- Tablo için tablo yapısı `faqs_translations`
--

CREATE TABLE `faqs_translations` (
  `lang_code` varchar(191) NOT NULL,
  `faqs_id` int(11) NOT NULL,
  `question` text DEFAULT NULL,
  `answer` text DEFAULT NULL
) ENGINE=InnoDB DEFAULT CHARSET=utf8mb4 COLLATE=utf8mb4_unicode_ci;

--
-- Tablo döküm verisi `faqs_translations`
--

INSERT INTO `faqs_translations` (`lang_code`, `faqs_id`, `question`, `answer`) VALUES
('en_US', 2, 'Örnek Soru İki', '<p>Cevap</p>'),
('en_US', 3, 'Teslimat ücreti var mı?', '<p>150TL üzeri siparişlerde teslimat ücreti bulunmamaktadır.</p>');

-- --------------------------------------------------------

--
-- Tablo için tablo yapısı `faq_categories`
--

CREATE TABLE `faq_categories` (
  `id` bigint(20) UNSIGNED NOT NULL,
  `name` varchar(120) NOT NULL,
  `order` tinyint(4) NOT NULL DEFAULT 0,
  `status` varchar(60) NOT NULL DEFAULT 'published',
  `created_at` timestamp NULL DEFAULT NULL,
  `updated_at` timestamp NULL DEFAULT NULL
) ENGINE=InnoDB DEFAULT CHARSET=utf8mb4 COLLATE=utf8mb4_unicode_ci;

--
-- Tablo döküm verisi `faq_categories`
--

INSERT INTO `faq_categories` (`id`, `name`, `order`, `status`, `created_at`, `updated_at`) VALUES
(1, 'Genel', 0, 'published', '2022-03-10 19:42:52', '2022-03-10 19:42:52');

-- --------------------------------------------------------

--
-- Tablo için tablo yapısı `faq_categories_translations`
--

CREATE TABLE `faq_categories_translations` (
  `lang_code` varchar(191) NOT NULL,
  `faq_categories_id` int(11) NOT NULL,
  `name` varchar(120) DEFAULT NULL
) ENGINE=InnoDB DEFAULT CHARSET=utf8mb4 COLLATE=utf8mb4_unicode_ci;

-- --------------------------------------------------------

--
-- Tablo için tablo yapısı `hepsiburada_match`
--

CREATE TABLE `hepsiburada_match` (
  `id` bigint(20) UNSIGNED NOT NULL,
  `type` varchar(191) NOT NULL,
  `key` varchar(191) NOT NULL,
  `value` text DEFAULT NULL,
  `title` text DEFAULT NULL,
  `created_at` timestamp NULL DEFAULT NULL,
  `updated_at` timestamp NULL DEFAULT NULL
) ENGINE=InnoDB DEFAULT CHARSET=utf8mb4 COLLATE=utf8mb4_unicode_ci;

--
-- Tablo döküm verisi `hepsiburada_match`
--

INSERT INTO `hepsiburada_match` (`id`, `type`, `key`, `value`, `title`, `created_at`, `updated_at`) VALUES
(1, 'category', '56', '80697034', 'Spor Outdoor => Spor / Fitness => Bisiklet => Giyim => Aksesuar & İç Giyim', '2022-03-15 10:24:20', '2022-03-15 10:24:20'),
(2, 'product', '156', '156', '156', '2022-03-15 11:05:02', '2022-03-15 11:05:02');

-- --------------------------------------------------------

--
-- Tablo için tablo yapısı `jobs`
--

CREATE TABLE `jobs` (
  `id` bigint(20) UNSIGNED NOT NULL,
  `queue` varchar(191) NOT NULL,
  `payload` longtext NOT NULL,
  `attempts` tinyint(3) UNSIGNED NOT NULL,
  `reserved_at` int(10) UNSIGNED DEFAULT NULL,
  `available_at` int(10) UNSIGNED NOT NULL,
  `created_at` int(10) UNSIGNED NOT NULL
) ENGINE=InnoDB DEFAULT CHARSET=utf8mb4 COLLATE=utf8mb4_unicode_ci;

-- --------------------------------------------------------

--
-- Tablo için tablo yapısı `languages`
--

CREATE TABLE `languages` (
  `lang_id` int(10) UNSIGNED NOT NULL,
  `lang_name` varchar(120) NOT NULL,
  `lang_locale` varchar(20) NOT NULL,
  `lang_code` varchar(20) NOT NULL,
  `lang_flag` varchar(20) DEFAULT NULL,
  `lang_is_default` tinyint(3) UNSIGNED NOT NULL DEFAULT 0,
  `lang_order` int(11) NOT NULL DEFAULT 0,
  `lang_is_rtl` tinyint(3) UNSIGNED NOT NULL DEFAULT 0
) ENGINE=InnoDB DEFAULT CHARSET=utf8mb4 COLLATE=utf8mb4_unicode_ci;

--
-- Tablo döküm verisi `languages`
--

INSERT INTO `languages` (`lang_id`, `lang_name`, `lang_locale`, `lang_code`, `lang_flag`, `lang_is_default`, `lang_order`, `lang_is_rtl`) VALUES
(1, 'English', 'en', 'en_US', 'us', 0, 0, 0),
(3, 'Türkçe', 'tr', 'tr_TR', 'tr', 1, 1, 0);

-- --------------------------------------------------------

--
-- Tablo için tablo yapısı `language_meta`
--

CREATE TABLE `language_meta` (
  `lang_meta_id` int(10) UNSIGNED NOT NULL,
  `lang_meta_code` text DEFAULT NULL,
  `lang_meta_origin` varchar(255) NOT NULL,
  `reference_id` int(10) UNSIGNED NOT NULL,
  `reference_type` varchar(120) NOT NULL
) ENGINE=InnoDB DEFAULT CHARSET=utf8mb4 COLLATE=utf8mb4_unicode_ci;

--
-- Tablo döküm verisi `language_meta`
--

INSERT INTO `language_meta` (`lang_meta_id`, `lang_meta_code`, `lang_meta_origin`, `reference_id`, `reference_type`) VALUES
(1, 'en_US', 'd6d790c78491e587da60340e2997117f', 1, 'Botble\\SimpleSlider\\Models\\SimpleSlider'),
(2, 'en_US', 'd23325b6e51c1ab697546d1dacd30826', 2, 'Botble\\SimpleSlider\\Models\\SimpleSlider'),
(3, 'en_US', '8eee1b8000105419d04074c72640b64c', 3, 'Botble\\SimpleSlider\\Models\\SimpleSlider'),
(4, 'en_US', '2b73c29c8e6c7fb787988276a62a132c', 4, 'Botble\\SimpleSlider\\Models\\SimpleSlider'),
(9, 'en_US', '4a2aafff20da2d90219f423ff48e45fc', 1, 'Botble\\Blog\\Models\\Category'),
(10, 'en_US', 'da69f5c102f222d55650025fa7e860ef', 2, 'Botble\\Blog\\Models\\Category'),
(11, 'en_US', '89dd3fc75cbd7bf456c2da487d18a6a8', 3, 'Botble\\Blog\\Models\\Category'),
(12, 'en_US', '0cd8ebe93bb52bf3bdb5e253541e6c7d', 4, 'Botble\\Blog\\Models\\Category'),
(17, 'en_US', '3756b4eb428e49fb73a60199d85c538a', 1, 'Botble\\Blog\\Models\\Tag'),
(18, 'en_US', '910dd3a21b3565214e34d61fda0b09da', 2, 'Botble\\Blog\\Models\\Tag'),
(19, 'en_US', '78eeecec7492de0e85a522c693f3d748', 3, 'Botble\\Blog\\Models\\Tag'),
(20, 'en_US', 'ad109fb069d8534ad6fdd6addedf5f67', 4, 'Botble\\Blog\\Models\\Tag'),
(21, 'en_US', '2df1e675a14922a117384906c4c429d3', 5, 'Botble\\Blog\\Models\\Tag'),
(27, 'en_US', '14e06474106868a5b6f70977edfc15e4', 1, 'Botble\\Blog\\Models\\Post'),
(28, 'en_US', '1d8ad098770d55c7dea62726f3f14947', 2, 'Botble\\Blog\\Models\\Post'),
(29, 'en_US', '90709a8d583d4833a583547fba739cb4', 3, 'Botble\\Blog\\Models\\Post'),
(30, 'en_US', '8b777ae40f06887a074cebd64d61bdd2', 4, 'Botble\\Blog\\Models\\Post'),
(31, 'en_US', '879cab82377a89c2f258a6a1c120a46c', 5, 'Botble\\Blog\\Models\\Post'),
(32, 'en_US', 'a1629c9c6283b5bd228a188f32676545', 6, 'Botble\\Blog\\Models\\Post'),
(33, 'en_US', 'c44c1ccce5b557eaaf5b7c48fcb8da99', 7, 'Botble\\Blog\\Models\\Post'),
(34, 'en_US', '3c9dd11fd4cb140f5cf8c62c0b699130', 8, 'Botble\\Blog\\Models\\Post'),
(35, 'en_US', '51644ffbbd22ea9003c2d12812e51a9c', 9, 'Botble\\Blog\\Models\\Post'),
(36, 'en_US', '23fe3e7e598718c8649d00ca9edd188b', 10, 'Botble\\Blog\\Models\\Post'),
(37, 'en_US', '6c41d81abe2fefc56075005f04a046fd', 11, 'Botble\\Blog\\Models\\Post'),
(49, 'en_US', '7835bde3be7bf0aaea920b558b9353f4', 1, 'Botble\\Page\\Models\\Page'),
(50, 'en_US', '977db7500b49d06b63827c576447b6c1', 2, 'Botble\\Page\\Models\\Page'),
(51, 'en_US', '3c4c9c3db877e4253c9c2477f7109dae', 3, 'Botble\\Page\\Models\\Page'),
(52, 'en_US', '15d6d85205f8ef15d51325e6f4e830cb', 4, 'Botble\\Page\\Models\\Page'),
(53, 'en_US', 'daefa800b0bc9210b78f698f0912d855', 5, 'Botble\\Page\\Models\\Page'),
(54, 'en_US', 'f7a40068770fe7142087e1f8a8d9fc46', 6, 'Botble\\Page\\Models\\Page'),
(55, 'en_US', '339c10ed9d2f668dbd3b82033b5da5bd', 7, 'Botble\\Page\\Models\\Page'),
(56, 'en_US', '20223f0f224b2c8e1bdd2d5a79bf504c', 8, 'Botble\\Page\\Models\\Page'),
(57, 'en_US', '9d6d910e7fe3078bbca8d065dec3f648', 9, 'Botble\\Page\\Models\\Page'),
(58, 'en_US', 'f870197da8fa11839d4be3463de8c4b1', 10, 'Botble\\Page\\Models\\Page'),
(59, 'en_US', '56fbc8bc51584ccae5be159e54a8537c', 11, 'Botble\\Page\\Models\\Page'),
(60, 'en_US', 'f87ec38c4cabd0f3e76f7907f8c622e5', 12, 'Botble\\Page\\Models\\Page'),
(61, 'en_US', '9720940d47a0e62b933fca86ea42764d', 13, 'Botble\\Page\\Models\\Page'),
(75, 'en_US', 'f43b82ada220dc448107b29e5cbb90df', 1, 'Botble\\Menu\\Models\\MenuLocation'),
(76, 'en_US', '8c3aaba621da0294d92a73aa3138cbc7', 1, 'Botble\\Menu\\Models\\Menu'),
(77, 'en_US', '93c745c97e9b035cda20ae5ed6824edd', 2, 'Botble\\Menu\\Models\\Menu'),
(78, 'en_US', '60121098526c4324ad74d53e3593deb4', 3, 'Botble\\Menu\\Models\\Menu'),
(79, 'tr_TR', 'ec56961f92e3a4350aee068c3d41e174', 7, 'Botble\\Menu\\Models\\Menu'),
(80, 'tr_TR', 'e1b5cf5ac9dc4449a352f84f396a3f4f', 8, 'Botble\\Menu\\Models\\Menu'),
(81, 'tr_TR', '565c181170825d46918fb2cd419e50bb', 9, 'Botble\\Menu\\Models\\Menu'),
(82, 'tr_TR', '4288a3ae90258c5788da2c6a3aef3a86', 9, 'Botble\\SimpleSlider\\Models\\SimpleSlider'),
(83, 'tr_TR', 'd88f136debb6dd62da8a34fd879bf91d', 10, 'Botble\\SimpleSlider\\Models\\SimpleSlider'),
(84, 'tr_TR', 'c3bd3d392f5bb35393e62a0a4f33953f', 11, 'Botble\\SimpleSlider\\Models\\SimpleSlider'),
(85, 'tr_TR', '3c58947487d23f4085ffa80f2c9005e8', 12, 'Botble\\SimpleSlider\\Models\\SimpleSlider'),
(87, 'tr_TR', '1e38cbbfc0638e7bc9a9f800f2bf5992', 3, 'Botble\\Menu\\Models\\MenuLocation'),
(88, 'tr_TR', '77c26e7e0777604463a76a4b3eca6212', 28, 'Botble\\Page\\Models\\Page'),
(89, 'tr_TR', '8ceed9e0cf6d787f2529b5094901a712', 29, 'Botble\\Page\\Models\\Page'),
(90, 'tr_TR', '29a1bdf1e3e78b648941e8c048971a5c', 30, 'Botble\\Page\\Models\\Page'),
(91, 'tr_TR', '9e7f2b01733e68b71f9d7b066d550041', 31, 'Botble\\Page\\Models\\Page'),
(92, 'tr_TR', '5ba7af8c72477b7a338aa057ef45a3fe', 32, 'Botble\\Page\\Models\\Page'),
(93, 'tr_TR', '3635a33324d848bbaad6e51e760ec7b4', 33, 'Botble\\Page\\Models\\Page'),
(94, 'tr_TR', '896366370fa36cce7d031f98d29d91ba', 34, 'Botble\\Page\\Models\\Page'),
(95, 'tr_TR', 'bfa7d81f5e62f3ff2dc9b2c9cb0c976f', 4, 'Botble\\Menu\\Models\\MenuLocation'),
(96, 'tr_TR', '765c4cad1ecfd8fe5f0dfc924339a34e', 10, 'Botble\\Menu\\Models\\Menu'),
(97, 'tr_TR', 'adf9803ab1e7dab42f99564808e8724d', 5, 'Botble\\Menu\\Models\\MenuLocation'),
(98, 'tr_TR', '28c2e6b3fb651f1f12fb6e5a79436ccb', 35, 'Botble\\Page\\Models\\Page'),
(99, 'tr_TR', 'b4d9be6f96793d146c3319929d541b40', 9, 'Botble\\Blog\\Models\\Category'),
(100, 'tr_TR', 'bfb3f3ab8dcb7f408e147e2af3cfab92', 23, 'Botble\\Blog\\Models\\Post'),
(101, 'tr_TR', '8edad38cb83dccb60c38acdee380fced', 11, 'Botble\\Blog\\Models\\Tag'),
(102, 'tr_TR', 'b447cc344a37c2374ef7312bdb8d5c75', 1, 'Botble\\Faq\\Models\\FaqCategory'),
(103, 'tr_TR', '540b4f34ffe0402eb18dcb65a51e720a', 1, 'Botble\\Faq\\Models\\Faq'),
(104, 'tr_TR', 'f4a37b60ffc25ae349cfa85829c0a8be', 36, 'Botble\\Page\\Models\\Page');

-- --------------------------------------------------------

--
-- Tablo için tablo yapısı `language_meta_backup`
--

CREATE TABLE `language_meta_backup` (
  `lang_meta_id` int(10) UNSIGNED NOT NULL,
  `lang_meta_code` text DEFAULT NULL,
  `lang_meta_origin` varchar(255) NOT NULL,
  `reference_id` int(10) UNSIGNED NOT NULL,
  `reference_type` varchar(120) NOT NULL
) ENGINE=InnoDB DEFAULT CHARSET=utf8mb4 COLLATE=utf8mb4_unicode_ci;

-- --------------------------------------------------------

--
-- Tablo için tablo yapısı `media_files`
--

CREATE TABLE `media_files` (
  `id` bigint(20) UNSIGNED NOT NULL,
  `user_id` int(10) UNSIGNED NOT NULL,
  `name` varchar(255) NOT NULL,
  `folder_id` int(10) UNSIGNED NOT NULL DEFAULT 0,
  `mime_type` varchar(120) NOT NULL,
  `size` int(11) NOT NULL,
  `url` varchar(255) NOT NULL,
  `options` text DEFAULT NULL,
  `created_at` timestamp NULL DEFAULT NULL,
  `updated_at` timestamp NULL DEFAULT NULL,
  `deleted_at` timestamp NULL DEFAULT NULL
) ENGINE=InnoDB DEFAULT CHARSET=utf8mb4 COLLATE=utf8mb4_unicode_ci;

--
-- Tablo döküm verisi `media_files`
--

INSERT INTO `media_files` (`id`, `user_id`, `name`, `folder_id`, `mime_type`, `size`, `url`, `options`, `created_at`, `updated_at`, `deleted_at`) VALUES
(81, 0, '1', 5, 'image/png', 1318, 'brands/1.png', '[]', '2021-08-24 07:58:06', '2021-08-24 07:58:06', NULL),
(82, 0, '2', 5, 'image/png', 999, 'brands/2.png', '[]', '2021-08-24 07:58:07', '2021-08-24 07:58:07', NULL),
(83, 0, '3', 5, 'image/png', 1251, 'brands/3.png', '[]', '2021-08-24 07:58:07', '2021-08-24 07:58:07', NULL),
(84, 0, '4', 5, 'image/png', 1539, 'brands/4.png', '[]', '2021-08-24 07:58:07', '2021-08-24 07:58:07', NULL),
(85, 0, '5', 5, 'image/png', 1058, 'brands/5.png', '[]', '2021-08-24 07:58:08', '2021-08-24 07:58:08', NULL),
(86, 0, '6', 5, 'image/png', 4165, 'brands/6.png', '[]', '2021-08-24 07:58:08', '2021-08-24 07:58:08', NULL),
(87, 0, '7', 5, 'image/png', 1260, 'brands/7.png', '[]', '2021-08-24 07:58:08', '2021-08-24 07:58:08', NULL),
(88, 0, '1', 6, 'image/jpeg', 75180, 'product-categories/1.jpg', '[]', '2021-08-24 07:58:09', '2021-08-24 07:58:09', NULL),
(89, 0, '2', 6, 'image/jpeg', 81345, 'product-categories/2.jpg', '[]', '2021-08-24 07:58:09', '2021-08-24 07:58:09', NULL),
(90, 0, '3', 6, 'image/jpeg', 99137, 'product-categories/3.jpg', '[]', '2021-08-24 07:58:09', '2021-08-24 07:58:09', NULL),
(91, 0, '4', 6, 'image/jpeg', 108690, 'product-categories/4.jpg', '[]', '2021-08-24 07:58:09', '2021-08-24 07:58:09', NULL),
(92, 0, '5', 6, 'image/jpeg', 53952, 'product-categories/5.jpg', '[]', '2021-08-24 07:58:10', '2021-08-24 07:58:10', NULL),
(93, 0, '6', 6, 'image/jpeg', 47088, 'product-categories/6.jpg', '[]', '2021-08-24 07:58:10', '2021-08-24 07:58:10', NULL),
(94, 0, '7', 6, 'image/jpeg', 48248, 'product-categories/7.jpg', '[]', '2021-08-24 07:58:10', '2021-08-24 07:58:10', NULL),
(95, 0, '8', 6, 'image/jpeg', 67235, 'product-categories/8.jpg', '[]', '2021-08-24 07:58:11', '2021-08-24 07:58:11', NULL),
(96, 0, '1-1', 7, 'image/jpeg', 88437, 'products/1-1.jpg', '[]', '2021-08-24 07:58:11', '2021-10-26 12:19:11', '2021-10-26 12:19:11'),
(97, 0, '1-2', 7, 'image/jpeg', 122690, 'products/1-2.jpg', '[]', '2021-08-24 07:58:12', '2021-10-26 12:19:11', '2021-10-26 12:19:11'),
(98, 0, '1-3', 7, 'image/jpeg', 117296, 'products/1-3.jpg', '[]', '2021-08-24 07:58:13', '2021-10-26 12:19:11', '2021-10-26 12:19:11'),
(99, 0, '1', 7, 'image/jpeg', 139025, 'products/1.jpg', '[]', '2021-08-24 07:58:13', '2021-10-26 12:19:11', '2021-10-26 12:19:11'),
(100, 0, '10-1', 7, 'image/jpeg', 183491, 'products/10-1.jpg', '[]', '2021-08-24 07:58:14', '2021-10-26 12:19:11', '2021-10-26 12:19:11'),
(101, 0, '10', 7, 'image/jpeg', 150956, 'products/10.jpg', '[]', '2021-08-24 07:58:17', '2021-10-26 12:19:11', '2021-10-26 12:19:11'),
(102, 0, '11-1', 7, 'image/jpeg', 246200, 'products/11-1.jpg', '[]', '2021-08-24 07:58:20', '2021-10-26 12:19:11', '2021-10-26 12:19:11'),
(103, 0, '11', 7, 'image/jpeg', 279390, 'products/11.jpg', '[]', '2021-08-24 07:58:22', '2021-10-26 12:19:11', '2021-10-26 12:19:11'),
(104, 0, '12-1', 7, 'image/jpeg', 249712, 'products/12-1.jpg', '[]', '2021-08-24 07:58:24', '2021-10-26 12:19:11', '2021-10-26 12:19:11'),
(105, 0, '12', 7, 'image/jpeg', 172221, 'products/12.jpg', '[]', '2021-08-24 07:58:24', '2021-10-26 12:19:11', '2021-10-26 12:19:11'),
(106, 0, '13-1', 7, 'image/jpeg', 257021, 'products/13-1.jpg', '[]', '2021-08-24 07:58:25', '2021-10-26 12:19:11', '2021-10-26 12:19:11'),
(107, 0, '13', 7, 'image/jpeg', 232917, 'products/13.jpg', '[]', '2021-08-24 07:58:26', '2021-10-26 12:19:11', '2021-10-26 12:19:11'),
(108, 0, '14-1', 7, 'image/jpeg', 201773, 'products/14-1.jpg', '[]', '2021-08-24 07:58:27', '2021-10-26 12:19:11', '2021-10-26 12:19:11'),
(109, 0, '14', 7, 'image/jpeg', 287194, 'products/14.jpg', '[]', '2021-08-24 07:58:28', '2021-10-26 12:19:48', '2021-10-26 12:19:48'),
(110, 0, '15-1', 7, 'image/jpeg', 273720, 'products/15-1.jpg', '[]', '2021-08-24 07:58:28', '2021-10-26 12:19:48', '2021-10-26 12:19:48'),
(111, 0, '15', 7, 'image/jpeg', 114265, 'products/15.jpg', '[]', '2021-08-24 07:58:29', '2021-10-26 12:19:48', '2021-10-26 12:19:48'),
(112, 0, '16', 7, 'image/jpeg', 97174, 'products/16.jpg', '[]', '2021-08-24 07:58:30', '2021-10-26 12:19:48', '2021-10-26 12:19:48'),
(113, 0, '17', 7, 'image/jpeg', 70179, 'products/17.jpg', '[]', '2021-08-24 07:58:32', '2021-10-26 12:19:48', '2021-10-26 12:19:48'),
(114, 0, '18-1', 7, 'image/jpeg', 287835, 'products/18-1.jpg', '[]', '2021-08-24 07:58:33', '2021-10-26 12:19:48', '2021-10-26 12:19:48'),
(115, 0, '18-2', 7, 'image/jpeg', 454869, 'products/18-2.jpg', '[]', '2021-08-24 07:58:35', '2021-10-26 12:19:48', '2021-10-26 12:19:48'),
(116, 0, '18', 7, 'image/jpeg', 257331, 'products/18.jpg', '[]', '2021-08-24 07:58:38', '2021-10-26 12:19:48', '2021-10-26 12:19:48'),
(117, 0, '19-1', 7, 'image/jpeg', 144008, 'products/19-1.jpg', '[]', '2021-08-24 07:58:41', '2021-10-26 12:19:48', '2021-10-26 12:19:48'),
(118, 0, '19', 7, 'image/jpeg', 188821, 'products/19.jpg', '[]', '2021-08-24 07:58:41', '2021-10-26 12:19:48', '2021-10-26 12:19:48'),
(119, 0, '2-1', 7, 'image/jpeg', 138167, 'products/2-1.jpg', '[]', '2021-08-24 07:58:42', '2021-10-26 12:19:48', '2021-10-26 12:19:48'),
(120, 0, '2-2', 7, 'image/jpeg', 230552, 'products/2-2.jpg', '[]', '2021-08-24 07:58:43', '2021-10-26 12:19:47', '2021-10-26 12:19:47'),
(121, 0, '2-3', 7, 'image/jpeg', 179301, 'products/2-3.jpg', '[]', '2021-08-24 07:58:43', '2021-10-26 12:19:48', '2021-10-26 12:19:48'),
(122, 0, '2', 7, 'image/jpeg', 130048, 'products/2.jpg', '[]', '2021-08-24 07:58:44', '2021-10-26 12:19:47', '2021-10-26 12:19:47'),
(123, 0, '20-1', 7, 'image/jpeg', 249712, 'products/20-1.jpg', '[]', '2021-08-24 07:58:45', '2021-10-26 12:19:47', '2021-10-26 12:19:47'),
(124, 0, '20', 7, 'image/jpeg', 172221, 'products/20.jpg', '[]', '2021-08-24 07:58:46', '2021-10-26 12:19:47', '2021-10-26 12:19:47'),
(125, 0, '21-1', 7, 'image/jpeg', 260746, 'products/21-1.jpg', '[]', '2021-08-24 07:58:47', '2021-10-26 12:19:47', '2021-10-26 12:19:47'),
(126, 0, '21', 7, 'image/jpeg', 124244, 'products/21.jpg', '[]', '2021-08-24 07:58:49', '2021-10-26 12:19:47', '2021-10-26 12:19:47'),
(127, 0, '22-1', 7, 'image/jpeg', 213139, 'products/22-1.jpg', '[]', '2021-08-24 07:58:50', '2021-10-26 12:19:47', '2021-10-26 12:19:47'),
(128, 0, '22', 7, 'image/jpeg', 105409, 'products/22.jpg', '[]', '2021-08-24 07:58:53', '2021-10-26 12:19:47', '2021-10-26 12:19:47'),
(129, 0, '23-1', 7, 'image/jpeg', 105560, 'products/23-1.jpg', '[]', '2021-08-24 07:58:54', '2021-10-26 12:19:47', '2021-10-26 12:19:47'),
(130, 0, '23', 7, 'image/jpeg', 177362, 'products/23.jpg', '[]', '2021-08-24 07:58:57', '2021-10-26 12:19:47', '2021-10-26 12:19:47'),
(131, 0, '24-1', 7, 'image/jpeg', 239311, 'products/24-1.jpg', '[]', '2021-08-24 07:58:58', '2021-10-26 12:19:47', '2021-10-26 12:19:47'),
(132, 0, '24', 7, 'image/jpeg', 363853, 'products/24.jpg', '[]', '2021-08-24 07:59:00', '2021-10-26 12:19:47', '2021-10-26 12:19:47'),
(133, 0, '3-1', 7, 'image/jpeg', 135741, 'products/3-1.jpg', '[]', '2021-08-24 07:59:02', '2021-10-26 12:19:47', '2021-10-26 12:19:47'),
(134, 0, '3-2', 7, 'image/jpeg', 123069, 'products/3-2.jpg', '[]', '2021-08-24 07:59:03', '2021-10-26 12:19:47', '2021-10-26 12:19:47'),
(135, 0, '3-3', 7, 'image/jpeg', 98645, 'products/3-3.jpg', '[]', '2021-08-24 07:59:03', '2021-10-26 12:19:47', '2021-10-26 12:19:47'),
(136, 0, '3', 7, 'image/jpeg', 201722, 'products/3.jpg', '[]', '2021-08-24 07:59:04', '2021-10-26 12:19:47', '2021-10-26 12:19:47'),
(137, 0, '4-1', 7, 'image/jpeg', 205312, 'products/4-1.jpg', '[]', '2021-08-24 07:59:05', '2021-10-26 12:19:47', '2021-10-26 12:19:47'),
(138, 0, '4-2', 7, 'image/jpeg', 223903, 'products/4-2.jpg', '[]', '2021-08-24 07:59:06', '2021-10-26 12:19:47', '2021-10-26 12:19:47'),
(139, 0, '4-3', 7, 'image/jpeg', 106593, 'products/4-3.jpg', '[]', '2021-08-24 07:59:07', '2021-10-26 12:19:47', '2021-10-26 12:19:47'),
(140, 0, '4', 7, 'image/jpeg', 456134, 'products/4.jpg', '[]', '2021-08-24 07:59:08', '2021-10-26 12:19:47', '2021-10-26 12:19:47'),
(141, 0, '5-1', 7, 'image/jpeg', 110014, 'products/5-1.jpg', '[]', '2021-08-24 07:59:10', '2021-10-26 12:19:47', '2021-10-26 12:19:47'),
(142, 0, '5-2', 7, 'image/jpeg', 104934, 'products/5-2.jpg', '[]', '2021-08-24 07:59:11', '2021-10-26 12:19:47', '2021-10-26 12:19:47'),
(143, 0, '5-3', 7, 'image/jpeg', 131628, 'products/5-3.jpg', '[]', '2021-08-24 07:59:12', '2021-10-26 12:19:47', '2021-10-26 12:19:47'),
(144, 0, '5', 7, 'image/jpeg', 214767, 'products/5.jpg', '[]', '2021-08-24 07:59:13', '2021-10-26 12:19:47', '2021-10-26 12:19:47'),
(145, 0, '6-1', 7, 'image/jpeg', 128041, 'products/6-1.jpg', '[]', '2021-08-24 07:59:15', '2021-10-26 12:19:47', '2021-10-26 12:19:47'),
(146, 0, '6', 7, 'image/jpeg', 148485, 'products/6.jpg', '[]', '2021-08-24 07:59:16', '2021-10-26 12:19:47', '2021-10-26 12:19:47'),
(147, 0, '7-1', 7, 'image/jpeg', 144008, 'products/7-1.jpg', '[]', '2021-08-24 07:59:17', '2021-10-26 12:19:47', '2021-10-26 12:19:47'),
(148, 0, '7', 7, 'image/jpeg', 188821, 'products/7.jpg', '[]', '2021-08-24 07:59:18', '2021-10-26 12:19:47', '2021-10-26 12:19:47'),
(149, 0, '8-1', 7, 'image/jpeg', 274272, 'products/8-1.jpg', '[]', '2021-08-24 07:59:19', '2021-10-26 12:19:47', '2021-10-26 12:19:47'),
(150, 0, '8', 7, 'image/jpeg', 217862, 'products/8.jpg', '[]', '2021-08-24 07:59:20', '2021-10-26 12:19:47', '2021-10-26 12:19:47'),
(151, 0, '9-1', 7, 'image/jpeg', 65624, 'products/9-1.jpg', '[]', '2021-08-24 07:59:21', '2021-10-26 12:19:47', '2021-10-26 12:19:47'),
(152, 0, '9', 7, 'image/jpeg', 159636, 'products/9.jpg', '[]', '2021-08-24 07:59:22', '2021-10-26 12:19:47', '2021-10-26 12:19:47'),
(153, 0, '1', 8, 'image/jpeg', 274660, 'customers/1.jpg', '[]', '2021-08-24 07:59:25', '2021-08-24 07:59:25', NULL),
(154, 0, '2', 8, 'image/jpeg', 295031, 'customers/2.jpg', '[]', '2021-08-24 07:59:26', '2021-08-24 07:59:26', NULL),
(155, 0, '3', 8, 'image/jpeg', 183576, 'customers/3.jpg', '[]', '2021-08-24 07:59:26', '2021-08-24 07:59:26', NULL),
(156, 0, '4', 8, 'image/jpeg', 245360, 'customers/4.jpg', '[]', '2021-08-24 07:59:27', '2021-08-24 07:59:27', NULL),
(157, 0, '5', 8, 'image/jpeg', 262908, 'customers/5.jpg', '[]', '2021-08-24 07:59:27', '2021-08-24 07:59:27', NULL),
(158, 0, '6', 8, 'image/jpeg', 109600, 'customers/6.jpg', '[]', '2021-08-24 07:59:28', '2021-08-24 07:59:28', NULL),
(159, 0, '7', 8, 'image/jpeg', 159280, 'customers/7.jpg', '[]', '2021-08-24 07:59:28', '2021-08-24 07:59:28', NULL),
(160, 0, '8', 8, 'image/jpeg', 99998, 'customers/8.jpg', '[]', '2021-08-24 07:59:29', '2021-08-24 07:59:29', NULL),
(161, 0, '1', 9, 'image/jpeg', 62921, 'flash-sales/1.jpg', '[]', '2021-08-24 07:59:33', '2021-08-24 07:59:33', NULL),
(162, 0, '2', 9, 'image/jpeg', 74131, 'flash-sales/2.jpg', '[]', '2021-08-24 07:59:34', '2021-08-24 07:59:34', NULL),
(163, 0, '1-1', 10, 'image/png', 653539, 'sliders/1-1.png', '[]', '2021-08-24 07:59:36', '2021-08-24 07:59:36', NULL),
(164, 0, '1-2', 10, 'image/png', 688883, 'sliders/1-2.png', '[]', '2021-08-24 07:59:40', '2021-08-24 07:59:40', NULL),
(165, 0, '1-3', 10, 'image/png', 249966, 'sliders/1-3.png', '[]', '2021-08-24 07:59:44', '2021-08-24 07:59:44', NULL),
(166, 0, '2-1', 10, 'image/png', 662495, 'sliders/2-1.png', '[]', '2021-08-24 07:59:48', '2021-08-24 07:59:48', NULL),
(167, 0, '2-2', 10, 'image/png', 691309, 'sliders/2-2.png', '[]', '2021-08-24 07:59:53', '2021-08-24 07:59:53', NULL),
(168, 0, '2-3', 10, 'image/png', 249966, 'sliders/2-3.png', '[]', '2021-08-24 07:59:57', '2021-08-24 07:59:57', NULL),
(169, 0, '3-1', 10, 'image/png', 164134, 'sliders/3-1.png', '[]', '2021-08-24 07:59:59', '2021-08-24 07:59:59', NULL),
(170, 0, '3-2', 10, 'image/png', 140217, 'sliders/3-2.png', '[]', '2021-08-24 08:00:02', '2021-08-24 08:00:02', NULL),
(171, 0, '4-1', 10, 'image/png', 415854, 'sliders/4-1.png', '[]', '2021-08-24 08:00:04', '2021-08-24 08:00:04', NULL),
(172, 0, '4-2', 10, 'image/png', 407249, 'sliders/4-2.png', '[]', '2021-08-24 08:00:07', '2021-08-24 08:00:07', NULL),
(173, 0, '4-3', 10, 'image/png', 249966, 'sliders/4-3.png', '[]', '2021-08-24 08:00:09', '2021-08-24 08:00:09', NULL),
(174, 0, '1', 11, 'image/jpeg', 533441, 'news/1.jpg', '[]', '2021-08-24 08:00:12', '2021-08-24 08:00:12', NULL),
(175, 0, '10', 11, 'image/jpeg', 342651, 'news/10.jpg', '[]', '2021-08-24 08:00:13', '2021-08-24 08:00:13', NULL),
(176, 0, '11', 11, 'image/jpeg', 296740, 'news/11.jpg', '[]', '2021-08-24 08:00:15', '2021-08-24 08:00:15', NULL),
(177, 0, '2', 11, 'image/jpeg', 292594, 'news/2.jpg', '[]', '2021-08-24 08:00:17', '2021-08-24 08:00:17', NULL),
(178, 0, '3', 11, 'image/jpeg', 382930, 'news/3.jpg', '[]', '2021-08-24 08:00:20', '2021-08-24 08:00:20', NULL),
(179, 0, '4', 11, 'image/jpeg', 403060, 'news/4.jpg', '[]', '2021-08-24 08:00:21', '2021-08-24 08:00:21', NULL),
(180, 0, '5', 11, 'image/jpeg', 727445, 'news/5.jpg', '[]', '2021-08-24 08:00:22', '2021-08-24 08:00:22', NULL),
(181, 0, '6', 11, 'image/jpeg', 361958, 'news/6.jpg', '[]', '2021-08-24 08:00:23', '2021-08-24 08:00:23', NULL),
(182, 0, '7', 11, 'image/jpeg', 904027, 'news/7.jpg', '[]', '2021-08-24 08:00:24', '2021-08-24 08:00:24', NULL),
(183, 0, '8', 11, 'image/jpeg', 351088, 'news/8.jpg', '[]', '2021-08-24 08:00:25', '2021-08-24 08:00:25', NULL),
(184, 0, '9', 11, 'image/jpeg', 353751, 'news/9.jpg', '[]', '2021-08-24 08:00:25', '2021-08-24 08:00:25', NULL),
(185, 0, '1', 12, 'image/png', 66416, 'promotion/1.png', '[]', '2021-08-24 08:00:27', '2021-08-24 08:00:27', NULL),
(186, 0, '2', 12, 'image/png', 70051, 'promotion/2.png', '[]', '2021-08-24 08:00:28', '2021-08-24 08:00:28', NULL),
(187, 0, '3', 12, 'image/png', 66675, 'promotion/3.png', '[]', '2021-08-24 08:00:29', '2021-08-24 08:00:29', NULL),
(188, 0, '4', 12, 'image/png', 61720, 'promotion/4.png', '[]', '2021-08-24 08:00:30', '2021-08-24 08:00:30', NULL),
(189, 0, '5', 12, 'image/png', 25894, 'promotion/5.png', '[]', '2021-08-24 08:00:31', '2021-08-24 08:00:31', NULL),
(190, 0, '6', 12, 'image/png', 528935, 'promotion/6.png', '[]', '2021-08-24 08:00:32', '2021-08-24 08:00:32', NULL),
(192, 0, 'icon-bag', 13, 'image/png', 15551, 'general/icon-bag.png', '[]', '2021-08-24 08:00:33', '2021-08-24 08:00:33', NULL),
(193, 0, 'icon-operator', 13, 'image/png', 23328, 'general/icon-operator.png', '[]', '2021-08-24 08:00:34', '2021-08-24 08:00:34', NULL),
(194, 0, 'icon-purchase', 13, 'image/png', 22947, 'general/icon-purchase.png', '[]', '2021-08-24 08:00:35', '2021-08-24 08:00:35', NULL),
(195, 0, 'icon-truck', 13, 'image/png', 17131, 'general/icon-truck.png', '[]', '2021-08-24 08:00:36', '2021-08-24 08:00:36', NULL),
(198, 0, 'open-graph-image', 13, 'image/png', 293189, 'general/open-graph-image.png', '[]', '2021-08-24 08:00:37', '2021-08-24 08:00:37', NULL),
(199, 0, 'payment-methods', 13, 'image/png', 10634, 'general/payment-methods.png', '[]', '2021-08-24 08:00:38', '2021-08-24 08:00:38', NULL),
(200, 1, 'banner_1634539670', 10, 'image/webp', 68806, 'sliders/banner-1634539670.webp', '[]', '2021-10-25 11:05:02', '2021-10-25 11:05:15', '2021-10-25 11:05:15'),
(201, 1, 'slider1', 10, 'image/png', 348817, 'sliders/slider1.png', '[]', '2021-10-25 11:28:36', '2021-10-25 11:31:35', '2021-10-25 11:31:35'),
(202, 1, 'format_webp', 10, 'image/jpeg', 21772, 'sliders/format-webp.jpg', '[]', '2021-10-25 11:31:55', '2021-10-25 11:32:03', '2021-10-25 11:32:03'),
(203, 1, 'beyaz-esya-kolaj2', 10, 'image/png', 130350, 'sliders/beyaz-esya-kolaj2.png', '[]', '2021-10-25 11:37:26', '2021-10-25 11:38:27', '2021-10-25 11:38:27'),
(204, 1, 'beyazesya', 10, 'image/png', 87312, 'sliders/beyazesya.png', '[]', '2021-10-25 11:38:36', '2021-10-25 12:11:36', '2021-10-25 12:11:36'),
(205, 1, 'cropped-2.-el-beyaz-eşya', 10, 'image/png', 90770, 'sliders/cropped-2-el-beyaz-esya.png', '[]', '2021-10-25 12:11:41', '2021-10-25 12:12:25', '2021-10-25 12:12:25'),
(206, 1, 'eticaretv7_logo', 13, 'image/png', 3714, 'general/eticaretv7-logo.png', '[]', '2021-10-25 12:17:10', '2021-10-25 12:17:10', NULL),
(207, 1, '13102021022136_3316_yeni', 10, 'image/jpeg', 91934, 'sliders/13102021022136-3316-yeni.jpg', '[]', '2021-10-25 12:45:10', '2021-10-25 12:45:10', NULL),
(208, 1, '25092021121940_701_yeni', 10, 'image/jpeg', 102741, 'sliders/25092021121940-701-yeni.jpg', '[]', '2021-10-25 12:47:26', '2021-10-25 12:47:26', NULL),
(209, 1, '25092021121940_701_yeni-1', 10, 'image/jpeg', 102741, 'sliders/25092021121940-701-yeni-1.jpg', '[]', '2021-10-25 13:52:17', '2021-10-25 13:52:27', '2021-10-25 13:52:27'),
(210, 1, '25092021122334_562_yeni', 10, 'image/jpeg', 104929, 'sliders/25092021122334-562-yeni.jpg', '[]', '2021-10-25 13:52:47', '2021-10-25 13:52:47', NULL),
(211, 1, 'featurelist_68_20210107020943', 14, 'image/jpeg', 5391, 'markalar/featurelist-68-20210107020943.jpg', '[]', '2021-10-25 14:11:09', '2021-10-25 14:11:09', NULL),
(212, 1, 'featurelist_68_20210107021619', 14, 'image/jpeg', 2801, 'markalar/featurelist-68-20210107021619.jpg', '[]', '2021-10-25 14:11:10', '2021-10-25 14:11:10', NULL),
(213, 1, 'featurelist_68_20210406182441', 14, 'image/jpeg', 3730, 'markalar/featurelist-68-20210406182441.jpg', '[]', '2021-10-25 14:11:10', '2021-10-25 14:11:10', NULL),
(214, 1, 'featurelist_68_20210406182558', 14, 'image/jpeg', 3773, 'markalar/featurelist-68-20210406182558.jpg', '[]', '2021-10-25 14:11:11', '2021-10-25 14:11:11', NULL),
(215, 1, 'featurelist_68_20210406182753', 14, 'image/jpeg', 3107, 'markalar/featurelist-68-20210406182753.jpg', '[]', '2021-10-25 14:11:11', '2021-10-25 14:11:11', NULL),
(216, 1, 'featurelist_68_20210406182924', 14, 'image/jpeg', 2672, 'markalar/featurelist-68-20210406182924.jpg', '[]', '2021-10-25 14:11:12', '2021-10-25 14:11:12', NULL),
(217, 1, 'featurelist_68_20210415151348', 14, 'image/jpeg', 3867, 'markalar/featurelist-68-20210415151348.jpg', '[]', '2021-10-25 14:11:12', '2021-10-25 14:11:12', NULL),
(218, 1, 'featurelist_68_20210415151704', 14, 'image/jpeg', 8458, 'markalar/featurelist-68-20210415151704.jpg', '[]', '2021-10-25 14:11:13', '2021-10-25 14:11:13', NULL),
(219, 1, 'featurelist_68_20210625150249', 14, 'image/jpeg', 5032, 'markalar/featurelist-68-20210625150249.jpg', '[]', '2021-10-25 14:11:13', '2021-10-25 14:11:13', NULL),
(220, 1, 'featurelist_68_20210625150430', 14, 'image/jpeg', 4667, 'markalar/featurelist-68-20210625150430.jpg', '[]', '2021-10-25 14:11:14', '2021-10-25 14:11:14', NULL),
(221, 1, 'featurelist_68_20210909161204', 14, 'image/jpeg', 2857, 'markalar/featurelist-68-20210909161204.jpg', '[]', '2021-10-25 14:11:15', '2021-10-25 14:11:15', NULL),
(222, 1, 'featurelist_68_20210928191706', 14, 'image/jpeg', 4264, 'markalar/featurelist-68-20210928191706.jpg', '[]', '2021-10-25 14:11:15', '2021-10-25 14:11:15', NULL),
(223, 1, 'featurelist_68_20210928191859', 14, 'image/jpeg', 4883, 'markalar/featurelist-68-20210928191859.jpg', '[]', '2021-10-25 14:11:16', '2021-10-25 14:11:16', NULL),
(224, 1, 'featurelist_68_20210928192001', 14, 'image/jpeg', 5951, 'markalar/featurelist-68-20210928192001.jpg', '[]', '2021-10-25 14:11:17', '2021-10-25 14:11:17', NULL),
(225, 1, 'featurelist_68_20210928192644', 14, 'image/jpeg', 5195, 'markalar/featurelist-68-20210928192644.jpg', '[]', '2021-10-25 14:11:17', '2021-10-25 14:11:17', NULL),
(226, 1, 'featurelist_68_20210929124242', 14, 'image/jpeg', 4076, 'markalar/featurelist-68-20210929124242.jpg', '[]', '2021-10-25 14:11:18', '2021-10-25 14:11:18', NULL),
(227, 1, 'giyim_ayakkabi', 6, 'image/jpeg', 219342, 'product-categories/giyim-ayakkabi.jpg', '[]', '2021-10-26 07:24:40', '2021-10-26 07:31:14', '2021-10-26 07:31:14'),
(228, 1, 'giyim_ayakkabi-1', 6, 'image/jpeg', 180936, 'product-categories/giyim-ayakkabi-1.jpg', '[]', '2021-10-26 07:31:19', '2021-10-26 07:31:19', NULL),
(229, 1, 'anne_bebek', 6, 'image/jpeg', 182230, 'product-categories/anne-bebek.jpg', '[]', '2021-10-26 07:34:19', '2021-10-26 07:34:19', NULL),
(230, 1, 'ev_yasam', 6, 'image/jpeg', 212250, 'product-categories/ev-yasam.jpg', '[]', '2021-10-26 07:48:09', '2021-10-26 07:48:09', NULL),
(231, 1, 'spor_outdoor', 6, 'image/jpeg', 191320, 'product-categories/spor-outdoor.jpg', '[]', '2021-10-26 07:54:39', '2021-10-26 07:54:39', NULL),
(232, 1, 'kitap_film', 6, 'image/jpeg', 209787, 'product-categories/kitap-film.jpg', '[]', '2021-10-26 07:57:08', '2021-10-26 07:57:08', NULL),
(233, 1, '61604dba44022', 7, 'image/jpeg', 26208, 'products/61604dba44022.jpeg', '[]', '2021-10-26 08:27:23', '2021-10-26 08:27:23', NULL),
(234, 1, '6176ba01d9821', 7, 'image/jpeg', 13950, 'products/6176ba01d9821.jpeg', '[]', '2021-10-26 08:36:23', '2021-10-26 08:36:23', NULL),
(235, 1, '6176ba011c314', 7, 'image/jpeg', 15755, 'products/6176ba011c314.jpeg', '[]', '2021-10-26 08:36:24', '2021-10-26 08:36:24', NULL),
(236, 1, '6176ba017ad85', 7, 'image/jpeg', 20442, 'products/6176ba017ad85.jpeg', '[]', '2021-10-26 08:36:24', '2021-10-26 08:36:24', NULL),
(237, 1, '6176ba02495b2', 7, 'image/jpeg', 14854, 'products/6176ba02495b2.jpeg', '[]', '2021-10-26 08:36:25', '2021-10-26 08:36:25', NULL),
(238, 1, '6045d050c5d91', 7, 'image/jpeg', 34893, 'products/6045d050c5d91.jpg', '[]', '2021-10-26 10:19:36', '2021-10-26 10:19:36', NULL),
(239, 1, '60cd2dade6a43', 7, 'image/jpeg', 24697, 'products/60cd2dade6a43.jpeg', '[]', '2021-10-26 10:28:08', '2021-10-26 10:28:08', NULL),
(240, 1, '60cd2dbb41899', 7, 'image/jpeg', 24637, 'products/60cd2dbb41899.jpeg', '[]', '2021-10-26 10:28:09', '2021-10-26 10:28:09', NULL),
(241, 1, '60cd3905a56b5', 7, 'image/jpeg', 23914, 'products/60cd3905a56b5.jpeg', '[]', '2021-10-26 10:35:31', '2021-10-26 10:35:31', NULL),
(242, 1, '60cd39052fd80', 7, 'image/jpeg', 42930, 'products/60cd39052fd80.jpeg', '[]', '2021-10-26 10:35:32', '2021-10-26 10:35:32', NULL),
(243, 1, '60cd39057d8d1', 7, 'image/jpeg', 40085, 'products/60cd39057d8d1.jpeg', '[]', '2021-10-26 10:35:32', '2021-10-26 10:35:32', NULL),
(244, 1, '60cd390556920', 7, 'image/jpeg', 42403, 'products/60cd390556920.jpeg', '[]', '2021-10-26 10:35:33', '2021-10-26 10:35:33', NULL),
(245, 1, '608ee756db8c9', 7, 'image/jpeg', 26323, 'products/608ee756db8c9.jpeg', '[]', '2021-10-26 10:42:47', '2021-10-26 10:42:47', NULL),
(246, 1, '608ee7570f16f', 7, 'image/jpeg', 25045, 'products/608ee7570f16f.jpeg', '[]', '2021-10-26 10:42:47', '2021-10-26 10:42:47', NULL),
(247, 1, '608ee757336b7', 7, 'image/jpeg', 27479, 'products/608ee757336b7.jpeg', '[]', '2021-10-26 10:42:48', '2021-10-26 10:42:48', NULL),
(248, 1, '608ee75757878', 7, 'image/jpeg', 23983, 'products/608ee75757878.jpeg', '[]', '2021-10-26 10:42:49', '2021-10-26 10:42:49', NULL),
(249, 1, '60ed795bdf9e4', 7, 'image/jpeg', 27845, 'products/60ed795bdf9e4.jpeg', '[]', '2021-10-26 11:09:59', '2021-10-26 11:09:59', NULL),
(250, 1, '60ed795c71fdd', 7, 'image/jpeg', 31182, 'products/60ed795c71fdd.jpeg', '[]', '2021-10-26 11:10:00', '2021-10-26 11:10:00', NULL),
(251, 1, '60ed795c448b0', 7, 'image/jpeg', 29962, 'products/60ed795c448b0.jpeg', '[]', '2021-10-26 11:10:00', '2021-10-26 11:10:00', NULL),
(252, 1, '60ed795c1876b', 7, 'image/jpeg', 29997, 'products/60ed795c1876b.jpeg', '[]', '2021-10-26 11:10:01', '2021-10-26 11:10:01', NULL),
(253, 1, '61039a324ee10', 7, 'image/jpeg', 39062, 'products/61039a324ee10.jpeg', '[]', '2021-10-26 11:20:26', '2021-10-26 11:20:26', NULL),
(254, 1, '61039a324156a', 7, 'image/jpeg', 49288, 'products/61039a324156a.jpeg', '[]', '2021-10-26 11:20:26', '2021-10-26 11:20:26', NULL),
(255, 1, '60795793a99a3', 7, 'image/jpeg', 48648, 'products/60795793a99a3.jpg', '[]', '2021-10-26 11:26:20', '2021-10-26 11:26:20', NULL),
(256, 1, '60795796c92a4', 7, 'image/jpeg', 52599, 'products/60795796c92a4.jpg', '[]', '2021-10-26 11:26:21', '2021-10-26 11:26:21', NULL),
(257, 1, '607957953ca73', 7, 'image/jpeg', 56125, 'products/607957953ca73.jpg', '[]', '2021-10-26 11:26:21', '2021-10-26 11:26:21', NULL),
(258, 1, '60743253e9d9d', 7, 'image/jpeg', 30179, 'products/60743253e9d9d.jpg', '[]', '2021-10-26 11:34:04', '2021-10-26 11:34:04', NULL),
(259, 1, '6074325515f00', 7, 'image/jpeg', 36728, 'products/6074325515f00.jpg', '[]', '2021-10-26 11:34:04', '2021-10-26 11:34:04', NULL),
(260, 1, '607432528543a', 7, 'image/jpeg', 27488, 'products/607432528543a.jpg', '[]', '2021-10-26 11:34:05', '2021-10-26 11:34:05', NULL),
(261, 1, '607432561495c', 7, 'image/png', 271450, 'products/607432561495c.png', '[]', '2021-10-26 11:34:05', '2021-10-26 11:34:05', NULL),
(262, 1, '61542bedf083a', 7, 'image/jpeg', 86527, 'products/61542bedf083a.jpeg', '[]', '2021-10-26 11:40:56', '2021-10-26 11:40:56', NULL),
(263, 1, '61542bee81d7d', 7, 'image/jpeg', 42183, 'products/61542bee81d7d.jpeg', '[]', '2021-10-26 11:40:56', '2021-10-26 11:40:56', NULL),
(264, 1, '61542bee677c0', 7, 'image/jpeg', 90505, 'products/61542bee677c0.jpeg', '[]', '2021-10-26 11:40:57', '2021-10-26 11:40:57', NULL),
(265, 1, '61542bee3136c', 7, 'image/jpeg', 89734, 'products/61542bee3136c.jpeg', '[]', '2021-10-26 11:40:57', '2021-10-26 11:40:57', NULL),
(266, 1, '607ee9bd5deca', 7, 'image/jpeg', 63641, 'products/607ee9bd5deca.jpeg', '[]', '2021-10-26 11:53:27', '2021-10-26 11:53:27', NULL),
(267, 1, '611e6af69fe4e', 7, 'image/jpeg', 33001, 'products/611e6af69fe4e.jpeg', '[]', '2021-10-26 12:08:38', '2021-10-26 12:08:38', NULL),
(268, 1, '611e6af679ca1', 7, 'image/jpeg', 41833, 'products/611e6af679ca1.jpeg', '[]', '2021-10-26 12:08:39', '2021-10-26 12:08:39', NULL),
(269, 1, '611e6af654444', 7, 'image/jpeg', 33790, 'products/611e6af654444.jpeg', '[]', '2021-10-26 12:08:40', '2021-10-26 12:08:40', NULL),
(270, 1, '60df2320707ea', 7, 'image/jpeg', 117477, 'products/60df2320707ea.jpg', '[]', '2021-10-26 12:12:26', '2021-10-26 12:12:26', NULL),
(271, 1, '611a82dcccb3b', 7, 'image/jpeg', 31090, 'products/611a82dcccb3b.jpeg', '[]', '2021-10-26 12:16:03', '2021-10-26 12:16:03', NULL),
(272, 1, '611a82dcf2174', 7, 'image/jpeg', 59221, 'products/611a82dcf2174.jpeg', '[]', '2021-10-26 12:16:04', '2021-10-26 12:16:04', NULL),
(273, 1, '611a82dd6ca3e', 7, 'image/jpeg', 28834, 'products/611a82dd6ca3e.jpeg', '[]', '2021-10-26 12:16:04', '2021-10-26 12:16:04', NULL),
(274, 1, '611a82dd22f0a', 7, 'image/jpeg', 30486, 'products/611a82dd22f0a.jpeg', '[]', '2021-10-26 12:16:05', '2021-10-26 12:16:05', NULL),
(275, 1, '611a82dd47dfe', 7, 'image/jpeg', 25712, 'products/611a82dd47dfe.jpeg', '[]', '2021-10-26 12:16:05', '2021-10-26 12:16:05', NULL),
(276, 1, '5c9380fac8173', 7, 'image/jpeg', 125214, 'products/5c9380fac8173.jpg', '[]', '2021-10-26 12:22:47', '2021-10-26 12:22:47', NULL),
(277, 1, '605133a19391e', 7, 'image/jpeg', 43956, 'products/605133a19391e.jpg', '[]', '2021-10-26 12:26:13', '2021-10-26 12:26:13', NULL),
(278, 1, '60632d362c661', 7, 'image/jpeg', 15906, 'products/60632d362c661.jpeg', '[]', '2021-10-26 12:33:39', '2021-10-26 12:33:39', NULL),
(279, 1, '60632d361451f', 7, 'image/jpeg', 19172, 'products/60632d361451f.jpeg', '[]', '2021-10-26 12:33:40', '2021-10-26 12:33:40', NULL),
(280, 1, '60632d3645598', 7, 'image/jpeg', 43822, 'products/60632d3645598.jpeg', '[]', '2021-10-26 12:33:40', '2021-10-26 12:33:40', NULL),
(281, 1, '60b0de21a4cf3', 7, 'image/jpeg', 50733, 'products/60b0de21a4cf3.jpg', '[]', '2021-10-26 12:38:47', '2021-10-26 12:38:47', NULL),
(282, 1, '60af765313a7a', 7, 'image/jpeg', 63771, 'products/60af765313a7a.jpg', '[]', '2021-10-26 12:47:44', '2021-10-26 12:47:44', NULL),
(283, 1, '60ccbd9ddf0fc', 7, 'image/jpeg', 36684, 'products/60ccbd9ddf0fc.jpg', '[]', '2021-10-26 12:53:08', '2021-10-26 12:53:08', NULL),
(284, 1, '60ccbd9e5393c', 7, 'image/jpeg', 32144, 'products/60ccbd9e5393c.jpg', '[]', '2021-10-26 12:53:09', '2021-10-26 12:53:09', NULL),
(285, 1, '613f582dedbf8', 7, 'image/jpeg', 28592, 'products/613f582dedbf8.jpg', '[]', '2021-10-26 12:57:50', '2021-10-26 12:57:50', NULL),
(286, 1, '612aad35525bd', 7, 'image/jpeg', 16358, 'products/612aad35525bd.jpg', '[]', '2021-10-26 13:01:21', '2021-10-26 13:01:21', NULL),
(287, 1, '607f7e07cd350', 7, 'image/jpeg', 58955, 'products/607f7e07cd350.jpg', '[]', '2021-10-26 13:11:37', '2021-10-26 13:11:37', NULL),
(288, 1, '61153554a1ee7', 7, 'image/jpeg', 24567, 'products/61153554a1ee7.jpeg', '[]', '2021-10-26 13:19:49', '2021-10-26 13:19:49', NULL),
(289, 1, '611e51b4525f3', 7, 'image/jpeg', 40116, 'products/611e51b4525f3.jpg', '[]', '2021-10-26 13:37:08', '2021-10-26 13:37:08', NULL),
(290, 1, '21102021040547_5184_yeni', 10, 'image/jpeg', 100419, 'sliders/21102021040547-5184-yeni.jpg', '[]', '2021-10-26 13:39:07', '2021-10-26 13:39:07', NULL),
(291, 1, '61320471a84aa', 7, 'image/jpeg', 18586, 'products/61320471a84aa.jpeg', '[]', '2021-10-26 13:44:42', '2021-10-26 13:44:42', NULL),
(292, 1, '613204717d595', 7, 'image/jpeg', 24707, 'products/613204717d595.jpeg', '[]', '2021-10-26 13:44:43', '2021-10-26 13:44:43', NULL),
(293, 1, '61320471674bd', 7, 'image/jpeg', 44798, 'products/61320471674bd.jpeg', '[]', '2021-10-26 13:44:44', '2021-10-26 13:44:44', NULL),
(294, 1, '6132047193471', 7, 'image/jpeg', 33159, 'products/6132047193471.jpeg', '[]', '2021-10-26 13:44:44', '2021-10-26 13:44:44', NULL),
(295, 1, 'marketingbillboard_20211025100411', 13, 'image/jpeg', 183147, 'general/marketingbillboard-20211025100411.jpg', '[]', '2021-10-26 20:08:02', '2021-10-28 10:40:49', '2021-10-28 10:40:49'),
(296, 1, '5c2f96eb79289', 7, 'image/jpeg', 22733, 'products/5c2f96eb79289.jpeg', '[]', '2021-10-27 07:07:16', '2021-10-27 07:07:16', NULL),
(297, 1, '5c2f96ec03be8', 7, 'image/jpeg', 14248, 'products/5c2f96ec03be8.jpeg', '[]', '2021-10-27 07:07:16', '2021-10-27 07:07:16', NULL),
(298, 1, '60c75cd9cbcc3', 7, 'image/jpeg', 33478, 'products/60c75cd9cbcc3.jpg', '[]', '2021-10-27 07:16:25', '2021-10-27 07:16:25', NULL),
(299, 1, '60c75cda98bad', 7, 'image/jpeg', 28387, 'products/60c75cda98bad.jpg', '[]', '2021-10-27 07:16:25', '2021-10-27 07:16:25', NULL),
(300, 1, '60c75d042d2bc', 7, 'image/jpeg', 23875, 'products/60c75d042d2bc.jpg', '[]', '2021-10-27 07:16:26', '2021-10-27 07:16:26', NULL),
(301, 1, '610bf85076699', 7, 'image/jpeg', 34408, 'products/610bf85076699.jpeg', '[]', '2021-10-27 07:20:37', '2021-10-27 07:20:37', NULL),
(302, 1, '6048a99413a88', 7, 'image/jpeg', 28216, 'products/6048a99413a88.jpg', '[]', '2021-10-27 07:26:57', '2021-10-27 07:26:57', NULL),
(303, 1, '612f5c3e5eacf', 7, 'image/jpeg', 13366, 'products/612f5c3e5eacf.jpg', '[]', '2021-10-27 07:32:55', '2021-10-27 07:32:55', NULL),
(304, 1, '61336619c2c98', 7, 'image/jpeg', 29653, 'products/61336619c2c98.jpg', '[]', '2021-10-27 07:32:56', '2021-10-27 07:32:56', NULL),
(305, 1, '613366191d623', 7, 'image/jpeg', 24935, 'products/613366191d623.jpg', '[]', '2021-10-27 07:32:56', '2021-10-27 07:32:56', NULL),
(306, 1, '6133661988d57', 7, 'image/jpeg', 10717, 'products/6133661988d57.jpg', '[]', '2021-10-27 07:32:57', '2021-10-27 07:32:57', NULL),
(307, 1, 'sleepy_natural_cirtli05', 13, 'image/jpeg', 176798, 'general/sleepy-natural-cirtli05.jpg', '[]', '2021-10-27 07:58:51', '2021-10-27 07:58:51', NULL),
(308, 1, '613b521c5f757', 7, 'image/jpeg', 60716, 'products/613b521c5f757.jpg', '[]', '2021-10-27 08:00:27', '2021-10-27 08:00:27', NULL),
(309, 1, '613b521cbcc74', 7, 'image/jpeg', 32153, 'products/613b521cbcc74.jpg', '[]', '2021-10-27 08:00:28', '2021-10-27 08:00:28', NULL),
(310, 1, '613b521d07e51', 7, 'image/jpeg', 17456, 'products/613b521d07e51.jpg', '[]', '2021-10-27 08:00:28', '2021-10-27 08:00:28', NULL),
(311, 1, '613b521d469c4', 7, 'image/jpeg', 20654, 'products/613b521d469c4.jpg', '[]', '2021-10-27 08:00:29', '2021-10-27 08:00:29', NULL),
(312, 1, 'iphone_banner', 13, 'image/jpeg', 66506, 'general/iphone-banner.jpg', '[]', '2021-10-28 10:34:06', '2021-10-28 10:34:06', NULL),
(313, 1, 'ipad_reklam', 13, 'image/jpeg', 96860, 'general/ipad-reklam.jpg', '[]', '2021-10-28 10:41:04', '2021-10-28 10:41:04', NULL),
(314, 1, '610aba4acdb49', 7, 'image/jpeg', 19138, 'products/610aba4acdb49.jpg', '[]', '2021-10-28 10:50:29', '2021-10-28 10:50:29', NULL),
(315, 1, '610aba4b3c7ba', 7, 'image/jpeg', 20794, 'products/610aba4b3c7ba.jpg', '[]', '2021-10-28 10:50:29', '2021-10-28 10:50:29', NULL),
(316, 1, '610aba4bab944', 7, 'image/jpeg', 15577, 'products/610aba4bab944.jpg', '[]', '2021-10-28 10:50:30', '2021-10-28 10:50:30', NULL),
(317, 1, '60a68d142cd16', 7, 'image/jpeg', 24095, 'products/60a68d142cd16.jpeg', '[]', '2021-10-28 11:04:47', '2021-10-28 11:04:47', NULL),
(318, 1, '60a68d143aee0', 7, 'image/jpeg', 24922, 'products/60a68d143aee0.jpeg', '[]', '2021-10-28 11:04:47', '2021-10-28 11:04:47', NULL),
(319, 1, '60d6ed14e51ea', 7, 'image/jpeg', 21196, 'products/60d6ed14e51ea.jpeg', '[]', '2021-10-28 12:22:47', '2021-10-28 12:22:47', NULL),
(320, 1, '60d6ed1515deb', 7, 'image/jpeg', 15066, 'products/60d6ed1515deb.jpeg', '[]', '2021-10-28 12:22:48', '2021-10-28 12:22:48', NULL),
(321, 1, '60d6ed1544c29', 7, 'image/jpeg', 134266, 'products/60d6ed1544c29.jpeg', '[]', '2021-10-28 12:22:49', '2021-10-28 12:22:49', NULL),
(322, 1, '60d6ed1528521', 7, 'image/jpeg', 24472, 'products/60d6ed1528521.jpeg', '[]', '2021-10-28 12:22:49', '2021-10-28 12:22:49', NULL),
(323, 1, 'favicon', 11, 'image/png', 4998, 'news/favicon.png', '[]', '2022-03-10 19:53:26', '2022-03-10 19:53:26', NULL),
(324, 1, 'logo-light', 11, 'image/png', 9717, 'news/logo-light.png', '[]', '2022-03-10 19:53:36', '2022-03-10 19:53:36', NULL),
(325, 1, 'topbanner', 13, 'image/jpeg', 8700, 'general/topbanner.jpg', '[]', '2022-03-15 12:29:53', '2022-03-15 12:29:53', NULL),
(326, 1, 'eticaretv7-logo', 0, 'image/png', 3714, 'eticaretv7-logo.png', '[]', '2022-04-01 07:54:42', '2022-04-01 07:54:42', NULL),
(327, 1, 'eticaretv7-logo-1', 0, 'image/png', 1607, 'eticaretv7-logo-1.png', '[]', '2022-04-01 07:56:55', '2022-04-01 07:56:55', NULL),
(328, 1, 'yukleniyor', 0, 'image/gif', 247812, 'yukleniyor.gif', '[]', '2022-04-01 08:04:50', '2022-04-01 08:04:50', NULL),
(329, 1, '1-1', 9, 'image/png', 76356, 'flash-sales/1-1.png', '[]', '2022-04-08 21:06:49', '2022-04-08 21:06:49', NULL),
(330, 1, '1 (1)', 9, 'image/png', 70952, 'flash-sales/1-1.png', '[]', '2022-04-08 21:09:27', '2022-04-08 21:09:27', NULL),
(331, 1, 'shutterstock_1030860796', 7, 'image/webp', 75734, 'products/shutterstock-1030860796.webp', '[]', '2022-04-11 07:45:09', '2022-04-11 08:10:59', '2022-04-11 08:10:59'),
(332, 1, 'LinkedInde-Etkili-Icerik-Nasil-Olusturulmalidir', 7, 'image/jpeg', 354591, 'products/linkedinde-etkili-icerik-nasil-olusturulmalidir.jpg', '[]', '2022-04-11 07:46:27', '2022-04-11 07:46:27', NULL),
(333, 1, 'topbanner', 10, 'image/png', 30122, 'sliders/topbanner.png', '[]', '2022-04-11 08:06:02', '2022-04-11 08:06:02', NULL),
(334, 1, 'IMG-58682213751840959', 7, 'image/webp', 77254, 'products/img-58682213751840959.webp', '[]', '2022-04-11 08:08:26', '2022-04-11 08:10:51', '2022-04-11 08:10:51'),
(335, 1, 'IMG-6167294329934515756', 7, 'image/webp', 24158, 'products/img-6167294329934515756.webp', '[]', '2022-04-11 08:08:27', '2022-04-11 08:10:51', '2022-04-11 08:10:51'),
(336, 1, 'IMG-6167294329934515756-1', 7, 'image/png', 207902, 'products/img-6167294329934515756-1.png', '[]', '2022-04-11 08:10:34', '2022-04-11 08:10:51', '2022-04-11 08:10:51'),
(337, 1, 'Johnrogershousemay2020', 10, 'image/webp', 644986, 'sliders/johnrogershousemay2020.webp', '[]', '2022-04-11 08:11:06', '2022-04-11 08:23:20', '2022-04-11 08:23:20'),
(338, 1, 'IMG-6167294329934515756-2', 7, 'image/png', 207902, 'products/img-6167294329934515756-2.png', '[]', '2022-04-11 08:11:08', '2022-04-11 08:11:08', NULL),
(339, 1, 'IMG-58682213751840959-1', 7, 'image/png', 817290, 'products/img-58682213751840959-1.png', '[]', '2022-04-11 08:11:14', '2022-04-11 08:11:14', NULL),
(340, 1, 'Johnrogershousemay2020-1', 10, 'image/webp', 644986, 'sliders/johnrogershousemay2020-1.webp', '[]', '2022-04-11 08:11:38', '2022-04-11 08:23:20', '2022-04-11 08:23:20'),
(341, 1, 'Johnrogershousemay2020-2', 10, 'image/webp', 644986, 'sliders/johnrogershousemay2020-2.webp', '[]', '2022-04-11 08:14:03', '2022-04-11 08:23:20', '2022-04-11 08:23:20'),
(342, 1, 'Johnrogershousemay2020-3', 10, 'image/webp', 644986, 'sliders/johnrogershousemay2020-3.webp', '[]', '2022-04-11 08:19:09', '2022-04-11 08:23:20', '2022-04-11 08:23:20'),
(343, 1, '63632846', 7, 'image/png', 381927, 'products/63632846.png', '[]', '2022-04-11 08:19:35', '2022-04-11 08:19:35', NULL),
(344, 1, '58426206', 7, 'image/png', 1400327, 'products/58426206.png', '[]', '2022-04-11 08:19:42', '2022-04-11 08:19:42', NULL),
(345, 1, 'Johnrogershousemay2020-4', 10, 'image/webp', 644986, 'sliders/johnrogershousemay2020-4.webp', '[]', '2022-04-11 08:21:32', '2022-04-11 08:23:20', '2022-04-11 08:23:20'),
(346, 1, 'Johnrogershousemay2020-5', 10, 'image/webp', 644986, 'sliders/johnrogershousemay2020-5.webp', '[]', '2022-04-11 08:22:19', '2022-04-11 08:23:28', '2022-04-11 08:23:28'),
(347, 1, 'Johnrogershousemay2020-6', 10, 'image/webp', 644986, 'sliders/johnrogershousemay2020-6.webp', '[]', '2022-04-11 08:22:49', '2022-04-11 08:23:28', '2022-04-11 08:23:28'),
(348, 1, 'Johnrogershousemay2020-7', 10, 'image/webp', 644986, 'sliders/johnrogershousemay2020-7.webp', '[]', '2022-04-11 08:23:03', '2022-04-11 08:23:28', '2022-04-11 08:23:28'),
(349, 1, 'Johnrogershousemay2020-8', 10, 'image/webp', 644986, 'sliders/johnrogershousemay2020-8.webp', '[]', '2022-04-11 08:23:45', '2022-04-11 08:25:09', '2022-04-11 08:25:09'),
(350, 1, 'Johnrogershousemay2020-9', 10, 'image/webp', 644986, 'sliders/johnrogershousemay2020-9.webp', '[]', '2022-04-11 22:11:39', '2022-04-11 22:19:28', '2022-04-11 22:19:28'),
(351, 1, 'Johnrogershousemay2020-10', 10, 'image/webp', 644986, 'sliders/johnrogershousemay2020-10.webp', '[]', '2022-04-11 22:15:13', '2022-04-11 22:19:23', '2022-04-11 22:19:23'),
(352, 1, 'Johnrogershousemay2020-11', 10, 'image/webp', 644986, 'sliders/johnrogershousemay2020-11.webp', '[]', '2022-04-11 22:17:12', '2022-04-11 22:19:23', '2022-04-11 22:19:23'),
(353, 1, 'Johnrogershousemay2020-12', 10, 'image/webp', 644986, 'sliders/johnrogershousemay2020-12.webp', '[]', '2022-04-11 22:17:28', '2022-04-11 22:19:23', '2022-04-11 22:19:23'),
(354, 1, 'Johnrogershousemay2020-13', 10, 'image/webp', 644986, 'sliders/johnrogershousemay2020-13.webp', '[]', '2022-04-11 22:17:59', '2022-04-11 22:19:23', '2022-04-11 22:19:23'),
(355, 1, 'Johnrogershousemay2020-14', 10, 'image/webp', 644986, 'sliders/johnrogershousemay2020-14.webp', '[]', '2022-04-11 22:18:37', '2022-04-11 22:19:23', '2022-04-11 22:19:23'),
(356, 1, 'Johnrogershousemay2020-15', 10, 'image/webp', 644986, 'sliders/johnrogershousemay2020-15.webp', '[]', '2022-04-11 22:18:50', '2022-04-11 22:19:23', '2022-04-11 22:19:23'),
(357, 1, 'Johnrogershousemay2020-16', 10, 'image/webp', 644986, 'sliders/johnrogershousemay2020-16.webp', '[]', '2022-04-11 22:18:59', '2022-04-11 22:19:23', '2022-04-11 22:19:23'),
(358, 1, 'Johnrogershousemay2020-17', 10, 'image/webp', 644986, 'sliders/johnrogershousemay2020-17.webp', '[]', '2022-04-11 22:20:51', '2022-04-11 22:26:20', '2022-04-11 22:26:20'),
(359, 1, 'Johnrogershousemay2020-18', 10, 'image/webp', 644986, 'sliders/johnrogershousemay2020-18.webp', '[]', '2022-04-11 22:21:49', '2022-04-11 22:26:20', '2022-04-11 22:26:20'),
(360, 1, 'Johnrogershousemay2020-19', 10, 'image/webp', 644986, 'sliders/johnrogershousemay2020-19.webp', '[]', '2022-04-11 22:24:34', '2022-04-11 22:26:20', '2022-04-11 22:26:20'),
(361, 1, 'Johnrogershousemay2020-20', 10, 'image/webp', 644986, 'sliders/johnrogershousemay2020-20.webp', '[]', '2022-04-11 22:25:44', '2022-04-11 22:26:20', '2022-04-11 22:26:20'),
(362, 1, 'Johnrogershousemay2020-21', 10, 'image/webp', 644986, 'sliders/johnrogershousemay2020-21.webp', '[]', '2022-04-11 22:26:07', '2022-04-12 00:05:48', '2022-04-12 00:05:48'),
(363, 1, 'Johnrogershousemay2020-22', 10, 'image/webp', 644986, 'sliders/johnrogershousemay2020-22.webp', '[]', '2022-04-11 22:26:32', '2022-04-12 00:05:48', '2022-04-12 00:05:48'),
(364, 100003, 'Johnrogershousemay2020-23', 10, 'image/webp', 644986, 'sliders/johnrogershousemay2020-23.webp', '[]', '2022-04-12 00:04:58', '2022-04-12 00:05:48', '2022-04-12 00:05:48'),
(365, 100003, 'Johnrogershousemay2020-24', 10, 'image/webp', 644986, 'sliders/johnrogershousemay2020-24.webp', '[]', '2022-04-12 00:05:41', '2022-04-12 00:05:48', '2022-04-12 00:05:48'),
(366, 100003, 'Johnrogershousemay2020-25', 10, 'image/webp', 644986, 'sliders/johnrogershousemay2020-25.webp', '[]', '2022-04-12 00:07:16', '2022-04-12 00:07:43', '2022-04-12 00:07:43'),
(367, 1, '60c75cd9cbcc3-1', 7, 'image/png', 325015, 'products/60c75cd9cbcc3-1.png', '[]', '2022-04-12 10:28:17', '2022-04-12 10:28:17', NULL),
(368, 1, '6048a99413a88-400x400', 7, 'image/png', 59076, 'products/6048a99413a88-400x400.png', '[]', '2022-04-12 10:29:55', '2022-04-12 10:29:55', NULL),
(371, 1, 'png-transparent-computer-icons-system-administrator-administrator-icon-silhouette-desktop-wallpaper-administrator-icon', 15, 'image/png', 10317, 'users/png-transparent-computer-icons-system-administrator-administrator-icon-silhouette-desktop-wallpaper-administrator-icon.png', '[]', '2022-04-12 13:45:47', '2022-04-12 13:45:47', NULL);

-- --------------------------------------------------------

--
-- Tablo için tablo yapısı `media_folders`
--

CREATE TABLE `media_folders` (
  `id` bigint(20) UNSIGNED NOT NULL,
  `user_id` int(10) UNSIGNED NOT NULL,
  `name` varchar(191) DEFAULT NULL,
  `slug` varchar(191) DEFAULT NULL,
  `parent_id` int(11) NOT NULL DEFAULT 0,
  `created_at` timestamp NULL DEFAULT NULL,
  `updated_at` timestamp NULL DEFAULT NULL,
  `deleted_at` timestamp NULL DEFAULT NULL
) ENGINE=InnoDB DEFAULT CHARSET=utf8mb4 COLLATE=utf8mb4_unicode_ci;

--
-- Tablo döküm verisi `media_folders`
--

INSERT INTO `media_folders` (`id`, `user_id`, `name`, `slug`, `parent_id`, `created_at`, `updated_at`, `deleted_at`) VALUES
(5, 0, 'brands', 'brands', 0, '2021-08-24 07:58:06', '2021-08-24 07:58:06', NULL),
(6, 0, 'product-categories', 'product-categories', 0, '2021-08-24 07:58:09', '2021-08-24 07:58:09', NULL),
(7, 0, 'products', 'products', 0, '2021-08-24 07:58:11', '2021-08-24 07:58:11', NULL),
(8, 0, 'customers', 'customers', 0, '2021-08-24 07:59:25', '2021-08-24 07:59:25', NULL),
(9, 0, 'flash-sales', 'flash-sales', 0, '2021-08-24 07:59:33', '2021-08-24 07:59:33', NULL),
(10, 0, 'sliders', 'sliders', 0, '2021-08-24 07:59:36', '2021-08-24 07:59:36', NULL),
(11, 0, 'news', 'news', 0, '2021-08-24 08:00:12', '2021-08-24 08:00:12', NULL),
(12, 0, 'promotion', 'promotion', 0, '2021-08-24 08:00:27', '2021-08-24 08:00:27', NULL),
(13, 0, 'general', 'general', 0, '2021-08-24 08:00:33', '2021-08-24 08:00:33', NULL),
(14, 1, 'markalar', 'markalar', 0, '2021-10-25 14:10:53', '2021-10-25 14:10:53', NULL),
(15, 1, 'users', 'users', 0, '2022-04-12 13:28:11', '2022-04-12 13:28:11', NULL);

-- --------------------------------------------------------

--
-- Tablo için tablo yapısı `media_settings`
--

CREATE TABLE `media_settings` (
  `id` bigint(20) UNSIGNED NOT NULL,
  `key` varchar(120) NOT NULL,
  `value` text DEFAULT NULL,
  `media_id` int(11) DEFAULT NULL,
  `user_id` int(11) DEFAULT NULL,
  `created_at` timestamp NULL DEFAULT NULL,
  `updated_at` timestamp NULL DEFAULT NULL
) ENGINE=InnoDB DEFAULT CHARSET=utf8mb4 COLLATE=utf8mb4_unicode_ci;

-- --------------------------------------------------------

--
-- Tablo için tablo yapısı `menus`
--

CREATE TABLE `menus` (
  `id` bigint(20) UNSIGNED NOT NULL,
  `name` varchar(120) NOT NULL,
  `slug` varchar(120) DEFAULT NULL,
  `status` varchar(60) NOT NULL DEFAULT 'published',
  `created_at` timestamp NULL DEFAULT NULL,
  `updated_at` timestamp NULL DEFAULT NULL
) ENGINE=InnoDB DEFAULT CHARSET=utf8mb4 COLLATE=utf8mb4_unicode_ci;

--
-- Tablo döküm verisi `menus`
--

INSERT INTO `menus` (`id`, `name`, `slug`, `status`, `created_at`, `updated_at`) VALUES
(1, 'Main menu', 'main-menu', 'published', '2021-08-24 08:00:33', '2021-08-24 08:00:33'),
(2, 'Product categories', 'product-categories', 'published', '2021-08-24 08:00:33', '2021-08-24 08:00:33'),
(3, 'Information', 'information', 'published', '2021-08-24 08:00:33', '2021-08-24 08:00:33'),
(7, 'Ana menü', 'ana-menu', 'published', '2021-10-25 07:59:18', '2021-10-25 07:59:18'),
(8, 'Ürün Kategorileri', 'urun-kategorileri', 'published', '2021-10-25 08:00:03', '2021-10-25 08:00:03'),
(9, 'Sayfalar', 'sayfalar', 'published', '2021-10-25 08:00:43', '2021-10-25 08:00:43'),
(10, 'Destek Hattı', 'destek-hatti', 'published', '2021-10-25 14:28:50', '2021-10-25 14:28:50');

-- --------------------------------------------------------

--
-- Tablo için tablo yapısı `menu_locations`
--

CREATE TABLE `menu_locations` (
  `id` bigint(20) UNSIGNED NOT NULL,
  `menu_id` int(10) UNSIGNED NOT NULL,
  `location` varchar(120) NOT NULL,
  `created_at` timestamp NULL DEFAULT NULL,
  `updated_at` timestamp NULL DEFAULT NULL
) ENGINE=InnoDB DEFAULT CHARSET=utf8mb4 COLLATE=utf8mb4_unicode_ci;

--
-- Tablo döküm verisi `menu_locations`
--

INSERT INTO `menu_locations` (`id`, `menu_id`, `location`, `created_at`, `updated_at`) VALUES
(1, 1, 'main-menu', '2021-08-24 08:00:33', '2021-08-24 08:00:33'),
(2, 4, 'main-menu', '2021-08-24 08:00:33', '2021-08-24 08:00:33'),
(3, 7, 'main-menu', '2021-10-25 12:08:11', '2021-10-25 12:08:11');

-- --------------------------------------------------------

--
-- Tablo için tablo yapısı `menu_nodes`
--

CREATE TABLE `menu_nodes` (
  `id` bigint(20) UNSIGNED NOT NULL,
  `menu_id` int(10) UNSIGNED NOT NULL,
  `parent_id` int(10) UNSIGNED NOT NULL DEFAULT 0,
  `reference_id` int(10) UNSIGNED DEFAULT NULL,
  `reference_type` varchar(255) DEFAULT NULL,
  `url` varchar(120) DEFAULT NULL,
  `icon_font` varchar(50) DEFAULT NULL,
  `position` tinyint(3) UNSIGNED NOT NULL DEFAULT 0,
  `title` varchar(120) DEFAULT NULL,
  `css_class` varchar(120) DEFAULT NULL,
  `target` varchar(20) NOT NULL DEFAULT '_self',
  `has_child` tinyint(3) UNSIGNED NOT NULL DEFAULT 0,
  `created_at` timestamp NULL DEFAULT NULL,
  `updated_at` timestamp NULL DEFAULT NULL
) ENGINE=InnoDB DEFAULT CHARSET=utf8mb4 COLLATE=utf8mb4_unicode_ci;

--
-- Tablo döküm verisi `menu_nodes`
--

INSERT INTO `menu_nodes` (`id`, `menu_id`, `parent_id`, `reference_id`, `reference_type`, `url`, `icon_font`, `position`, `title`, `css_class`, `target`, `has_child`, `created_at`, `updated_at`) VALUES
(1, 1, 0, NULL, NULL, '/', NULL, 0, 'Home', NULL, '_self', 1, '2021-08-24 08:00:33', '2021-08-24 08:00:33'),
(2, 1, 1, 1, 'Botble\\Page\\Models\\Page', '/homepage', NULL, 0, 'Home 1', NULL, '_self', 0, '2021-08-24 08:00:33', '2022-04-11 07:45:07'),
(3, 1, 1, 2, 'Botble\\Page\\Models\\Page', '/homepage-2', NULL, 0, 'Home 2', NULL, '_self', 0, '2021-08-24 08:00:33', '2022-04-11 07:45:07'),
(4, 1, 1, 3, 'Botble\\Page\\Models\\Page', '/homepage-3', NULL, 0, 'Home 3', NULL, '_self', 0, '2021-08-24 08:00:33', '2021-09-09 12:50:44'),
(5, 1, 1, 4, 'Botble\\Page\\Models\\Page', '/homepage-4', NULL, 0, 'Home 4', NULL, '_self', 0, '2021-08-24 08:00:33', '2021-10-25 08:30:01'),
(6, 1, 0, NULL, NULL, '/products', NULL, 0, 'Shop', NULL, '_self', 1, '2021-08-24 08:00:33', '2021-08-24 08:00:33'),
(7, 1, 6, NULL, NULL, '/products', NULL, 0, 'Shop Grid - Full Width', NULL, '_self', 0, '2021-08-24 08:00:33', '2021-08-24 08:00:33'),
(8, 1, 6, NULL, NULL, '/products?layout=product-right-sidebar', NULL, 0, 'Shop Grid - Right Sidebar', NULL, '_self', 0, '2021-08-24 08:00:33', '2021-08-24 08:00:33'),
(9, 1, 6, NULL, NULL, '/products?layout=product-left-sidebar', NULL, 0, 'Shop Grid - Left Sidebar', NULL, '_self', 0, '2021-08-24 08:00:33', '2021-08-24 08:00:33'),
(10, 1, 6, 1, 'Botble\\Ecommerce\\Models\\ProductCategory', '/urun-kategorileri/giyim-ayakkabi', NULL, 0, 'Products Of Category', NULL, '_self', 0, '2021-08-24 08:00:33', '2021-10-25 08:37:29'),
(11, 1, 0, NULL, NULL, '#', NULL, 0, 'Product', NULL, '_self', 1, '2021-08-24 08:00:33', '2021-08-24 08:00:33'),
(12, 1, 11, NULL, NULL, '/products/smart-home-speaker', NULL, 0, 'Product Right Sidebar', NULL, '_self', 0, '2021-08-24 08:00:33', '2021-08-24 08:00:33'),
(13, 1, 11, NULL, NULL, '/products/headphone-ultra-bass', NULL, 0, 'Product Left Sidebar', NULL, '_self', 0, '2021-08-24 08:00:33', '2021-08-24 08:00:33'),
(14, 1, 11, NULL, NULL, '/products/boxed-bluetooth-headphone', NULL, 0, 'Product Full Width', NULL, '_self', 0, '2021-08-24 08:00:33', '2021-08-24 08:00:33'),
(15, 1, 0, 5, 'Botble\\Page\\Models\\Page', '/blog', NULL, 0, 'Blog', NULL, '_self', 1, '2021-08-24 08:00:33', '2021-08-24 08:00:33'),
(16, 1, 15, 5, 'Botble\\Page\\Models\\Page', '/blog', NULL, 0, 'Blog Right Sidebar', NULL, '_self', 0, '2021-08-24 08:00:33', '2021-08-24 08:00:33'),
(17, 1, 15, 13, 'Botble\\Page\\Models\\Page', '/blog-left-sidebar', NULL, 0, 'Blog Left Sidebar', NULL, '_self', 0, '2021-08-24 08:00:33', '2022-04-11 07:45:07'),
(18, 1, 15, NULL, NULL, '/blog/4-expert-tips-on-how-to-choose-the-right-mens-wallet', NULL, 0, 'Single Post Right Sidebar', NULL, '_self', 0, '2021-08-24 08:00:33', '2021-08-24 08:00:33'),
(19, 1, 15, NULL, NULL, '/blog/sexy-clutches-how-to-buy-wear-a-designer-clutch-bag', NULL, 0, 'Single Post Left Sidebar', NULL, '_self', 0, '2021-08-24 08:00:33', '2021-08-24 08:00:33'),
(20, 1, 15, NULL, NULL, '/blog/the-top-2020-handbag-trends-to-know', NULL, 0, 'Single Post Full Width', NULL, '_self', 0, '2021-08-24 08:00:33', '2021-08-24 08:00:33'),
(21, 1, 15, NULL, NULL, '/blog/how-to-match-the-color-of-your-handbag-with-an-outfit', NULL, 0, 'Single Post with Product Listing', NULL, '_self', 0, '2021-08-24 08:00:33', '2021-08-24 08:00:33'),
(22, 1, 0, 6, 'Botble\\Page\\Models\\Page', '/contact', NULL, 0, 'Contact', NULL, '_self', 0, '2021-08-24 08:00:33', '2021-08-24 08:00:33'),
(23, 2, 0, 1, 'Botble\\Ecommerce\\Models\\ProductCategory', '/urun-kategorileri/giyim-ayakkabi', NULL, 0, 'Men', NULL, '_self', 0, '2021-08-24 08:00:33', '2021-10-25 08:37:29'),
(24, 2, 0, 2, 'Botble\\Ecommerce\\Models\\ProductCategory', '/urun-kategorileri/elektronik', NULL, 0, 'Women', NULL, '_self', 0, '2021-08-24 08:00:33', '2021-10-25 08:35:28'),
(25, 2, 0, 3, 'Botble\\Ecommerce\\Models\\ProductCategory', '/urun-kategorileri/telefon-aksesuarlari', NULL, 0, 'Accessories', NULL, '_self', 0, '2021-08-24 08:00:33', '2021-10-25 08:47:06'),
(26, 2, 0, 4, 'Botble\\Ecommerce\\Models\\ProductCategory', '/urun-kategorileri/bilgisayar', NULL, 0, 'Shoes', NULL, '_self', 0, '2021-08-24 08:00:33', '2021-10-25 08:47:46'),
(27, 2, 0, 5, 'Botble\\Ecommerce\\Models\\ProductCategory', '/urun-kategorileri/televizyon-ses-sistemleri', NULL, 0, 'Denim', NULL, '_self', 0, '2021-08-24 08:00:33', '2021-10-25 08:48:23'),
(28, 2, 0, 6, 'Botble\\Ecommerce\\Models\\ProductCategory', '/urun-kategorileri/elektrikli-ev-aletleri', NULL, 0, 'Dress', NULL, '_self', 0, '2021-08-24 08:00:33', '2021-10-25 08:49:21'),
(29, 3, 0, 6, 'Botble\\Page\\Models\\Page', '/contact', NULL, 0, 'Contact Us', NULL, '_self', 0, '2021-08-24 08:00:33', '2021-08-24 08:00:33'),
(30, 3, 0, 8, 'Botble\\Page\\Models\\Page', '/cookie-policy', NULL, 0, 'About Us', NULL, '_self', 0, '2021-08-24 08:00:33', '2021-08-24 08:00:33'),
(31, 3, 0, 9, 'Botble\\Page\\Models\\Page', '/terms-conditions', NULL, 0, 'Terms & Conditions', NULL, '_self', 0, '2021-08-24 08:00:33', '2021-08-24 08:00:33'),
(32, 3, 0, 10, 'Botble\\Page\\Models\\Page', '/returns-exchanges', NULL, 0, 'Returns & Exchanges', NULL, '_self', 0, '2021-08-24 08:00:33', '2021-08-24 08:00:33'),
(33, 3, 0, 11, 'Botble\\Page\\Models\\Page', '/shipping-delivery', NULL, 0, 'Shipping & Delivery', NULL, '_self', 0, '2021-08-24 08:00:33', '2021-08-24 08:00:33'),
(34, 3, 0, 12, 'Botble\\Page\\Models\\Page', '/privacy-policy', NULL, 0, 'Privacy Policy', NULL, '_self', 0, '2021-08-24 08:00:33', '2022-04-11 07:45:07'),
(68, 7, 0, 1, 'Botble\\Ecommerce\\Models\\ProductCategory', '/urun-kategorileri/giyim-ayakkabi', '', 0, 'Giyim & Ayakkabı', '', '_self', 0, '2021-10-25 12:09:23', '2021-10-25 12:10:08'),
(74, 7, 0, 2, 'Botble\\Ecommerce\\Models\\ProductCategory', '/urun-kategorileri/elektronik', NULL, 1, 'Elektronik', NULL, '_self', 0, '2021-10-25 12:10:08', '2021-10-25 12:10:08'),
(75, 7, 0, 11, 'Botble\\Ecommerce\\Models\\ProductCategory', '/urun-kategorileri/ev-yasam', NULL, 2, 'Ev & Yaşam', NULL, '_self', 0, '2021-10-25 12:10:08', '2021-10-25 12:10:08'),
(76, 7, 0, 20, 'Botble\\Ecommerce\\Models\\ProductCategory', '/urun-kategorileri/kitap-muzik-film-oyun', NULL, 3, 'Kitap, Müzik, Film, Oyun', NULL, '_self', 0, '2021-10-25 12:10:08', '2021-10-25 12:10:08'),
(77, 7, 0, 17, 'Botble\\Ecommerce\\Models\\ProductCategory', '/urun-kategorileri/kozmetik-kisisel-bakim', NULL, 4, 'Kozmetik & Kişisel Bakım', NULL, '_self', 0, '2021-10-25 12:10:08', '2021-10-25 12:10:08'),
(78, 9, 0, 32, 'Botble\\Page\\Models\\Page', '/bize-ulasin', '', 0, 'Bize Ulaşın', '', '_self', 0, '2021-10-25 14:26:50', '2021-10-25 14:27:11'),
(79, 9, 0, 34, 'Botble\\Page\\Models\\Page', '/cerez-politikasi', '', 1, 'Çerez Politikası', '', '_self', 0, '2021-10-25 14:26:50', '2021-10-25 14:27:11'),
(80, 9, 0, 30, 'Botble\\Page\\Models\\Page', '/gizlilik-politikasi', '', 2, 'Gizlilik Politikası', '', '_self', 0, '2021-10-25 14:26:50', '2021-10-25 14:27:11'),
(81, 9, 0, 29, 'Botble\\Page\\Models\\Page', '/guvenli-e-ticaret', '', 3, 'Güvenli E-Ticaret', '', '_self', 0, '2021-10-25 14:26:50', '2021-10-25 14:27:11'),
(82, 9, 0, 28, 'Botble\\Page\\Models\\Page', '/hakkimizda', '', 4, 'Hakkımızda', '', '_self', 0, '2021-10-25 14:26:50', '2021-10-25 14:27:11'),
(83, 9, 0, 33, 'Botble\\Page\\Models\\Page', '/urun-iade-proseduru', '', 5, 'Ürün İade Prosedürü', '', '_self', 0, '2021-10-25 14:26:50', '2021-10-25 14:27:11'),
(84, 9, 0, 31, 'Botble\\Page\\Models\\Page', '/uyelik-sozlesmesi', '', 6, 'Üyelik Sözleşmesi', '', '_self', 0, '2021-10-25 14:26:50', '2021-10-25 14:27:11'),
(85, 10, 0, 32, 'Botble\\Page\\Models\\Page', '/bize-ulasin', '', 1, 'Bize Ulaşın', '', '_self', 0, '2021-10-25 14:29:47', '2021-10-28 13:25:42'),
(86, 10, 0, 34, 'Botble\\Page\\Models\\Page', '/cerez-politikasi', '', 2, 'Çerez Politikası', '', '_self', 0, '2021-10-25 14:29:47', '2021-10-28 13:25:43'),
(87, 10, 0, 33, 'Botble\\Page\\Models\\Page', '/urun-iade-proseduru', '', 6, 'Ürün İade Prosedürü', '', '_self', 0, '2021-10-25 14:29:47', '2021-10-28 13:25:43'),
(88, 8, 0, 12, 'Botble\\Ecommerce\\Models\\ProductCategory', '/urun-kategorileri/anne-bebek', '', 0, 'Anne, Bebek', '', '_self', 0, '2021-10-26 14:23:17', '2022-04-11 09:28:05'),
(89, 8, 0, 25, 'Botble\\Ecommerce\\Models\\ProductCategory', '/urun-kategorileri/bilet-tatil-eglence', '', 1, 'Bilet, Tatil & Eğlence', '', '_self', 0, '2021-10-26 14:23:17', '2022-04-11 09:28:05'),
(90, 8, 0, 2, 'Botble\\Ecommerce\\Models\\ProductCategory', '/urun-kategorileri/elektronik', '', 2, 'Elektronik', '', '_self', 0, '2021-10-26 14:23:17', '2022-04-11 09:28:05'),
(91, 8, 0, 11, 'Botble\\Ecommerce\\Models\\ProductCategory', '/urun-kategorileri/ev-yasam', '', 3, 'Ev & Yaşam', '', '_self', 0, '2021-10-26 14:23:17', '2022-04-11 09:28:05'),
(93, 8, 0, 20, 'Botble\\Ecommerce\\Models\\ProductCategory', '/urun-kategorileri/kitap-muzik-film-oyun', '', 4, 'Kitap, Müzik, Film, Oyun', '', '_self', 0, '2021-10-26 14:23:17', '2022-04-11 09:28:05'),
(94, 8, 0, 17, 'Botble\\Ecommerce\\Models\\ProductCategory', '/urun-kategorileri/kozmetik-kisisel-bakim', '', 5, 'Kozmetik & Kişisel Bakım', '', '_self', 0, '2021-10-26 14:23:17', '2022-04-11 09:28:05'),
(95, 8, 0, 18, 'Botble\\Ecommerce\\Models\\ProductCategory', '/urun-kategorileri/mucevher-saat', '', 6, 'Mücevher & Saat', '', '_self', 0, '2021-10-26 14:23:17', '2022-04-11 09:28:05'),
(97, 8, 0, 19, 'Botble\\Ecommerce\\Models\\ProductCategory', '/urun-kategorileri/spor-outdoor', '', 7, 'Spor & Outdoor', '', '_self', 0, '2021-10-26 14:23:17', '2022-04-11 09:28:05'),
(98, 10, 0, 28, 'Botble\\Page\\Models\\Page', '/hakkimizda', '', 0, 'Hakkımızda', '', '_self', 0, '2021-10-28 13:25:42', '2022-04-11 09:14:31'),
(99, 10, 0, 30, 'Botble\\Page\\Models\\Page', '/gizlilik-politikasi', '', 3, 'Gizlilik Politikası', '', '_self', 0, '2021-10-28 13:25:43', '2022-04-11 09:14:31'),
(100, 10, 0, 29, 'Botble\\Page\\Models\\Page', '/guvenli-e-ticaret', '', 4, 'Güvenli E-Ticaret', '', '_self', 0, '2021-10-28 13:25:43', '2022-04-11 09:14:31'),
(101, 10, 0, 31, 'Botble\\Page\\Models\\Page', '/uyelik-sozlesmesi', '', 5, 'Üyelik Sözleşmesi', '', '_self', 0, '2021-10-28 13:25:43', '2022-04-11 09:14:31'),
(102, 10, 0, 36, 'Botble\\Page\\Models\\Page', '/sikca-sorulan-sorular', NULL, 7, 'Sıkça Sorulan Sorular', NULL, '_self', 0, '2022-04-11 09:14:31', '2022-04-11 09:14:31');

-- --------------------------------------------------------

--
-- Tablo için tablo yapısı `meta_boxes`
--

CREATE TABLE `meta_boxes` (
  `id` bigint(20) UNSIGNED NOT NULL,
  `meta_key` varchar(255) NOT NULL,
  `meta_value` text DEFAULT NULL,
  `reference_id` int(10) UNSIGNED NOT NULL,
  `reference_type` varchar(120) NOT NULL,
  `created_at` timestamp NULL DEFAULT NULL,
  `updated_at` timestamp NULL DEFAULT NULL
) ENGINE=InnoDB DEFAULT CHARSET=utf8mb4 COLLATE=utf8mb4_unicode_ci;

--
-- Tablo döküm verisi `meta_boxes`
--

INSERT INTO `meta_boxes` (`id`, `meta_key`, `meta_value`, `reference_id`, `reference_type`, `created_at`, `updated_at`) VALUES
(1, 'icon', '[\"wowy-font-tshirt\"]', 1, 'Botble\\Ecommerce\\Models\\ProductCategory', '2021-08-24 07:56:33', '2021-10-25 08:55:50'),
(2, 'icon', '[\"wowy-font-cpu\"]', 2, 'Botble\\Ecommerce\\Models\\ProductCategory', '2021-08-24 07:56:33', '2021-08-24 07:56:33'),
(3, 'icon', '[\"wowy-font-home\"]', 11, 'Botble\\Ecommerce\\Models\\ProductCategory', '2021-08-24 07:56:33', '2021-10-25 08:57:18'),
(4, 'icon', '[\"wowy-font-teddy-bear\"]', 12, 'Botble\\Ecommerce\\Models\\ProductCategory', '2021-08-24 07:56:33', '2021-10-25 08:58:07'),
(5, 'icon', '[\"wowy-font-diamond\"]', 17, 'Botble\\Ecommerce\\Models\\ProductCategory', '2021-08-24 07:56:33', '2021-10-25 08:59:41'),
(6, 'icon', '[\"wowy-font-dress\"]', 18, 'Botble\\Ecommerce\\Models\\ProductCategory', '2021-08-24 07:56:33', '2021-08-24 07:56:33'),
(7, 'icon', '[\"wowy-font-diamond\"]', 19, 'Botble\\Ecommerce\\Models\\ProductCategory', '2021-08-24 07:56:33', '2021-08-24 07:56:33'),
(8, 'icon', '[\"fa fa-book\"]', 20, 'Botble\\Ecommerce\\Models\\ProductCategory', '2021-08-24 07:56:33', '2021-10-25 12:21:40'),
(9, 'icon', '[\"wowy-font-high-heels\"]', 25, 'Botble\\Ecommerce\\Models\\ProductCategory', '2021-08-24 07:56:33', '2021-10-25 12:24:04'),
(10, 'icon', '[\"fa fa-car\"]', 26, 'Botble\\Ecommerce\\Models\\ProductCategory', '2021-08-24 07:56:33', '2021-10-25 12:25:15'),
(21, 'subtitle', '[\"S\\u0131n\\u0131rl\\u0131 say\\u0131da.\"]', 1, 'Botble\\Ecommerce\\Models\\FlashSale', '2021-08-24 07:59:34', '2022-04-08 08:12:14'),
(22, 'image', '[\"flash-sales\\/1-1.png\"]', 1, 'Botble\\Ecommerce\\Models\\FlashSale', '2021-08-24 07:59:34', '2022-04-08 21:06:56'),
(23, 'subtitle', '[\"Bilgisayarlar ve Diz\\u00fcst\\u00fc Bilgisayar\"]', 2, 'Botble\\Ecommerce\\Models\\FlashSale', '2021-08-24 07:59:34', '2022-04-08 08:13:03'),
(24, 'image', '[\"flash-sales\\/2.jpg\"]', 2, 'Botble\\Ecommerce\\Models\\FlashSale', '2021-08-24 07:59:34', '2021-08-24 07:59:34'),
(25, 'vi_subtitle', '[\"Gi\\u1edbi h\\u1ea1n s\\u1ed1 l\\u01b0\\u1ee3ng\"]', 1, 'Botble\\Ecommerce\\Models\\FlashSale', '2021-08-24 07:59:34', '2021-08-24 07:59:34'),
(26, 'vi_subtitle', '[\"M\\u00e1y t\\u00ednh b\\u00e0n & Laptop\"]', 2, 'Botble\\Ecommerce\\Models\\FlashSale', '2021-08-24 07:59:34', '2021-08-24 07:59:34'),
(27, 'button_text', '[\"Shop now\"]', 1, 'Botble\\SimpleSlider\\Models\\SimpleSliderItem', '2021-08-24 08:00:11', '2021-08-24 08:00:11'),
(28, 'subtitle', '[\"Trade-In Offer\"]', 1, 'Botble\\SimpleSlider\\Models\\SimpleSliderItem', '2021-08-24 08:00:11', '2021-08-24 08:00:11'),
(29, 'highlight_text', '[\"On All Products\"]', 1, 'Botble\\SimpleSlider\\Models\\SimpleSliderItem', '2021-08-24 08:00:11', '2021-08-24 08:00:11'),
(30, 'button_text', '[\"Discover now\"]', 2, 'Botble\\SimpleSlider\\Models\\SimpleSliderItem', '2021-08-24 08:00:11', '2021-08-24 08:00:11'),
(31, 'subtitle', '[\"Tech Promotions\"]', 2, 'Botble\\SimpleSlider\\Models\\SimpleSliderItem', '2021-08-24 08:00:11', '2021-08-24 08:00:11'),
(32, 'highlight_text', '[\"Great Collection\"]', 2, 'Botble\\SimpleSlider\\Models\\SimpleSliderItem', '2021-08-24 08:00:11', '2021-08-24 08:00:11'),
(33, 'button_text', '[\"Shop now\"]', 3, 'Botble\\SimpleSlider\\Models\\SimpleSliderItem', '2021-08-24 08:00:11', '2021-08-24 08:00:11'),
(34, 'subtitle', '[\"Upcoming Offer\"]', 3, 'Botble\\SimpleSlider\\Models\\SimpleSliderItem', '2021-08-24 08:00:11', '2021-08-24 08:00:11'),
(35, 'highlight_text', '[\"Manufacturer\"]', 3, 'Botble\\SimpleSlider\\Models\\SimpleSliderItem', '2021-08-24 08:00:11', '2021-08-24 08:00:11'),
(36, 'simple_slider_style', '[\"style-2\"]', 2, 'Botble\\SimpleSlider\\Models\\SimpleSlider', '2021-08-24 08:00:11', '2021-08-24 08:00:11'),
(37, 'button_text', '[\"Shop now\"]', 4, 'Botble\\SimpleSlider\\Models\\SimpleSliderItem', '2021-08-24 08:00:11', '2021-08-24 08:00:11'),
(38, 'subtitle', '[\"Trade-In Offer\"]', 4, 'Botble\\SimpleSlider\\Models\\SimpleSliderItem', '2021-08-24 08:00:11', '2021-08-24 08:00:11'),
(39, 'highlight_text', '[\"On All Products\"]', 4, 'Botble\\SimpleSlider\\Models\\SimpleSliderItem', '2021-08-24 08:00:11', '2021-08-24 08:00:11'),
(40, 'button_text', '[\"Discover now\"]', 5, 'Botble\\SimpleSlider\\Models\\SimpleSliderItem', '2021-08-24 08:00:11', '2021-08-24 08:00:11'),
(41, 'subtitle', '[\"Tech Promotions\"]', 5, 'Botble\\SimpleSlider\\Models\\SimpleSliderItem', '2021-08-24 08:00:11', '2021-08-24 08:00:11'),
(42, 'highlight_text', '[\"Great Collection\"]', 5, 'Botble\\SimpleSlider\\Models\\SimpleSliderItem', '2021-08-24 08:00:11', '2021-08-24 08:00:11'),
(43, 'button_text', '[\"Shop now\"]', 6, 'Botble\\SimpleSlider\\Models\\SimpleSliderItem', '2021-08-24 08:00:11', '2021-08-24 08:00:11'),
(44, 'subtitle', '[\"Upcoming Offer\"]', 6, 'Botble\\SimpleSlider\\Models\\SimpleSliderItem', '2021-08-24 08:00:11', '2021-08-24 08:00:11'),
(45, 'highlight_text', '[\"Manufacturer\"]', 6, 'Botble\\SimpleSlider\\Models\\SimpleSliderItem', '2021-08-24 08:00:11', '2021-08-24 08:00:11'),
(46, 'simple_slider_style', '[\"style-3\"]', 3, 'Botble\\SimpleSlider\\Models\\SimpleSlider', '2021-08-24 08:00:11', '2021-08-24 08:00:11'),
(47, 'button_text', '[\"Shop now\"]', 7, 'Botble\\SimpleSlider\\Models\\SimpleSliderItem', '2021-08-24 08:00:11', '2021-08-24 08:00:11'),
(48, 'subtitle', '[\"Trade-In Offer\"]', 7, 'Botble\\SimpleSlider\\Models\\SimpleSliderItem', '2021-08-24 08:00:11', '2021-08-24 08:00:11'),
(49, 'highlight_text', '[\"On All Products\"]', 7, 'Botble\\SimpleSlider\\Models\\SimpleSliderItem', '2021-08-24 08:00:11', '2021-08-24 08:00:11'),
(50, 'button_text', '[\"Discover now\"]', 8, 'Botble\\SimpleSlider\\Models\\SimpleSliderItem', '2021-08-24 08:00:11', '2021-08-24 08:00:11'),
(51, 'subtitle', '[\"Tech Promotions\"]', 8, 'Botble\\SimpleSlider\\Models\\SimpleSliderItem', '2021-08-24 08:00:11', '2021-08-24 08:00:11'),
(52, 'highlight_text', '[\"Great Collection\"]', 8, 'Botble\\SimpleSlider\\Models\\SimpleSliderItem', '2021-08-24 08:00:11', '2021-08-24 08:00:11'),
(53, 'simple_slider_style', '[\"style-4\"]', 4, 'Botble\\SimpleSlider\\Models\\SimpleSlider', '2021-08-24 08:00:11', '2021-08-24 08:00:11'),
(54, 'button_text', '[\"Shop now\"]', 9, 'Botble\\SimpleSlider\\Models\\SimpleSliderItem', '2021-08-24 08:00:11', '2021-08-24 08:00:11'),
(55, 'subtitle', '[\"Trade-In Offer\"]', 9, 'Botble\\SimpleSlider\\Models\\SimpleSliderItem', '2021-08-24 08:00:11', '2021-08-24 08:00:11'),
(56, 'highlight_text', '[\"On All Products\"]', 9, 'Botble\\SimpleSlider\\Models\\SimpleSliderItem', '2021-08-24 08:00:11', '2021-08-24 08:00:11'),
(57, 'button_text', '[\"Discover now\"]', 10, 'Botble\\SimpleSlider\\Models\\SimpleSliderItem', '2021-08-24 08:00:11', '2021-08-24 08:00:11'),
(58, 'subtitle', '[\"Tech Promotions\"]', 10, 'Botble\\SimpleSlider\\Models\\SimpleSliderItem', '2021-08-24 08:00:12', '2021-08-24 08:00:12'),
(59, 'highlight_text', '[\"Great Collection\"]', 10, 'Botble\\SimpleSlider\\Models\\SimpleSliderItem', '2021-08-24 08:00:12', '2021-08-24 08:00:12'),
(60, 'button_text', '[\"Shop now\"]', 11, 'Botble\\SimpleSlider\\Models\\SimpleSliderItem', '2021-08-24 08:00:12', '2021-08-24 08:00:12'),
(61, 'subtitle', '[\"Upcoming Offer\"]', 11, 'Botble\\SimpleSlider\\Models\\SimpleSliderItem', '2021-08-24 08:00:12', '2021-08-24 08:00:12'),
(62, 'highlight_text', '[\"Manufacturer\"]', 11, 'Botble\\SimpleSlider\\Models\\SimpleSliderItem', '2021-08-24 08:00:12', '2021-08-24 08:00:12'),
(63, 'button_text', '[\"Mua ngay\"]', 12, 'Botble\\SimpleSlider\\Models\\SimpleSliderItem', '2021-08-24 08:00:12', '2021-08-24 08:00:12'),
(64, 'subtitle', '[\"Khuy\\u1ebfn m\\u00e3i\"]', 12, 'Botble\\SimpleSlider\\Models\\SimpleSliderItem', '2021-08-24 08:00:12', '2021-08-24 08:00:12'),
(65, 'highlight_text', '[\"T\\u1ea5t c\\u1ea3 s\\u1ea3n ph\\u1ea9m\"]', 12, 'Botble\\SimpleSlider\\Models\\SimpleSliderItem', '2021-08-24 08:00:12', '2021-08-24 08:00:12'),
(66, 'button_text', '[\"Kh\\u00e1m ph\\u00e1 ngay\"]', 13, 'Botble\\SimpleSlider\\Models\\SimpleSliderItem', '2021-08-24 08:00:12', '2021-08-24 08:00:12'),
(67, 'subtitle', '[\"Khuy\\u1ebfn m\\u00e3i s\\u1ea3n ph\\u1ea9m c\\u00f4ng ngh\\u1ec7\"]', 13, 'Botble\\SimpleSlider\\Models\\SimpleSliderItem', '2021-08-24 08:00:12', '2021-08-24 08:00:12'),
(68, 'highlight_text', '[\"B\\u1ed9 s\\u01b0u t\\u1eadp t\\u1ed1t nh\\u1ea5t\"]', 13, 'Botble\\SimpleSlider\\Models\\SimpleSliderItem', '2021-08-24 08:00:12', '2021-08-24 08:00:12'),
(69, 'button_text', '[\"Mua ngay\"]', 14, 'Botble\\SimpleSlider\\Models\\SimpleSliderItem', '2021-08-24 08:00:12', '2021-08-24 08:00:12'),
(70, 'subtitle', '[\"Khuy\\u1ebfn m\\u00e3i s\\u1eafp t\\u1edbi\"]', 14, 'Botble\\SimpleSlider\\Models\\SimpleSliderItem', '2021-08-24 08:00:12', '2021-08-24 08:00:12'),
(71, 'highlight_text', '[\"Nh\\u00e0 cung c\\u1ea5p\"]', 14, 'Botble\\SimpleSlider\\Models\\SimpleSliderItem', '2021-08-24 08:00:12', '2021-08-24 08:00:12'),
(73, 'button_text', '[\"Mua ngay\"]', 15, 'Botble\\SimpleSlider\\Models\\SimpleSliderItem', '2021-08-24 08:00:12', '2021-08-24 08:00:12'),
(74, 'subtitle', '[\"Khuy\\u1ebfn m\\u00e3i\"]', 15, 'Botble\\SimpleSlider\\Models\\SimpleSliderItem', '2021-08-24 08:00:12', '2021-08-24 08:00:12'),
(75, 'highlight_text', '[\"T\\u1ea5t c\\u1ea3 s\\u1ea3n ph\\u1ea9m\"]', 15, 'Botble\\SimpleSlider\\Models\\SimpleSliderItem', '2021-08-24 08:00:12', '2021-08-24 08:00:12'),
(76, 'button_text', '[\"Kh\\u00e1m ph\\u00e1 ngay\"]', 16, 'Botble\\SimpleSlider\\Models\\SimpleSliderItem', '2021-08-24 08:00:12', '2021-08-24 08:00:12'),
(77, 'subtitle', '[\"Khuy\\u1ebfn m\\u00e3i s\\u1ea3n ph\\u1ea9m c\\u00f4ng ngh\\u1ec7\"]', 16, 'Botble\\SimpleSlider\\Models\\SimpleSliderItem', '2021-08-24 08:00:12', '2021-08-24 08:00:12'),
(78, 'highlight_text', '[\"B\\u1ed9 s\\u01b0u t\\u1eadp t\\u1ed1t nh\\u1ea5t\"]', 16, 'Botble\\SimpleSlider\\Models\\SimpleSliderItem', '2021-08-24 08:00:12', '2021-08-24 08:00:12'),
(79, 'button_text', '[\"Mua ngay\"]', 17, 'Botble\\SimpleSlider\\Models\\SimpleSliderItem', '2021-08-24 08:00:12', '2021-08-24 08:00:12'),
(80, 'subtitle', '[\"Khuy\\u1ebfn m\\u00e3i s\\u1eafp t\\u1edbi\"]', 17, 'Botble\\SimpleSlider\\Models\\SimpleSliderItem', '2021-08-24 08:00:12', '2021-08-24 08:00:12'),
(81, 'highlight_text', '[\"Nh\\u00e0 cung c\\u1ea5p\"]', 17, 'Botble\\SimpleSlider\\Models\\SimpleSliderItem', '2021-08-24 08:00:12', '2021-08-24 08:00:12'),
(83, 'button_text', '[\"Mua ngay\"]', 18, 'Botble\\SimpleSlider\\Models\\SimpleSliderItem', '2021-08-24 08:00:12', '2021-08-24 08:00:12'),
(84, 'subtitle', '[\"Khuy\\u1ebfn m\\u00e3i\"]', 18, 'Botble\\SimpleSlider\\Models\\SimpleSliderItem', '2021-08-24 08:00:12', '2021-08-24 08:00:12'),
(85, 'highlight_text', '[\"T\\u1ea5t c\\u1ea3 s\\u1ea3n ph\\u1ea9m\"]', 18, 'Botble\\SimpleSlider\\Models\\SimpleSliderItem', '2021-08-24 08:00:12', '2021-08-24 08:00:12'),
(86, 'button_text', '[\"Kh\\u00e1m ph\\u00e1 ngay\"]', 19, 'Botble\\SimpleSlider\\Models\\SimpleSliderItem', '2021-08-24 08:00:12', '2021-08-24 08:00:12'),
(87, 'subtitle', '[\"Khuy\\u1ebfn m\\u00e3i s\\u1ea3n ph\\u1ea9m c\\u00f4ng ngh\\u1ec7\"]', 19, 'Botble\\SimpleSlider\\Models\\SimpleSliderItem', '2021-08-24 08:00:12', '2021-08-24 08:00:12'),
(88, 'highlight_text', '[\"B\\u1ed9 s\\u01b0u t\\u1eadp t\\u1ed1t nh\\u1ea5t\"]', 19, 'Botble\\SimpleSlider\\Models\\SimpleSliderItem', '2021-08-24 08:00:12', '2021-08-24 08:00:12'),
(90, 'button_text', '[\"Mua ngay\"]', 20, 'Botble\\SimpleSlider\\Models\\SimpleSliderItem', '2021-08-24 08:00:12', '2021-08-24 08:00:12'),
(91, 'subtitle', '[\"Khuy\\u1ebfn m\\u00e3i\"]', 20, 'Botble\\SimpleSlider\\Models\\SimpleSliderItem', '2021-08-24 08:00:12', '2021-08-24 08:00:12'),
(92, 'highlight_text', '[\"T\\u1ea5t c\\u1ea3 s\\u1ea3n ph\\u1ea9m\"]', 20, 'Botble\\SimpleSlider\\Models\\SimpleSliderItem', '2021-08-24 08:00:12', '2021-08-24 08:00:12'),
(93, 'button_text', '[\"Kh\\u00e1m ph\\u00e1 ngay\"]', 21, 'Botble\\SimpleSlider\\Models\\SimpleSliderItem', '2021-08-24 08:00:12', '2021-08-24 08:00:12'),
(94, 'subtitle', '[\"Khuy\\u1ebfn m\\u00e3i s\\u1ea3n ph\\u1ea9m c\\u00f4ng ngh\\u1ec7\"]', 21, 'Botble\\SimpleSlider\\Models\\SimpleSliderItem', '2021-08-24 08:00:12', '2021-08-24 08:00:12'),
(95, 'highlight_text', '[\"B\\u1ed9 s\\u01b0u t\\u1eadp t\\u1ed1t nh\\u1ea5t\"]', 21, 'Botble\\SimpleSlider\\Models\\SimpleSliderItem', '2021-08-24 08:00:12', '2021-08-24 08:00:12'),
(96, 'button_text', '[\"Mua ngay\"]', 22, 'Botble\\SimpleSlider\\Models\\SimpleSliderItem', '2021-08-24 08:00:12', '2021-08-24 08:00:12'),
(97, 'subtitle', '[\"Khuy\\u1ebfn m\\u00e3i s\\u1eafp t\\u1edbi\"]', 22, 'Botble\\SimpleSlider\\Models\\SimpleSliderItem', '2021-08-24 08:00:12', '2021-08-24 08:00:12'),
(98, 'highlight_text', '[\"Nh\\u00e0 cung c\\u1ea5p\"]', 22, 'Botble\\SimpleSlider\\Models\\SimpleSliderItem', '2021-08-24 08:00:12', '2021-08-24 08:00:12'),
(107, 'header_style', '[\"header-style-2\"]', 2, 'Botble\\Page\\Models\\Page', '2021-08-24 08:00:27', '2021-08-24 08:00:27'),
(108, 'expanding_product_categories_on_the_homepage', '[\"yes\"]', 2, 'Botble\\Page\\Models\\Page', '2021-08-24 08:00:27', '2021-08-24 08:00:27'),
(109, 'header_style', '[\"header-style-1\"]', 3, 'Botble\\Page\\Models\\Page', '2021-08-24 08:00:27', '2021-09-01 13:55:46'),
(110, 'header_style', '[\"header-style-1\"]', 4, 'Botble\\Page\\Models\\Page', '2021-08-24 08:00:27', '2021-09-01 13:57:01'),
(115, 'button_text', '[\"\\u0130ncele\"]', 1, 'Botble\\Ads\\Models\\Ads', '2021-08-24 08:00:33', '2021-10-26 20:14:53'),
(116, 'subtitle', '[\"\\u00dcr\\u00fcnlerini Ke\\u015ffedin\"]', 1, 'Botble\\Ads\\Models\\Ads', '2021-08-24 08:00:33', '2021-10-28 10:23:59'),
(117, 'button_text', '[\"\\u0130ncele\"]', 2, 'Botble\\Ads\\Models\\Ads', '2021-08-24 08:00:33', '2021-10-26 20:14:42'),
(118, 'subtitle', '[\"\\u00dcr\\u00fcnlerini Ke\\u015ffedin\"]', 2, 'Botble\\Ads\\Models\\Ads', '2021-08-24 08:00:33', '2021-10-28 10:24:48'),
(119, 'button_text', '[\"\\u0130ncele\"]', 3, 'Botble\\Ads\\Models\\Ads', '2021-08-24 08:00:33', '2021-10-26 20:15:05'),
(120, 'subtitle', '[\"\\u00dcr\\u00fcnlerini Ke\\u015ffedin\"]', 3, 'Botble\\Ads\\Models\\Ads', '2021-08-24 08:00:33', '2021-10-28 10:25:33'),
(127, 'expanding_product_categories_on_the_homepage', '[\"no\"]', 3, 'Botble\\Page\\Models\\Page', '2021-09-01 13:52:28', '2021-09-01 13:55:03'),
(128, 'expanding_product_categories_on_the_homepage', '[\"no\"]', 4, 'Botble\\Page\\Models\\Page', '2021-09-01 13:57:01', '2021-09-01 13:57:01'),
(130, 'simple_slider_style', '[\"style-5\"]', 9, 'Botble\\SimpleSlider\\Models\\SimpleSlider', '2021-10-25 08:17:56', '2021-10-25 13:33:34'),
(131, 'simple_slider_style', '[\"style-2\"]', 10, 'Botble\\SimpleSlider\\Models\\SimpleSlider', '2021-10-25 08:18:33', '2021-10-25 08:18:33'),
(132, 'simple_slider_style', '[\"style-3\"]', 11, 'Botble\\SimpleSlider\\Models\\SimpleSlider', '2021-10-25 08:19:12', '2021-10-25 08:19:12'),
(133, 'simple_slider_style', '[\"style-4\"]', 12, 'Botble\\SimpleSlider\\Models\\SimpleSlider', '2021-10-25 08:19:32', '2021-10-25 08:19:32'),
(137, 'icon', '[null]', 31, 'Botble\\Ecommerce\\Models\\ProductCategory', '2021-10-25 08:44:22', '2021-10-25 08:44:22'),
(138, 'icon', '[null]', 32, 'Botble\\Ecommerce\\Models\\ProductCategory', '2021-10-25 08:44:49', '2021-10-25 08:44:49'),
(139, 'icon', '[null]', 33, 'Botble\\Ecommerce\\Models\\ProductCategory', '2021-10-25 08:45:25', '2021-10-25 08:45:25'),
(140, 'icon', '[null]', 34, 'Botble\\Ecommerce\\Models\\ProductCategory', '2021-10-25 08:46:12', '2021-10-25 08:46:12'),
(141, 'icon', '[null]', 35, 'Botble\\Ecommerce\\Models\\ProductCategory', '2021-10-25 08:46:34', '2021-10-25 08:46:34'),
(142, 'icon', '[null]', 3, 'Botble\\Ecommerce\\Models\\ProductCategory', '2021-10-25 08:47:06', '2021-10-25 08:47:06'),
(143, 'icon', '[null]', 4, 'Botble\\Ecommerce\\Models\\ProductCategory', '2021-10-25 08:47:46', '2021-10-25 08:47:46'),
(144, 'icon', '[null]', 5, 'Botble\\Ecommerce\\Models\\ProductCategory', '2021-10-25 08:48:23', '2021-10-25 08:48:23'),
(145, 'icon', '[null]', 6, 'Botble\\Ecommerce\\Models\\ProductCategory', '2021-10-25 08:49:21', '2021-10-25 08:49:21'),
(146, 'icon', '[null]', 7, 'Botble\\Ecommerce\\Models\\ProductCategory', '2021-10-25 08:49:49', '2021-10-25 08:49:49'),
(147, 'icon', '[null]', 8, 'Botble\\Ecommerce\\Models\\ProductCategory', '2021-10-25 08:50:16', '2021-10-25 08:50:16'),
(148, 'icon', '[null]', 36, 'Botble\\Ecommerce\\Models\\ProductCategory', '2021-10-25 08:51:31', '2021-10-25 08:51:31'),
(149, 'icon', '[null]', 37, 'Botble\\Ecommerce\\Models\\ProductCategory', '2021-10-25 08:51:48', '2021-10-25 08:51:48'),
(150, 'icon', '[null]', 38, 'Botble\\Ecommerce\\Models\\ProductCategory', '2021-10-25 08:52:13', '2021-10-25 08:52:13'),
(151, 'icon', '[null]', 39, 'Botble\\Ecommerce\\Models\\ProductCategory', '2021-10-25 08:52:29', '2021-10-25 08:52:29'),
(152, 'icon', '[null]', 40, 'Botble\\Ecommerce\\Models\\ProductCategory', '2021-10-25 08:53:46', '2021-10-25 08:53:46'),
(153, 'icon', '[null]', 41, 'Botble\\Ecommerce\\Models\\ProductCategory', '2021-10-25 08:54:11', '2021-10-25 08:54:11'),
(154, 'icon', '[null]', 42, 'Botble\\Ecommerce\\Models\\ProductCategory', '2021-10-25 08:54:29', '2021-10-25 08:54:29'),
(155, 'icon', '[null]', 43, 'Botble\\Ecommerce\\Models\\ProductCategory', '2021-10-25 08:54:49', '2021-10-25 08:54:49'),
(156, 'icon', '[null]', 44, 'Botble\\Ecommerce\\Models\\ProductCategory', '2021-10-25 08:55:08', '2021-10-25 08:55:08'),
(157, 'icon', '[null]', 45, 'Botble\\Ecommerce\\Models\\ProductCategory', '2021-10-25 10:21:45', '2021-10-25 10:21:45'),
(158, 'icon', '[null]', 46, 'Botble\\Ecommerce\\Models\\ProductCategory', '2021-10-25 10:22:07', '2021-10-25 10:22:07'),
(159, 'icon', '[null]', 13, 'Botble\\Ecommerce\\Models\\ProductCategory', '2021-10-25 10:23:07', '2021-10-25 10:23:07'),
(160, 'icon', '[null]', 14, 'Botble\\Ecommerce\\Models\\ProductCategory', '2021-10-25 10:23:24', '2021-10-25 10:23:24'),
(161, 'icon', '[null]', 15, 'Botble\\Ecommerce\\Models\\ProductCategory', '2021-10-25 10:23:40', '2021-10-25 10:23:40'),
(162, 'icon', '[null]', 47, 'Botble\\Ecommerce\\Models\\ProductCategory', '2021-10-25 10:24:19', '2021-10-25 10:24:19'),
(163, 'icon', '[null]', 48, 'Botble\\Ecommerce\\Models\\ProductCategory', '2021-10-25 10:24:32', '2021-10-25 10:24:32'),
(164, 'icon', '[null]', 49, 'Botble\\Ecommerce\\Models\\ProductCategory', '2021-10-25 10:24:48', '2021-10-25 10:24:48'),
(165, 'icon', '[null]', 50, 'Botble\\Ecommerce\\Models\\ProductCategory', '2021-10-25 10:25:04', '2021-10-25 10:25:04'),
(166, 'icon', '[null]', 51, 'Botble\\Ecommerce\\Models\\ProductCategory', '2021-10-25 10:25:17', '2021-10-25 10:25:17'),
(167, 'icon', '[null]', 52, 'Botble\\Ecommerce\\Models\\ProductCategory', '2021-10-25 10:25:28', '2021-10-25 10:25:28'),
(168, 'icon', '[null]', 53, 'Botble\\Ecommerce\\Models\\ProductCategory', '2021-10-25 10:25:43', '2021-10-25 10:25:43'),
(169, 'icon', '[null]', 54, 'Botble\\Ecommerce\\Models\\ProductCategory', '2021-10-25 10:25:59', '2021-10-25 10:25:59'),
(170, 'icon', '[null]', 55, 'Botble\\Ecommerce\\Models\\ProductCategory', '2021-10-25 10:26:14', '2021-10-25 10:26:14'),
(171, 'icon', '[null]', 56, 'Botble\\Ecommerce\\Models\\ProductCategory', '2021-10-25 10:26:29', '2021-10-25 10:26:29'),
(172, 'icon', '[null]', 57, 'Botble\\Ecommerce\\Models\\ProductCategory', '2021-10-25 10:26:42', '2021-10-25 10:26:42'),
(173, 'icon', '[null]', 58, 'Botble\\Ecommerce\\Models\\ProductCategory', '2021-10-25 10:27:03', '2021-10-25 10:27:03'),
(174, 'icon', '[null]', 21, 'Botble\\Ecommerce\\Models\\ProductCategory', '2021-10-25 10:28:14', '2021-10-25 10:28:14'),
(175, 'icon', '[null]', 22, 'Botble\\Ecommerce\\Models\\ProductCategory', '2021-10-25 10:28:32', '2021-10-25 10:28:32'),
(176, 'icon', '[null]', 23, 'Botble\\Ecommerce\\Models\\ProductCategory', '2021-10-25 10:28:55', '2021-10-25 10:28:55'),
(177, 'icon', '[null]', 59, 'Botble\\Ecommerce\\Models\\ProductCategory', '2021-10-25 10:29:53', '2021-10-25 10:29:53'),
(178, 'icon', '[null]', 60, 'Botble\\Ecommerce\\Models\\ProductCategory', '2021-10-25 10:30:15', '2021-10-25 10:30:15'),
(179, 'icon', '[null]', 61, 'Botble\\Ecommerce\\Models\\ProductCategory', '2021-10-25 10:30:39', '2021-10-25 10:30:39'),
(187, 'button_text', '[null]', 24, 'Botble\\SimpleSlider\\Models\\SimpleSliderItem', '2021-10-25 12:45:14', '2021-10-25 12:45:14'),
(188, 'subtitle', '[null]', 24, 'Botble\\SimpleSlider\\Models\\SimpleSliderItem', '2021-10-25 12:45:14', '2021-10-25 12:45:14'),
(189, 'highlight_text', '[null]', 24, 'Botble\\SimpleSlider\\Models\\SimpleSliderItem', '2021-10-25 12:45:14', '2021-10-25 12:45:14'),
(190, 'button_text', '[null]', 25, 'Botble\\SimpleSlider\\Models\\SimpleSliderItem', '2021-10-25 12:47:30', '2021-10-25 12:47:30'),
(191, 'subtitle', '[null]', 25, 'Botble\\SimpleSlider\\Models\\SimpleSliderItem', '2021-10-25 12:47:30', '2021-10-25 12:47:30'),
(192, 'highlight_text', '[null]', 25, 'Botble\\SimpleSlider\\Models\\SimpleSliderItem', '2021-10-25 12:47:30', '2021-10-25 12:47:30'),
(193, 'button_text', '[null]', 26, 'Botble\\SimpleSlider\\Models\\SimpleSliderItem', '2021-10-25 13:52:55', '2021-10-25 13:52:55'),
(194, 'subtitle', '[null]', 26, 'Botble\\SimpleSlider\\Models\\SimpleSliderItem', '2021-10-25 13:52:55', '2021-10-25 13:52:55'),
(195, 'highlight_text', '[null]', 26, 'Botble\\SimpleSlider\\Models\\SimpleSliderItem', '2021-10-25 13:52:55', '2021-10-25 13:52:55'),
(196, 'header_style', '[\"header-style-1\"]', 28, 'Botble\\Page\\Models\\Page', '2021-10-25 14:21:02', '2021-10-25 14:21:02'),
(197, 'header_style', '[\"header-style-1\"]', 29, 'Botble\\Page\\Models\\Page', '2021-10-25 14:21:32', '2021-10-25 14:21:32'),
(198, 'header_style', '[\"header-style-1\"]', 30, 'Botble\\Page\\Models\\Page', '2021-10-25 14:22:02', '2021-10-25 14:22:02'),
(199, 'header_style', '[\"header-style-1\"]', 31, 'Botble\\Page\\Models\\Page', '2021-10-25 14:22:29', '2021-10-25 14:22:29'),
(200, 'header_style', '[\"header-style-1\"]', 32, 'Botble\\Page\\Models\\Page', '2021-10-25 14:23:19', '2021-10-25 14:23:19'),
(201, 'header_style', '[\"header-style-1\"]', 33, 'Botble\\Page\\Models\\Page', '2021-10-25 14:23:48', '2021-10-25 14:23:48'),
(202, 'header_style', '[\"header-style-1\"]', 34, 'Botble\\Page\\Models\\Page', '2021-10-25 14:24:08', '2021-10-25 14:24:08'),
(206, 'layout', '[null]', 86, 'Botble\\Ecommerce\\Models\\Product', '2021-10-26 08:23:51', '2021-10-26 08:23:51'),
(207, 'layout', '[null]', 87, 'Botble\\Ecommerce\\Models\\Product', '2021-10-26 08:36:43', '2021-10-26 08:36:43'),
(208, 'layout', '[null]', 88, 'Botble\\Ecommerce\\Models\\Product', '2021-10-26 10:20:33', '2021-10-26 10:20:33'),
(209, 'layout', '[null]', 89, 'Botble\\Ecommerce\\Models\\Product', '2021-10-26 10:28:24', '2021-10-26 10:28:24'),
(210, 'layout', '[null]', 96, 'Botble\\Ecommerce\\Models\\Product', '2021-10-26 10:35:49', '2021-10-26 10:35:49'),
(211, 'layout', '[null]', 101, 'Botble\\Ecommerce\\Models\\Product', '2021-10-26 10:44:06', '2021-10-26 10:44:06'),
(212, 'layout', '[null]', 107, 'Botble\\Ecommerce\\Models\\Product', '2021-10-26 11:11:22', '2021-10-26 11:11:22'),
(213, 'layout', '[null]', 112, 'Botble\\Ecommerce\\Models\\Product', '2021-10-26 11:20:38', '2021-10-26 11:20:38'),
(214, 'layout', '[null]', 114, 'Botble\\Ecommerce\\Models\\Product', '2021-10-26 11:27:33', '2021-10-26 11:27:33'),
(215, 'layout', '[null]', 118, 'Botble\\Ecommerce\\Models\\Product', '2021-10-26 11:35:24', '2021-10-26 11:35:24'),
(216, 'layout', '[null]', 119, 'Botble\\Ecommerce\\Models\\Product', '2021-10-26 11:41:10', '2021-10-26 11:41:10'),
(217, 'layout', '[null]', 120, 'Botble\\Ecommerce\\Models\\Product', '2021-10-26 11:53:32', '2021-10-26 11:53:32'),
(218, 'layout', '[null]', 121, 'Botble\\Ecommerce\\Models\\Product', '2021-10-26 12:08:53', '2021-10-26 12:08:53'),
(219, 'layout', '[\"product-right-sidebar\"]', 122, 'Botble\\Ecommerce\\Models\\Product', '2021-10-26 12:12:30', '2021-10-26 12:12:30'),
(220, 'layout', '[null]', 123, 'Botble\\Ecommerce\\Models\\Product', '2021-10-26 12:16:24', '2021-10-26 12:16:24'),
(221, 'layout', '[null]', 124, 'Botble\\Ecommerce\\Models\\Product', '2021-10-26 12:22:53', '2021-10-26 12:22:53'),
(222, 'layout', '[null]', 125, 'Botble\\Ecommerce\\Models\\Product', '2021-10-26 12:26:41', '2021-10-26 12:26:41'),
(223, 'layout', '[null]', 126, 'Botble\\Ecommerce\\Models\\Product', '2021-10-26 12:33:53', '2021-10-26 12:33:53'),
(224, 'layout', '[null]', 127, 'Botble\\Ecommerce\\Models\\Product', '2021-10-26 12:38:53', '2021-10-26 12:38:53'),
(225, 'layout', '[null]', 128, 'Botble\\Ecommerce\\Models\\Product', '2021-10-26 12:47:55', '2021-10-26 12:47:55'),
(226, 'layout', '[null]', 129, 'Botble\\Ecommerce\\Models\\Product', '2021-10-26 12:53:19', '2021-10-26 12:53:19'),
(227, 'layout', '[null]', 130, 'Botble\\Ecommerce\\Models\\Product', '2021-10-26 12:57:54', '2021-10-26 12:57:54'),
(228, 'layout', '[null]', 131, 'Botble\\Ecommerce\\Models\\Product', '2021-10-26 13:01:29', '2021-10-26 13:01:29'),
(229, 'layout', '[null]', 132, 'Botble\\Ecommerce\\Models\\Product', '2021-10-26 13:11:52', '2021-10-26 13:11:52'),
(230, 'layout', '[null]', 133, 'Botble\\Ecommerce\\Models\\Product', '2021-10-26 13:19:54', '2021-10-26 13:19:54'),
(231, 'layout', '[null]', 134, 'Botble\\Ecommerce\\Models\\Product', '2021-10-26 13:37:13', '2021-10-26 13:37:13'),
(232, 'button_text', '[null]', 27, 'Botble\\SimpleSlider\\Models\\SimpleSliderItem', '2021-10-26 13:39:11', '2021-10-26 13:39:11'),
(233, 'subtitle', '[null]', 27, 'Botble\\SimpleSlider\\Models\\SimpleSliderItem', '2021-10-26 13:39:11', '2021-10-26 13:39:11'),
(234, 'highlight_text', '[null]', 27, 'Botble\\SimpleSlider\\Models\\SimpleSliderItem', '2021-10-26 13:39:11', '2021-10-26 13:39:11'),
(235, 'layout', '[null]', 135, 'Botble\\Ecommerce\\Models\\Product', '2021-10-26 13:44:56', '2021-10-26 13:44:56'),
(236, 'button_text', '[\"Sat\\u0131n Al\"]', 7, 'Botble\\Ads\\Models\\Ads', '2021-10-26 20:06:56', '2021-10-28 10:41:08'),
(237, 'subtitle', '[\"Mega g\\u00fc\\u00e7. Mini by.\"]', 7, 'Botble\\Ads\\Models\\Ads', '2021-10-26 20:06:56', '2021-10-28 10:41:08'),
(238, 'layout', '[null]', 136, 'Botble\\Ecommerce\\Models\\Product', '2021-10-27 07:07:24', '2021-10-27 07:07:24'),
(239, 'layout', '[null]', 139, 'Botble\\Ecommerce\\Models\\Product', '2021-10-27 07:16:39', '2021-10-27 07:16:39'),
(240, 'layout', '[null]', 140, 'Botble\\Ecommerce\\Models\\Product', '2021-10-27 07:22:00', '2021-10-27 07:22:00'),
(241, 'layout', '[null]', 141, 'Botble\\Ecommerce\\Models\\Product', '2021-10-27 07:27:03', '2021-10-27 07:27:03'),
(242, 'layout', '[null]', 142, 'Botble\\Ecommerce\\Models\\Product', '2021-10-27 07:33:16', '2021-10-27 07:33:16'),
(243, 'layout', '[null]', 145, 'Botble\\Ecommerce\\Models\\Product', '2021-10-27 08:00:40', '2021-10-27 08:00:40'),
(244, 'header_style', '[\"header-style-1\"]', 35, 'Botble\\Page\\Models\\Page', '2021-10-27 19:01:39', '2021-10-27 19:01:39'),
(245, 'expanding_product_categories_on_the_homepage', '[\"no\"]', 35, 'Botble\\Page\\Models\\Page', '2021-10-27 19:03:01', '2021-10-27 19:03:01'),
(246, 'layout', '[null]', 146, 'Botble\\Ecommerce\\Models\\Product', '2021-10-28 10:51:33', '2021-10-28 10:51:33'),
(247, 'layout', '[null]', 155, 'Botble\\Ecommerce\\Models\\Product', '2021-10-28 11:05:14', '2021-10-28 11:05:14'),
(248, 'layout', '[null]', 156, 'Botble\\Ecommerce\\Models\\Product', '2021-10-28 12:23:09', '2021-10-28 12:23:09'),
(249, 'time_to_read', '[\"10\"]', 23, 'Botble\\Blog\\Models\\Post', '2022-03-04 09:39:10', '2022-03-04 09:39:10'),
(250, 'layout', '[\"blog-right-sidebar\"]', 23, 'Botble\\Blog\\Models\\Post', '2022-03-04 09:39:10', '2022-03-04 09:39:10'),
(251, 'header_style', '[\"header-style-1\"]', 36, 'Botble\\Page\\Models\\Page', '2022-03-10 19:47:14', '2022-03-10 19:47:14'),
(252, 'icon_image', '[null]', 1, 'Botble\\Ecommerce\\Models\\ProductCategory', '2022-03-13 22:59:46', '2022-03-13 22:59:46'),
(253, 'icon_image', '[null]', 33, 'Botble\\Ecommerce\\Models\\ProductCategory', '2022-03-14 00:35:59', '2022-03-14 00:35:59'),
(254, 'icon_image', '[null]', 56, 'Botble\\Ecommerce\\Models\\ProductCategory', '2022-03-15 09:39:21', '2022-03-15 09:39:21'),
(257, 'time_to_read', '[null]', 25, 'Botble\\Blog\\Models\\Post', '2022-04-11 07:46:41', '2022-04-11 07:46:41'),
(258, 'layout', '[\"blog-right-sidebar\"]', 25, 'Botble\\Blog\\Models\\Post', '2022-04-11 07:46:41', '2022-04-11 07:46:41'),
(259, 'layout', '[null]', 158, 'Botble\\Ecommerce\\Models\\Product', '2022-04-11 08:12:17', '2022-04-11 08:12:17'),
(260, 'layout', '[null]', 159, 'Botble\\Ecommerce\\Models\\Product', '2022-04-11 08:20:18', '2022-04-11 08:20:18');

-- --------------------------------------------------------

--
-- Tablo için tablo yapısı `migrations`
--

